{"id":1915,"date":"2025-01-26T19:16:19","date_gmt":"2025-01-26T16:16:19","guid":{"rendered":"https:\/\/ticaret.edu.tr\/isletme-bolumu\/?page_id=1915"},"modified":"2025-02-13T09:32:08","modified_gmt":"2025-02-13T06:32:08","slug":"laboratuvarlar","status":"publish","type":"page","link":"http:\/\/ticaret.edu.tr\/isletme-bolumu\/laboratuvarlar\/","title":{"rendered":"Laboratuvarlar"},"content":{"rendered":"<table width=\"1320\">\n<tbody>\n<tr>\n<td width=\"660\"><b>Laboratuvar ad\u0131<\/b><\/td>\n<td width=\"660\"><b>Bulundu\u011fu kamp\u00fcs<\/b><\/td>\n<\/tr>\n<tr>\n<td width=\"660\"><b>BIST-LAB<\/b><\/td>\n<td width=\"660\">S\u00fctl\u00fcce<\/td>\n<\/tr>\n<tr>\n<td width=\"660\"><b>LAB-E104<\/b><\/td>\n<td width=\"660\">S\u00fctl\u00fcce<\/td>\n<\/tr>\n<tr>\n<td width=\"660\"><b>LAB-E204<\/b><\/td>\n<td width=\"660\">S\u00fctl\u00fcce<\/td>\n<\/tr>\n<tr>\n<td width=\"660\"><b>MAC-A.203 LAB.<\/b><\/td>\n<td width=\"660\">S\u00fctl\u00fcce<\/td>\n<\/tr>\n<tr>\n<td width=\"660\"><b>MAC A.204 LAB.<\/b><\/td>\n<td width=\"660\">S\u00fctl\u00fcce<\/td>\n<\/tr>\n<tr>\n<td width=\"660\"><b>MAC A.403 LAB.<\/b><\/td>\n<td width=\"660\">S\u00fctl\u00fcce<\/td>\n<\/tr>\n<tr>\n<td width=\"660\"><b>LAB104b<\/b><\/td>\n<td width=\"660\">S\u00fctl\u00fcce<\/td>\n<\/tr>\n<tr>\n<td width=\"660\"><b>LABE207<\/b><\/td>\n<td width=\"660\">S\u00fctl\u00fcce<\/td>\n<\/tr>\n<tr>\n<td width=\"660\"><b>LABE208<\/b><\/td>\n<td width=\"660\">S\u00fctl\u00fcce<\/td>\n<\/tr>\n<tr>\n<td width=\"660\"><b>LABA306<\/b><\/td>\n<td width=\"660\">S\u00fctl\u00fcce<\/td>\n<\/tr>\n<tr>\n<td width=\"660\"><b>LABE304<\/b><\/td>\n<td width=\"660\">S\u00fctl\u00fcce<\/td>\n<\/tr>\n<tr>\n<td width=\"660\"><b>LABE305<\/b><\/td>\n<td width=\"660\">S\u00fctl\u00fcce<\/td>\n<\/tr>\n<tr>\n<td width=\"660\"><b>LABE306<\/b><\/td>\n<td width=\"660\">S\u00fctl\u00fcce<\/td>\n<\/tr>\n<tr>\n<td width=\"660\"><b>LABE402<\/b><\/td>\n<td width=\"660\">S\u00fctl\u00fcce<\/td>\n<\/tr>\n<tr>\n<td width=\"660\"><b>LABE406<\/b><\/td>\n<td width=\"660\">S\u00fctl\u00fcce<\/td>\n<\/tr>\n<tr>\n<td width=\"660\"><b>TV KOORD\u0130NASYON<\/b><\/td>\n<td width=\"660\">S\u00fctl\u00fcce<\/td>\n<\/tr>\n<tr>\n<td width=\"660\"><b>YAYIN ST\u00dcDYO<\/b><\/td>\n<td width=\"660\">S\u00fctl\u00fcce<\/td>\n<\/tr>\n<\/tbody>\n<\/table>\n","protected":false},"excerpt":{"rendered":"<p>Laboratuvar ad\u0131 Bulundu\u011fu kamp\u00fcs BIST-LAB S\u00fctl\u00fcce LAB-E104 S\u00fctl\u00fcce LAB-E204 S\u00fctl\u00fcce MAC-A.203 LAB. S\u00fctl\u00fcce MAC A.204 LAB. S\u00fctl\u00fcce MAC A.403 LAB. S\u00fctl\u00fcce LAB104b S\u00fctl\u00fcce LABE207 S\u00fctl\u00fcce LABE208 S\u00fctl\u00fcce LABA306 S\u00fctl\u00fcce LABE304 S\u00fctl\u00fcce LABE305 S\u00fctl\u00fcce LABE306 S\u00fctl\u00fcce LABE402 S\u00fctl\u00fcce LABE406 S\u00fctl\u00fcce TV KOORD\u0130NASYON S\u00fctl\u00fcce YAYIN ST\u00dcDYO S\u00fctl\u00fcce<\/p>\n","protected":false},"author":58,"featured_media":0,"parent":0,"menu_order":0,"comment_status":"closed","ping_status":"closed","template":"genel_sayfa.php","meta":{"footnotes":""},"yoast_head":"<!-- This site is optimized with the Yoast SEO Premium plugin v22.1 (Yoast SEO v22.1) - https:\/\/yoast.com\/wordpress\/plugins\/seo\/ -->\n<title>Laboratuvarlar - \u0130\u015fletme<\/title>\n<meta name=\"robots\" content=\"index, follow, max-snippet:-1, max-image-preview:large, max-video-preview:-1\" \/>\n<link rel=\"canonical\" href=\"http:\/\/ticaret.edu.tr\/isletme-bolumu\/laboratuvarlar\/\" \/>\n<meta property=\"og:locale\" content=\"tr_TR\" \/>\n<meta property=\"og:type\" content=\"article\" \/>\n<meta property=\"og:title\" content=\"Laboratuvarlar\" \/>\n<meta property=\"og:description\" content=\"Laboratuvar ad\u0131 Bulundu\u011fu kamp\u00fcs BIST-LAB S\u00fctl\u00fcce LAB-E104 S\u00fctl\u00fcce LAB-E204 S\u00fctl\u00fcce MAC-A.203 LAB. S\u00fctl\u00fcce MAC A.204 LAB. S\u00fctl\u00fcce MAC A.403 LAB. S\u00fctl\u00fcce LAB104b S\u00fctl\u00fcce LABE207 S\u00fctl\u00fcce LABE208 S\u00fctl\u00fcce LABA306 S\u00fctl\u00fcce LABE304 S\u00fctl\u00fcce LABE305 S\u00fctl\u00fcce LABE306 S\u00fctl\u00fcce LABE402 S\u00fctl\u00fcce LABE406 S\u00fctl\u00fcce TV KOORD\u0130NASYON S\u00fctl\u00fcce YAYIN ST\u00dcDYO S\u00fctl\u00fcce\" \/>\n<meta property=\"og:url\" content=\"http:\/\/ticaret.edu.tr\/isletme-bolumu\/laboratuvarlar\/\" \/>\n<meta property=\"og:site_name\" content=\"\u0130\u015fletme\" \/>\n<meta property=\"article:publisher\" content=\"https:\/\/www.facebook.com\/ticaretedutr\" \/>\n<meta property=\"article:modified_time\" content=\"2025-02-13T06:32:08+00:00\" \/>\n<meta property=\"og:image\" content=\"http:\/\/ticaret.edu.tr\/isletme-bolumu\/wp-content\/uploads\/sites\/8\/2021\/11\/web_logo-01.jpg\" \/>\n\t<meta property=\"og:image:width\" content=\"1250\" \/>\n\t<meta property=\"og:image:height\" content=\"833\" \/>\n\t<meta property=\"og:image:type\" content=\"image\/jpeg\" \/>\n<meta name=\"twitter:card\" content=\"summary_large_image\" \/>\n<meta name=\"twitter:site\" content=\"@ticaretedutr\" \/>\n<meta name=\"twitter:label1\" content=\"Tahmini okuma s\u00fcresi\" \/>\n\t<meta name=\"twitter:data1\" content=\"1 dakika\" \/>\n<script type=\"application\/ld+json\" class=\"yoast-schema-graph\">{\"@context\":\"https:\/\/schema.org\",\"@graph\":[{\"@type\":\"WebPage\",\"@id\":\"http:\/\/ticaret.edu.tr\/isletme-bolumu\/laboratuvarlar\/\",\"url\":\"http:\/\/ticaret.edu.tr\/isletme-bolumu\/laboratuvarlar\/\",\"name\":\"Laboratuvarlar - \u0130\u015fletme\",\"isPartOf\":{\"@id\":\"http:\/\/ticaret.edu.tr\/isletme-bolumu\/#website\"},\"datePublished\":\"2025-01-26T16:16:19+00:00\",\"dateModified\":\"2025-02-13T06:32:08+00:00\",\"breadcrumb\":{\"@id\":\"http:\/\/ticaret.edu.tr\/isletme-bolumu\/laboratuvarlar\/#breadcrumb\"},\"inLanguage\":\"tr\",\"potentialAction\":[{\"@type\":\"ReadAction\",\"target\":[\"http:\/\/ticaret.edu.tr\/isletme-bolumu\/laboratuvarlar\/\"]}]},{\"@type\":\"BreadcrumbList\",\"@id\":\"http:\/\/ticaret.edu.tr\/isletme-bolumu\/laboratuvarlar\/#breadcrumb\",\"itemListElement\":[{\"@type\":\"ListItem\",\"position\":1,\"name\":\"Ana sayfa\",\"item\":\"https:\/\/ticaret.edu.tr\/isletme-bolumu\/en\/\"},{\"@type\":\"ListItem\",\"position\":2,\"name\":\"Laboratuvarlar\"}]},{\"@type\":\"WebSite\",\"@id\":\"http:\/\/ticaret.edu.tr\/isletme-bolumu\/#website\",\"url\":\"http:\/\/ticaret.edu.tr\/isletme-bolumu\/\",\"name\":\"\u0130\u015fletme\",\"description\":\"\",\"potentialAction\":[{\"@type\":\"SearchAction\",\"target\":{\"@type\":\"EntryPoint\",\"urlTemplate\":\"http:\/\/ticaret.edu.tr\/isletme-bolumu\/?s={search_term_string}\"},\"query-input\":\"required name=search_term_string\"}],\"inLanguage\":\"tr\"}]}<\/script>\n<!-- \/ Yoast SEO Premium plugin. -->","yoast_head_json":{"title":"Laboratuvarlar - \u0130\u015fletme","robots":{"index":"index","follow":"follow","max-snippet":"max-snippet:-1","max-image-preview":"max-image-preview:large","max-video-preview":"max-video-preview:-1"},"canonical":"http:\/\/ticaret.edu.tr\/isletme-bolumu\/laboratuvarlar\/","og_locale":"tr_TR","og_type":"article","og_title":"Laboratuvarlar","og_description":"Laboratuvar ad\u0131 Bulundu\u011fu kamp\u00fcs BIST-LAB S\u00fctl\u00fcce LAB-E104 S\u00fctl\u00fcce LAB-E204 S\u00fctl\u00fcce MAC-A.203 LAB. S\u00fctl\u00fcce MAC A.204 LAB. S\u00fctl\u00fcce MAC A.403 LAB. S\u00fctl\u00fcce LAB104b S\u00fctl\u00fcce LABE207 S\u00fctl\u00fcce LABE208 S\u00fctl\u00fcce LABA306 S\u00fctl\u00fcce LABE304 S\u00fctl\u00fcce LABE305 S\u00fctl\u00fcce LABE306 S\u00fctl\u00fcce LABE402 S\u00fctl\u00fcce LABE406 S\u00fctl\u00fcce TV KOORD\u0130NASYON S\u00fctl\u00fcce YAYIN ST\u00dcDYO S\u00fctl\u00fcce","og_url":"http:\/\/ticaret.edu.tr\/isletme-bolumu\/laboratuvarlar\/","og_site_name":"\u0130\u015fletme","article_publisher":"https:\/\/www.facebook.com\/ticaretedutr","article_modified_time":"2025-02-13T06:32:08+00:00","og_image":[{"width":1250,"height":833,"url":"http:\/\/ticaret.edu.tr\/isletme-bolumu\/wp-content\/uploads\/sites\/8\/2021\/11\/web_logo-01.jpg","type":"image\/jpeg"}],"twitter_card":"summary_large_image","twitter_site":"@ticaretedutr","twitter_misc":{"Tahmini okuma s\u00fcresi":"1 dakika"},"schema":{"@context":"https:\/\/schema.org","@graph":[{"@type":"WebPage","@id":"http:\/\/ticaret.edu.tr\/isletme-bolumu\/laboratuvarlar\/","url":"http:\/\/ticaret.edu.tr\/isletme-bolumu\/laboratuvarlar\/","name":"Laboratuvarlar - \u0130\u015fletme","isPartOf":{"@id":"http:\/\/ticaret.edu.tr\/isletme-bolumu\/#website"},"datePublished":"2025-01-26T16:16:19+00:00","dateModified":"2025-02-13T06:32:08+00:00","breadcrumb":{"@id":"http:\/\/ticaret.edu.tr\/isletme-bolumu\/laboratuvarlar\/#breadcrumb"},"inLanguage":"tr","potentialAction":[{"@type":"ReadAction","target":["http:\/\/ticaret.edu.tr\/isletme-bolumu\/laboratuvarlar\/"]}]},{"@type":"BreadcrumbList","@id":"http:\/\/ticaret.edu.tr\/isletme-bolumu\/laboratuvarlar\/#breadcrumb","itemListElement":[{"@type":"ListItem","position":1,"name":"Ana sayfa","item":"https:\/\/ticaret.edu.tr\/isletme-bolumu\/en\/"},{"@type":"ListItem","position":2,"name":"Laboratuvarlar"}]},{"@type":"WebSite","@id":"http:\/\/ticaret.edu.tr\/isletme-bolumu\/#website","url":"http:\/\/ticaret.edu.tr\/isletme-bolumu\/","name":"\u0130\u015fletme","description":"","potentialAction":[{"@type":"SearchAction","target":{"@type":"EntryPoint","urlTemplate":"http:\/\/ticaret.edu.tr\/isletme-bolumu\/?s={search_term_string}"},"query-input":"required name=search_term_string"}],"inLanguage":"tr"}]}},"lang":"tr","translations":{"tr":1915,"en":2216},"pll_sync_post":[],"_links":{"self":[{"href":"http:\/\/ticaret.edu.tr\/isletme-bolumu\/wp-json\/wp\/v2\/pages\/1915"}],"collection":[{"href":"http:\/\/ticaret.edu.tr\/isletme-bolumu\/wp-json\/wp\/v2\/pages"}],"about":[{"href":"http:\/\/ticaret.edu.tr\/isletme-bolumu\/wp-json\/wp\/v2\/types\/page"}],"author":[{"embeddable":true,"href":"http:\/\/ticaret.edu.tr\/isletme-bolumu\/wp-json\/wp\/v2\/users\/58"}],"replies":[{"embeddable":true,"href":"http:\/\/ticaret.edu.tr\/isletme-bolumu\/wp-json\/wp\/v2\/comments?post=1915"}],"version-history":[{"count":2,"href":"http:\/\/ticaret.edu.tr\/isletme-bolumu\/wp-json\/wp\/v2\/pages\/1915\/revisions"}],"predecessor-version":[{"id":2285,"href":"http:\/\/ticaret.edu.tr\/isletme-bolumu\/wp-json\/wp\/v2\/pages\/1915\/revisions\/2285"}],"wp:attachment":[{"href":"http:\/\/ticaret.edu.tr\/isletme-bolumu\/wp-json\/wp\/v2\/media?parent=1915"}],"curies":[{"name":"wp","href":"https:\/\/api.w.org\/{rel}","templated":true}]}}