{"id":1973,"date":"2025-01-26T20:28:16","date_gmt":"2025-01-26T17:28:16","guid":{"rendered":"https:\/\/ticaret.edu.tr\/isletme-bolumu\/?page_id=1973"},"modified":"2026-01-21T12:54:35","modified_gmt":"2026-01-21T09:54:35","slug":"research-areas","status":"publish","type":"page","link":"http:\/\/ticaret.edu.tr\/isletme-bolumu\/en\/research-areas\/","title":{"rendered":"Research Areas"},"content":{"rendered":"<p>Assoc. Prof. Dr. Mehmet Sa\u011flam (Head of Department) \/ <a href=\"mailto:msaglam@ticaret.edu.tr\">msaglam@ticaret.edu.tr<\/a> \/C-109, 4335 \/ Marketing, Consumer Behavior, Management<\/p>\n<p>Prof. Dr. Ali G\u00f6rener \/ <a href=\"mailto:agorener@ticaret.edu.tr\">agorener@ticaret.edu.tr<\/a> \/ A-209, 4378 \/ Production Management, Logistics, Supply Chain<\/p>\n<p>Prof. Dr. Feyzullah Yetgin \/ <u><a href=\"mailto:fyetgin@ticaret.edu.tr\">fyetgin@ticaret.edu.tr<\/a><\/u> \/A-309, 4339 \/ Financial Management<\/p>\n<p>Prof. Dr. Murat Kas\u0131mo\u011flu \/ <u><a href=\"mailto:mkasimoglu@ticaret.edu.tr\">mkasimoglu@ticaret.edu.tr<\/a><\/u> \/ A-212, 4318 \/ Organization Theory, Strategic Management, Entrepreneurship<\/p>\n<p>Assoc. Prof. Dr. Osman Bayraktar \/ <u><a href=\"mailto:obayraktar@ticaret.edu.tr\">obayraktar@ticaret.edu.tr<\/a><\/u>\u00a0 \/A-307, 4360 \/ Human Resources Management, Organizational Behavior<\/p>\n<p>Assoc. Prof. Dr. Recep Ali K\u00fc\u00e7\u00fck\u00e7olak \/ <u><a href=\"mailto:akucukcolak@ticaret.edu.tr\">akucukcolak@ticaret.edu.tr<\/a><\/u> \/C-510, 4379 \/ Financial Management<\/p>\n<p>Asst. Prof. Dr. Nihan Yavuz Aksakal \/ <u><a href=\"mailto:nyavuz@ticaret.edu.tr\">nyavuz@ticaret.edu.tr<\/a><\/u> \/ B-310, 4357 \/ Human Resources Management, Organizational Behavior<\/p>\n<p>Res. Asst. H\u00fcmeyra Nur Hatipo\u011flu \/ <u><a href=\"mailto:hnhatipoglu@ticaret.edu.tr\">hnhatipoglu@ticaret.edu.tr<\/a><\/u> \/ 4374 \/ B-107<\/p>\n<p>Res. Asst. Meral A\u00e7ar \/ <a href=\"mailto:macar@ticaret.edu.tr\">macar@ticaret.edu.tr<\/a> \/ 4392 \/ A-108<\/p>\n","protected":false},"excerpt":{"rendered":"<p>Assoc. Prof. Dr. Mehmet Sa\u011flam (Head of Department) \/ msaglam@ticaret.edu.tr \/C-109, 4335 \/ Marketing, Consumer Behavior, Management Prof. Dr. Ali G\u00f6rener \/ agorener@ticaret.edu.tr \/ A-209, 4378 \/ Production Management, Logistics, Supply Chain Prof. Dr. Feyzullah Yetgin \/ fyetgin@ticaret.edu.tr \/A-309, 4339 \/ Financial Management Prof. Dr. Murat Kas\u0131mo\u011flu \/ mkasimoglu@ticaret.edu.tr \/ A-212, 4318 \/ Organization Theory, [&hellip;]<\/p>\n","protected":false},"author":58,"featured_media":0,"parent":0,"menu_order":0,"comment_status":"closed","ping_status":"closed","template":"genel_sayfa.php","meta":{"footnotes":""},"yoast_head":"<!-- This site is optimized with the Yoast SEO Premium plugin v22.1 (Yoast SEO v22.1) - https:\/\/yoast.com\/wordpress\/plugins\/seo\/ -->\n<title>Research Areas - \u0130\u015fletme<\/title>\n<meta name=\"robots\" content=\"index, follow, max-snippet:-1, max-image-preview:large, max-video-preview:-1\" \/>\n<link rel=\"canonical\" href=\"http:\/\/ticaret.edu.tr\/isletme-bolumu\/en\/research-areas\/\" \/>\n<meta property=\"og:locale\" content=\"tr_TR\" \/>\n<meta property=\"og:type\" content=\"article\" \/>\n<meta property=\"og:title\" content=\"Research Areas\" \/>\n<meta property=\"og:description\" content=\"Assoc. Prof. Dr. Mehmet Sa\u011flam (Head of Department) \/ msaglam@ticaret.edu.tr \/C-109, 4335 \/ Marketing, Consumer Behavior, Management Prof. Dr. Ali G\u00f6rener \/ agorener@ticaret.edu.tr \/ A-209, 4378 \/ Production Management, Logistics, Supply Chain Prof. Dr. Feyzullah Yetgin \/ fyetgin@ticaret.edu.tr \/A-309, 4339 \/ Financial Management Prof. Dr. Murat Kas\u0131mo\u011flu \/ mkasimoglu@ticaret.edu.tr \/ A-212, 4318 \/ Organization Theory, [&hellip;]\" \/>\n<meta property=\"og:url\" content=\"http:\/\/ticaret.edu.tr\/isletme-bolumu\/en\/research-areas\/\" \/>\n<meta property=\"og:site_name\" content=\"\u0130\u015fletme\" \/>\n<meta property=\"article:publisher\" content=\"https:\/\/www.facebook.com\/ticaretedutr\" \/>\n<meta property=\"article:modified_time\" content=\"2026-01-21T09:54:35+00:00\" \/>\n<meta property=\"og:image\" content=\"http:\/\/ticaret.edu.tr\/isletme-bolumu\/wp-content\/uploads\/sites\/8\/2021\/11\/web_logo-01.jpg\" \/>\n\t<meta property=\"og:image:width\" content=\"1250\" \/>\n\t<meta property=\"og:image:height\" content=\"833\" \/>\n\t<meta property=\"og:image:type\" content=\"image\/jpeg\" \/>\n<meta name=\"twitter:card\" content=\"summary_large_image\" \/>\n<meta name=\"twitter:site\" content=\"@ticaretedutr\" \/>\n<meta name=\"twitter:label1\" content=\"Tahmini okuma s\u00fcresi\" \/>\n\t<meta name=\"twitter:data1\" content=\"1 dakika\" \/>\n<script type=\"application\/ld+json\" class=\"yoast-schema-graph\">{\"@context\":\"https:\/\/schema.org\",\"@graph\":[{\"@type\":\"WebPage\",\"@id\":\"http:\/\/ticaret.edu.tr\/isletme-bolumu\/en\/research-areas\/\",\"url\":\"http:\/\/ticaret.edu.tr\/isletme-bolumu\/en\/research-areas\/\",\"name\":\"Research Areas - \u0130\u015fletme\",\"isPartOf\":{\"@id\":\"https:\/\/ticaret.edu.tr\/isletme-bolumu\/en\/#website\"},\"datePublished\":\"2025-01-26T17:28:16+00:00\",\"dateModified\":\"2026-01-21T09:54:35+00:00\",\"breadcrumb\":{\"@id\":\"http:\/\/ticaret.edu.tr\/isletme-bolumu\/en\/research-areas\/#breadcrumb\"},\"inLanguage\":\"tr\",\"potentialAction\":[{\"@type\":\"ReadAction\",\"target\":[\"http:\/\/ticaret.edu.tr\/isletme-bolumu\/en\/research-areas\/\"]}]},{\"@type\":\"BreadcrumbList\",\"@id\":\"http:\/\/ticaret.edu.tr\/isletme-bolumu\/en\/research-areas\/#breadcrumb\",\"itemListElement\":[{\"@type\":\"ListItem\",\"position\":1,\"name\":\"Ana sayfa\",\"item\":\"https:\/\/ticaret.edu.tr\/isletme-bolumu\/en\/\"},{\"@type\":\"ListItem\",\"position\":2,\"name\":\"Research Areas\"}]},{\"@type\":\"WebSite\",\"@id\":\"https:\/\/ticaret.edu.tr\/isletme-bolumu\/en\/#website\",\"url\":\"https:\/\/ticaret.edu.tr\/isletme-bolumu\/en\/\",\"name\":\"\u0130\u015fletme\",\"description\":\"\",\"potentialAction\":[{\"@type\":\"SearchAction\",\"target\":{\"@type\":\"EntryPoint\",\"urlTemplate\":\"https:\/\/ticaret.edu.tr\/isletme-bolumu\/en\/?s={search_term_string}\"},\"query-input\":\"required name=search_term_string\"}],\"inLanguage\":\"tr\"}]}<\/script>\n<!-- \/ Yoast SEO Premium plugin. -->","yoast_head_json":{"title":"Research Areas - \u0130\u015fletme","robots":{"index":"index","follow":"follow","max-snippet":"max-snippet:-1","max-image-preview":"max-image-preview:large","max-video-preview":"max-video-preview:-1"},"canonical":"http:\/\/ticaret.edu.tr\/isletme-bolumu\/en\/research-areas\/","og_locale":"tr_TR","og_type":"article","og_title":"Research Areas","og_description":"Assoc. Prof. Dr. Mehmet Sa\u011flam (Head of Department) \/ msaglam@ticaret.edu.tr \/C-109, 4335 \/ Marketing, Consumer Behavior, Management Prof. Dr. Ali G\u00f6rener \/ agorener@ticaret.edu.tr \/ A-209, 4378 \/ Production Management, Logistics, Supply Chain Prof. Dr. Feyzullah Yetgin \/ fyetgin@ticaret.edu.tr \/A-309, 4339 \/ Financial Management Prof. Dr. Murat Kas\u0131mo\u011flu \/ mkasimoglu@ticaret.edu.tr \/ A-212, 4318 \/ Organization Theory, [&hellip;]","og_url":"http:\/\/ticaret.edu.tr\/isletme-bolumu\/en\/research-areas\/","og_site_name":"\u0130\u015fletme","article_publisher":"https:\/\/www.facebook.com\/ticaretedutr","article_modified_time":"2026-01-21T09:54:35+00:00","og_image":[{"width":1250,"height":833,"url":"http:\/\/ticaret.edu.tr\/isletme-bolumu\/wp-content\/uploads\/sites\/8\/2021\/11\/web_logo-01.jpg","type":"image\/jpeg"}],"twitter_card":"summary_large_image","twitter_site":"@ticaretedutr","twitter_misc":{"Tahmini okuma s\u00fcresi":"1 dakika"},"schema":{"@context":"https:\/\/schema.org","@graph":[{"@type":"WebPage","@id":"http:\/\/ticaret.edu.tr\/isletme-bolumu\/en\/research-areas\/","url":"http:\/\/ticaret.edu.tr\/isletme-bolumu\/en\/research-areas\/","name":"Research Areas - \u0130\u015fletme","isPartOf":{"@id":"https:\/\/ticaret.edu.tr\/isletme-bolumu\/en\/#website"},"datePublished":"2025-01-26T17:28:16+00:00","dateModified":"2026-01-21T09:54:35+00:00","breadcrumb":{"@id":"http:\/\/ticaret.edu.tr\/isletme-bolumu\/en\/research-areas\/#breadcrumb"},"inLanguage":"tr","potentialAction":[{"@type":"ReadAction","target":["http:\/\/ticaret.edu.tr\/isletme-bolumu\/en\/research-areas\/"]}]},{"@type":"BreadcrumbList","@id":"http:\/\/ticaret.edu.tr\/isletme-bolumu\/en\/research-areas\/#breadcrumb","itemListElement":[{"@type":"ListItem","position":1,"name":"Ana sayfa","item":"https:\/\/ticaret.edu.tr\/isletme-bolumu\/en\/"},{"@type":"ListItem","position":2,"name":"Research Areas"}]},{"@type":"WebSite","@id":"https:\/\/ticaret.edu.tr\/isletme-bolumu\/en\/#website","url":"https:\/\/ticaret.edu.tr\/isletme-bolumu\/en\/","name":"\u0130\u015fletme","description":"","potentialAction":[{"@type":"SearchAction","target":{"@type":"EntryPoint","urlTemplate":"https:\/\/ticaret.edu.tr\/isletme-bolumu\/en\/?s={search_term_string}"},"query-input":"required name=search_term_string"}],"inLanguage":"tr"}]}},"lang":"en","translations":{"en":1973,"tr":1917},"pll_sync_post":[],"_links":{"self":[{"href":"http:\/\/ticaret.edu.tr\/isletme-bolumu\/wp-json\/wp\/v2\/pages\/1973"}],"collection":[{"href":"http:\/\/ticaret.edu.tr\/isletme-bolumu\/wp-json\/wp\/v2\/pages"}],"about":[{"href":"http:\/\/ticaret.edu.tr\/isletme-bolumu\/wp-json\/wp\/v2\/types\/page"}],"author":[{"embeddable":true,"href":"http:\/\/ticaret.edu.tr\/isletme-bolumu\/wp-json\/wp\/v2\/users\/58"}],"replies":[{"embeddable":true,"href":"http:\/\/ticaret.edu.tr\/isletme-bolumu\/wp-json\/wp\/v2\/comments?post=1973"}],"version-history":[{"count":6,"href":"http:\/\/ticaret.edu.tr\/isletme-bolumu\/wp-json\/wp\/v2\/pages\/1973\/revisions"}],"predecessor-version":[{"id":2809,"href":"http:\/\/ticaret.edu.tr\/isletme-bolumu\/wp-json\/wp\/v2\/pages\/1973\/revisions\/2809"}],"wp:attachment":[{"href":"http:\/\/ticaret.edu.tr\/isletme-bolumu\/wp-json\/wp\/v2\/media?parent=1973"}],"curies":[{"name":"wp","href":"https:\/\/api.w.org\/{rel}","templated":true}]}}