{"id":2359,"date":"2025-02-13T08:52:29","date_gmt":"2025-02-13T05:52:29","guid":{"rendered":"https:\/\/ticaret.edu.tr\/isletme-bolumu\/?page_id=2359"},"modified":"2025-10-21T01:22:51","modified_gmt":"2025-10-20T22:22:51","slug":"lisansustu-genel-bilgi","status":"publish","type":"page","link":"http:\/\/ticaret.edu.tr\/isletme-bolumu\/lisansustu-genel-bilgi\/","title":{"rendered":"Lisans\u00fcst\u00fc Genel Bilgi"},"content":{"rendered":"<h2 data-start=\"111\" data-end=\"132\">Program Portf\u00f6y\u00fc<\/h2>\n<p data-start=\"133\" data-end=\"287\">\u0130stanbul Ticaret \u00dcniversitesi Lisans\u00fcst\u00fc E\u011fitim Enstit\u00fcs\u00fc, \u0130\u015fletme alan\u0131nda tezli\/tezsiz y\u00fcksek lisans ve doktora d\u00fczeyinde e\u011fitim se\u00e7enekleri sunmaktad\u0131r:<\/p>\n<ul data-start=\"289\" data-end=\"412\">\n<li data-start=\"289\" data-end=\"334\">\n<p data-start=\"291\" data-end=\"334\"><strong data-start=\"291\" data-end=\"332\">\u0130\u015fletme Tezsiz Y\u00fcksek Lisans Program\u0131<\/strong><\/p>\n<\/li>\n<li data-start=\"335\" data-end=\"379\">\n<p data-start=\"337\" data-end=\"379\"><strong data-start=\"337\" data-end=\"377\">\u0130\u015fletme Tezli Y\u00fcksek Lisans Program\u0131<\/strong><\/p>\n<\/li>\n<li data-start=\"380\" data-end=\"412\">\n<p data-start=\"382\" data-end=\"412\"><strong data-start=\"382\" data-end=\"410\">\u0130\u015fletme Doktora Program\u0131<\/strong><\/p>\n<\/li>\n<\/ul>\n<hr data-start=\"414\" data-end=\"417\" \/>\n<h2 data-start=\"419\" data-end=\"441\">Akademik Yakla\u015f\u0131m<\/h2>\n<p data-start=\"442\" data-end=\"942\">Y\u00fcksek lisans programlar\u0131m\u0131z, alan\u0131nda uzman akademisyenleriyle i\u015fletmenin temel fonksiyonlar\u0131nda derinle\u015fmeyi hedefler. Y\u00f6netim, pazarlama, finans, muhasebe, insan kaynaklar\u0131, operasyon ve i\u015f analiti\u011fi gibi alanlarda \u0130TO\u2019nun g\u00fc\u00e7l\u00fc ekosisteminden yararlan\u0131l\u0131r. Program kapsam\u0131nda; mentorluk deste\u011fi, misafir konu\u015fmac\u0131lar, vaka analizleri, sekt\u00f6r profesyonellerinin s\u0131n\u0131f i\u00e7i katk\u0131lar\u0131, proje \u00e7al\u0131\u015fmalar\u0131 ve geni\u015f a\u011f olanaklar\u0131yla \u00f6\u011frencilerimizin akademik ya da profesyonel kariyerleri desteklenir.<\/p>\n<p data-start=\"944\" data-end=\"1275\">Doktora program\u0131m\u0131z ise k\u00fcresel rekabet ko\u015fullar\u0131 ve d\u00f6n\u00fc\u015fen i\u015f d\u00fcnyas\u0131n\u0131n ihtiya\u00e7 duydu\u011fu ara\u015ft\u0131rma ve analiz yetkinliklerini geli\u015ftirmeyi ama\u00e7lar. Program; ileri d\u00fczey kuramsal i\u00e7erik, y\u00f6ntemsel e\u011fitim ve se\u00e7meli alan dersleriyle \u00f6\u011frencilerine akademiye ve nitelikli y\u00f6netim pozisyonlar\u0131na ara\u015ft\u0131rma temelli bir haz\u0131rl\u0131k sunar.<\/p>\n<p>&nbsp;<\/p>\n<p>&nbsp;<\/p>\n<blockquote class=\"wp-embedded-content\" data-secret=\"2mAhggFBYK\"><p><a href=\"https:\/\/ticaret.edu.tr\/lisansustu-egitim-enstitusu\/isletme\/\">\u0130\u015fletme<\/a><\/p><\/blockquote>\n<p><iframe class=\"wp-embedded-content\" sandbox=\"allow-scripts\" security=\"restricted\" style=\"position: absolute; clip: rect(1px, 1px, 1px, 1px);\" title=\"&#8220;\u0130\u015fletme&#8221; &#8212; Lisans\u00fcst\u00fc E\u011fitim Enstit\u00fcs\u00fc\" src=\"https:\/\/ticaret.edu.tr\/lisansustu-egitim-enstitusu\/isletme\/embed\/#?secret=YhGl3tEB2F#?secret=2mAhggFBYK\" data-secret=\"2mAhggFBYK\" width=\"500\" height=\"282\" frameborder=\"0\" marginwidth=\"0\" marginheight=\"0\" scrolling=\"no\"><\/iframe><\/p>\n<p>&nbsp;<\/p>\n","protected":false},"excerpt":{"rendered":"<p>Program Portf\u00f6y\u00fc \u0130stanbul Ticaret \u00dcniversitesi Lisans\u00fcst\u00fc E\u011fitim Enstit\u00fcs\u00fc, \u0130\u015fletme alan\u0131nda tezli\/tezsiz y\u00fcksek lisans ve doktora d\u00fczeyinde e\u011fitim se\u00e7enekleri sunmaktad\u0131r: \u0130\u015fletme Tezsiz Y\u00fcksek Lisans Program\u0131 \u0130\u015fletme Tezli Y\u00fcksek Lisans Program\u0131 \u0130\u015fletme Doktora Program\u0131 Akademik Yakla\u015f\u0131m Y\u00fcksek lisans programlar\u0131m\u0131z, alan\u0131nda uzman akademisyenleriyle i\u015fletmenin temel fonksiyonlar\u0131nda derinle\u015fmeyi hedefler. Y\u00f6netim, pazarlama, finans, muhasebe, insan kaynaklar\u0131, operasyon ve i\u015f analiti\u011fi [&hellip;]<\/p>\n","protected":false},"author":228,"featured_media":0,"parent":0,"menu_order":0,"comment_status":"closed","ping_status":"closed","template":"genel_sayfa.php","meta":{"footnotes":""},"yoast_head":"<!-- This site is optimized with the Yoast SEO Premium plugin v22.1 (Yoast SEO v22.1) - https:\/\/yoast.com\/wordpress\/plugins\/seo\/ -->\n<title>Lisans\u00fcst\u00fc Genel Bilgi - \u0130\u015fletme<\/title>\n<meta name=\"robots\" content=\"index, follow, max-snippet:-1, max-image-preview:large, max-video-preview:-1\" \/>\n<link rel=\"canonical\" href=\"http:\/\/ticaret.edu.tr\/isletme-bolumu\/lisansustu-genel-bilgi\/\" \/>\n<meta property=\"og:locale\" content=\"tr_TR\" \/>\n<meta property=\"og:type\" content=\"article\" \/>\n<meta property=\"og:title\" content=\"Lisans\u00fcst\u00fc Genel Bilgi\" \/>\n<meta property=\"og:description\" content=\"Program Portf\u00f6y\u00fc \u0130stanbul Ticaret \u00dcniversitesi Lisans\u00fcst\u00fc E\u011fitim Enstit\u00fcs\u00fc, \u0130\u015fletme alan\u0131nda tezli\/tezsiz y\u00fcksek lisans ve doktora d\u00fczeyinde e\u011fitim se\u00e7enekleri sunmaktad\u0131r: \u0130\u015fletme Tezsiz Y\u00fcksek Lisans Program\u0131 \u0130\u015fletme Tezli Y\u00fcksek Lisans Program\u0131 \u0130\u015fletme Doktora Program\u0131 Akademik Yakla\u015f\u0131m Y\u00fcksek lisans programlar\u0131m\u0131z, alan\u0131nda uzman akademisyenleriyle i\u015fletmenin temel fonksiyonlar\u0131nda derinle\u015fmeyi hedefler. Y\u00f6netim, pazarlama, finans, muhasebe, insan kaynaklar\u0131, operasyon ve i\u015f analiti\u011fi [&hellip;]\" \/>\n<meta property=\"og:url\" content=\"http:\/\/ticaret.edu.tr\/isletme-bolumu\/lisansustu-genel-bilgi\/\" \/>\n<meta property=\"og:site_name\" content=\"\u0130\u015fletme\" \/>\n<meta property=\"article:publisher\" content=\"https:\/\/www.facebook.com\/ticaretedutr\" \/>\n<meta property=\"article:modified_time\" content=\"2025-10-20T22:22:51+00:00\" \/>\n<meta property=\"og:image\" content=\"http:\/\/ticaret.edu.tr\/isletme-bolumu\/wp-content\/uploads\/sites\/8\/2021\/11\/web_logo-01.jpg\" \/>\n\t<meta property=\"og:image:width\" content=\"1250\" \/>\n\t<meta property=\"og:image:height\" content=\"833\" \/>\n\t<meta property=\"og:image:type\" content=\"image\/jpeg\" \/>\n<meta name=\"twitter:card\" content=\"summary_large_image\" \/>\n<meta name=\"twitter:site\" content=\"@ticaretedutr\" \/>\n<meta name=\"twitter:label1\" content=\"Tahmini okuma s\u00fcresi\" \/>\n\t<meta name=\"twitter:data1\" content=\"1 dakika\" \/>\n<script type=\"application\/ld+json\" class=\"yoast-schema-graph\">{\"@context\":\"https:\/\/schema.org\",\"@graph\":[{\"@type\":\"WebPage\",\"@id\":\"http:\/\/ticaret.edu.tr\/isletme-bolumu\/lisansustu-genel-bilgi\/\",\"url\":\"http:\/\/ticaret.edu.tr\/isletme-bolumu\/lisansustu-genel-bilgi\/\",\"name\":\"Lisans\u00fcst\u00fc Genel Bilgi - \u0130\u015fletme\",\"isPartOf\":{\"@id\":\"http:\/\/ticaret.edu.tr\/isletme-bolumu\/#website\"},\"datePublished\":\"2025-02-13T05:52:29+00:00\",\"dateModified\":\"2025-10-20T22:22:51+00:00\",\"breadcrumb\":{\"@id\":\"http:\/\/ticaret.edu.tr\/isletme-bolumu\/lisansustu-genel-bilgi\/#breadcrumb\"},\"inLanguage\":\"tr\",\"potentialAction\":[{\"@type\":\"ReadAction\",\"target\":[\"http:\/\/ticaret.edu.tr\/isletme-bolumu\/lisansustu-genel-bilgi\/\"]}]},{\"@type\":\"BreadcrumbList\",\"@id\":\"http:\/\/ticaret.edu.tr\/isletme-bolumu\/lisansustu-genel-bilgi\/#breadcrumb\",\"itemListElement\":[{\"@type\":\"ListItem\",\"position\":1,\"name\":\"Ana sayfa\",\"item\":\"https:\/\/ticaret.edu.tr\/isletme-bolumu\/en\/\"},{\"@type\":\"ListItem\",\"position\":2,\"name\":\"Lisans\u00fcst\u00fc Genel Bilgi\"}]},{\"@type\":\"WebSite\",\"@id\":\"http:\/\/ticaret.edu.tr\/isletme-bolumu\/#website\",\"url\":\"http:\/\/ticaret.edu.tr\/isletme-bolumu\/\",\"name\":\"\u0130\u015fletme\",\"description\":\"\",\"potentialAction\":[{\"@type\":\"SearchAction\",\"target\":{\"@type\":\"EntryPoint\",\"urlTemplate\":\"http:\/\/ticaret.edu.tr\/isletme-bolumu\/?s={search_term_string}\"},\"query-input\":\"required name=search_term_string\"}],\"inLanguage\":\"tr\"}]}<\/script>\n<!-- \/ Yoast SEO Premium plugin. -->","yoast_head_json":{"title":"Lisans\u00fcst\u00fc Genel Bilgi - \u0130\u015fletme","robots":{"index":"index","follow":"follow","max-snippet":"max-snippet:-1","max-image-preview":"max-image-preview:large","max-video-preview":"max-video-preview:-1"},"canonical":"http:\/\/ticaret.edu.tr\/isletme-bolumu\/lisansustu-genel-bilgi\/","og_locale":"tr_TR","og_type":"article","og_title":"Lisans\u00fcst\u00fc Genel Bilgi","og_description":"Program Portf\u00f6y\u00fc \u0130stanbul Ticaret \u00dcniversitesi Lisans\u00fcst\u00fc E\u011fitim Enstit\u00fcs\u00fc, \u0130\u015fletme alan\u0131nda tezli\/tezsiz y\u00fcksek lisans ve doktora d\u00fczeyinde e\u011fitim se\u00e7enekleri sunmaktad\u0131r: \u0130\u015fletme Tezsiz Y\u00fcksek Lisans Program\u0131 \u0130\u015fletme Tezli Y\u00fcksek Lisans Program\u0131 \u0130\u015fletme Doktora Program\u0131 Akademik Yakla\u015f\u0131m Y\u00fcksek lisans programlar\u0131m\u0131z, alan\u0131nda uzman akademisyenleriyle i\u015fletmenin temel fonksiyonlar\u0131nda derinle\u015fmeyi hedefler. Y\u00f6netim, pazarlama, finans, muhasebe, insan kaynaklar\u0131, operasyon ve i\u015f analiti\u011fi [&hellip;]","og_url":"http:\/\/ticaret.edu.tr\/isletme-bolumu\/lisansustu-genel-bilgi\/","og_site_name":"\u0130\u015fletme","article_publisher":"https:\/\/www.facebook.com\/ticaretedutr","article_modified_time":"2025-10-20T22:22:51+00:00","og_image":[{"width":1250,"height":833,"url":"http:\/\/ticaret.edu.tr\/isletme-bolumu\/wp-content\/uploads\/sites\/8\/2021\/11\/web_logo-01.jpg","type":"image\/jpeg"}],"twitter_card":"summary_large_image","twitter_site":"@ticaretedutr","twitter_misc":{"Tahmini okuma s\u00fcresi":"1 dakika"},"schema":{"@context":"https:\/\/schema.org","@graph":[{"@type":"WebPage","@id":"http:\/\/ticaret.edu.tr\/isletme-bolumu\/lisansustu-genel-bilgi\/","url":"http:\/\/ticaret.edu.tr\/isletme-bolumu\/lisansustu-genel-bilgi\/","name":"Lisans\u00fcst\u00fc Genel Bilgi - \u0130\u015fletme","isPartOf":{"@id":"http:\/\/ticaret.edu.tr\/isletme-bolumu\/#website"},"datePublished":"2025-02-13T05:52:29+00:00","dateModified":"2025-10-20T22:22:51+00:00","breadcrumb":{"@id":"http:\/\/ticaret.edu.tr\/isletme-bolumu\/lisansustu-genel-bilgi\/#breadcrumb"},"inLanguage":"tr","potentialAction":[{"@type":"ReadAction","target":["http:\/\/ticaret.edu.tr\/isletme-bolumu\/lisansustu-genel-bilgi\/"]}]},{"@type":"BreadcrumbList","@id":"http:\/\/ticaret.edu.tr\/isletme-bolumu\/lisansustu-genel-bilgi\/#breadcrumb","itemListElement":[{"@type":"ListItem","position":1,"name":"Ana sayfa","item":"https:\/\/ticaret.edu.tr\/isletme-bolumu\/en\/"},{"@type":"ListItem","position":2,"name":"Lisans\u00fcst\u00fc Genel Bilgi"}]},{"@type":"WebSite","@id":"http:\/\/ticaret.edu.tr\/isletme-bolumu\/#website","url":"http:\/\/ticaret.edu.tr\/isletme-bolumu\/","name":"\u0130\u015fletme","description":"","potentialAction":[{"@type":"SearchAction","target":{"@type":"EntryPoint","urlTemplate":"http:\/\/ticaret.edu.tr\/isletme-bolumu\/?s={search_term_string}"},"query-input":"required name=search_term_string"}],"inLanguage":"tr"}]}},"lang":"tr","translations":{"en":2361,"tr":2359},"pll_sync_post":[],"_links":{"self":[{"href":"http:\/\/ticaret.edu.tr\/isletme-bolumu\/wp-json\/wp\/v2\/pages\/2359"}],"collection":[{"href":"http:\/\/ticaret.edu.tr\/isletme-bolumu\/wp-json\/wp\/v2\/pages"}],"about":[{"href":"http:\/\/ticaret.edu.tr\/isletme-bolumu\/wp-json\/wp\/v2\/types\/page"}],"author":[{"embeddable":true,"href":"http:\/\/ticaret.edu.tr\/isletme-bolumu\/wp-json\/wp\/v2\/users\/228"}],"replies":[{"embeddable":true,"href":"http:\/\/ticaret.edu.tr\/isletme-bolumu\/wp-json\/wp\/v2\/comments?post=2359"}],"version-history":[{"count":3,"href":"http:\/\/ticaret.edu.tr\/isletme-bolumu\/wp-json\/wp\/v2\/pages\/2359\/revisions"}],"predecessor-version":[{"id":2570,"href":"http:\/\/ticaret.edu.tr\/isletme-bolumu\/wp-json\/wp\/v2\/pages\/2359\/revisions\/2570"}],"wp:attachment":[{"href":"http:\/\/ticaret.edu.tr\/isletme-bolumu\/wp-json\/wp\/v2\/media?parent=2359"}],"curies":[{"name":"wp","href":"https:\/\/api.w.org\/{rel}","templated":true}]}}