{"id":908,"date":"2022-01-04T09:37:03","date_gmt":"2022-01-04T06:37:03","guid":{"rendered":"https:\/\/ticaret.edu.tr\/isletme-bolumu\/?page_id=908"},"modified":"2026-02-09T16:04:15","modified_gmt":"2026-02-09T13:04:15","slug":"curriculum","status":"publish","type":"page","link":"http:\/\/ticaret.edu.tr\/isletme-bolumu\/en\/curriculum\/","title":{"rendered":"CURRICULUM"},"content":{"rendered":"<p>CURRICULUM OF BUSINESS ADMINISTRATION DEPARTMENT<\/p>\n<p><a href=\"http:\/\/ticaret.edu.tr\/isletme-bolumu\/wp-content\/uploads\/sites\/8\/2026\/02\/2025-2026-ENG-Isletme-Turkce-Mufredat-Formu.pdf\">2025-2026 Curriculum-of-Business-Administration<\/a><\/p>\n<p><a href=\"http:\/\/ticaret.edu.tr\/isletme-bolumu\/wp-content\/uploads\/sites\/8\/2024\/09\/2024-2025-Curriculum-of-Business-Administration.xlsx\">2024-2025 Curriculum-of-Business-Administration<\/a><\/p>\n<p><a href=\"http:\/\/ticaret.edu.tr\/isletme-bolumu\/wp-content\/uploads\/sites\/8\/2024\/05\/2023-2024-Curriculum-of-Business-Administration.pdf\">2023-2024-Curriculum-of-Business-Administration<\/a><\/p>\n<p data-sourcepos=\"3:1-3:26\"><strong>Basic Science Courses:<\/strong><\/p>\n<ul data-sourcepos=\"5:1-17:0\">\n<li data-sourcepos=\"5:1-5:17\">Mathematics 1\/2<\/li>\n<li data-sourcepos=\"6:1-6:28\">Introduction to Statistics<\/li>\n<li data-sourcepos=\"7:1-7:37\">Academic Skills, Methods and Ethics<\/li>\n<li data-sourcepos=\"8:1-8:26\">Financial Accounting 1\/2<\/li>\n<li data-sourcepos=\"9:1-9:16\">Microeconomics<\/li>\n<li data-sourcepos=\"10:1-10:16\">Macroeconomics<\/li>\n<li data-sourcepos=\"11:1-11:26\">Introduction to Business<\/li>\n<li data-sourcepos=\"12:1-12:29\">Management and Organization<\/li>\n<li data-sourcepos=\"13:1-13:14\">Business Law<\/li>\n<li data-sourcepos=\"14:1-14:23\">Production Management<\/li>\n<li data-sourcepos=\"15:1-15:22\">Marketing Management<\/li>\n<li data-sourcepos=\"16:1-17:0\">Financial Management<\/li>\n<\/ul>\n<p data-sourcepos=\"18:1-18:33\"><strong>Professional Science Courses:<\/strong><\/p>\n<ul data-sourcepos=\"20:1-37:0\">\n<li data-sourcepos=\"20:1-20:17\">Cost Accounting<\/li>\n<li data-sourcepos=\"21:1-21:36\">Financial Markets and Institutions<\/li>\n<li data-sourcepos=\"22:1-22:23\">Management Accounting<\/li>\n<li data-sourcepos=\"23:1-23:20\">Business Analytics<\/li>\n<li data-sourcepos=\"24:1-24:18\">Brand Management<\/li>\n<li data-sourcepos=\"25:1-25:22\">Logistics Management<\/li>\n<li data-sourcepos=\"26:1-26:32\">Management Information Systems<\/li>\n<li data-sourcepos=\"27:1-27:17\">Career Planning<\/li>\n<li data-sourcepos=\"28:1-28:31\">Turkey&#8217;s Business Environment<\/li>\n<li data-sourcepos=\"29:1-29:35\">International Business Management<\/li>\n<li data-sourcepos=\"30:1-30:42\">Strategic Management and Business Policy<\/li>\n<li data-sourcepos=\"31:1-31:20\">Marketing Research<\/li>\n<li data-sourcepos=\"32:1-32:19\">Business Auditing<\/li>\n<li data-sourcepos=\"33:1-33:22\">Managerial Economics<\/li>\n<li data-sourcepos=\"34:1-34:21\">Organization Theory<\/li>\n<li data-sourcepos=\"35:1-35:25\">Organizational Behavior<\/li>\n<li data-sourcepos=\"36:1-37:0\">Human Resource Management<\/li>\n<\/ul>\n<p data-sourcepos=\"38:1-38:23\"><strong>Changes in Courses:<\/strong><\/p>\n<ol data-sourcepos=\"40:1-45:0\">\n<li data-sourcepos=\"40:1-41:0\">\n<p data-sourcepos=\"40:4-40:614\">Mandatory Organizational Behavior course in the fifth semester has been transferred from Basic Science Education category to Professional Science Education category.\u00a0 Management and Organization course in the second semester provides the foundation for Organizational Behavior course. Management and Organization course covers the definition of behavior, basic research in the field of behavior, and classical and neo-classical management approaches. For these reasons, Management and Organization course has been deemed to provide a foundation for the Organizational Behavior course.<\/p>\n<\/li>\n<li data-sourcepos=\"42:1-43:0\">\n<p data-sourcepos=\"42:4-42:592\">Mandatory Organization Theory course in the sixth semester has been transferred from Basic Science Education category to Professional Science Education category. Mandatory Introduction to Business course in the first semester and Management and Organization course in the second semester provide the foundation for Organization Theory course. Introduction to Business\/Management and Organization courses provide information that will form the basis for Organization Theory course, such as introduction to organizational theories and business history topics.<\/p>\n<\/li>\n<li data-sourcepos=\"44:1-45:0\">\n<p data-sourcepos=\"44:4-44:864\">The mandatory Human Resource Management course in the fourth semester has been transferred from Basic Science Education category to Professional Science Education category. The mandatory Introduction to Business course in the first semester and Management and Organization course in the second semester provide the foundation for Human Resource Management course. Introduction to Business course deals with the human resources function in businesses. Management and Organization course, on the other hand, deals with management in businesses, the qualities of managers and effective decision-making, management levels, and neoclassical business management. For these reasons, Introduction to Business course and Management and Organization course have been deemed to provide a foundation for Human Resource Management course.<\/p>\n<\/li>\n<\/ol>\n<p data-sourcepos=\"46:1-46:14\"><strong>Electives:<\/strong><\/p>\n<p data-sourcepos=\"48:1-48:93\">The program includes 14 elective courses: 2 university electives and 12 department electives.<\/p>\n<p data-sourcepos=\"50:1-50:39\"><strong>Elective Courses in the Curriculum:<\/strong><\/p>\n<ul data-sourcepos=\"52:1-89:71\">\n<li data-sourcepos=\"52:1-52:57\">Family Business Management<\/li>\n<li data-sourcepos=\"53:1-53:78\">Entrepreneurship and Innovation Management<\/li>\n<li data-sourcepos=\"54:1-54:62\">Organizational Sustainability<\/li>\n<li data-sourcepos=\"55:1-55:56\">History of Management Thought<\/li>\n<li data-sourcepos=\"56:1-56:55\">Quality Assurance Systems<\/li>\n<li data-sourcepos=\"57:1-57:60\">Modern Management Approaches<\/li>\n<li data-sourcepos=\"58:1-58:23\">Leadership<\/li>\n<li data-sourcepos=\"59:1-59:82\">Data Analysis in Business and Modelling<\/li>\n<li data-sourcepos=\"60:1-60:76\">Innovation Strategies in Organizations<\/li>\n<li data-sourcepos=\"61:1-61:38\">Change Management<\/li>\n<li data-sourcepos=\"62:1-62:40\">Consumer Behavior<\/li>\n<li data-sourcepos=\"63:1-63:87\">New Working Models and Organization Design<\/li>\n<li data-sourcepos=\"64:1-64:43\">Negotiation Methods<\/li>\n<li data-sourcepos=\"65:1-65:59\">Management in Services Sector<\/li>\n<li data-sourcepos=\"66:1-66:45\">Culture and Marketing<\/li>\n<li data-sourcepos=\"67:1-67:79\">Information Based Management Practices<\/li>\n<li data-sourcepos=\"68:1-68:37\">Turkish Economy<\/li>\n<li data-sourcepos=\"69:1-69:44\">Technology Management<\/li>\n<li data-sourcepos=\"70:1-70:40\">Retail Management<\/li>\n<li data-sourcepos=\"71:1-71:46\">Industrial Marketing<\/li>\n<li data-sourcepos=\"72:1-72:37\">Project Management<\/li>\n<li data-sourcepos=\"73:1-73:50\">Communication in Management<\/li>\n<li data-sourcepos=\"74:1-74:28\">Internship<\/li>\n<li data-sourcepos=\"75:1-75:35\">Sales Management<\/li>\n<li data-sourcepos=\"76:1-76:29\">Business Ethics<\/li>\n<li data-sourcepos=\"77:1-77:48\">Diversity Management<\/li>\n<li data-sourcepos=\"78:1-78:55\">Decision Making in Management<\/li>\n<li data-sourcepos=\"79:1-79:68\">Integrated Marketing Communication<\/li>\n<li data-sourcepos=\"80:1-80:45\">International Finance<\/li>\n<li data-sourcepos=\"81:1-81:41\">Corporate Governance<\/li>\n<li data-sourcepos=\"82:1-82:47\">Social Entrepreneurship<\/li>\n<li data-sourcepos=\"83:1-83:62\">Global Strategies and Cases<\/li>\n<li data-sourcepos=\"84:1-84:51\">Culture and Organization<\/li>\n<li data-sourcepos=\"85:1-85:64\">Digitalization and Business World<\/li>\n<li data-sourcepos=\"86:1-86:38\">Global Marketing<\/li>\n<li data-sourcepos=\"87:1-87:40\">Finance and Fintech<\/li>\n<li data-sourcepos=\"88:1-88:43\">Environmental Management<\/li>\n<li data-sourcepos=\"88:1-88:43\">Coding and Game Software in the New Generation Marketing<\/li>\n<li data-sourcepos=\"88:1-88:43\">Social Science and Literature<\/li>\n<\/ul>\n<p><strong>University Elective Courses<\/strong><\/p>\n<ul>\n<li>Ottoman Turkish<\/li>\n<li>City, Culture and Istanbul<\/li>\n<li>Civilization and Society<\/li>\n<li>History and Philosophy of Science<\/li>\n<li>Participation Banking and Islamic Economy<\/li>\n<li>Sign Language<\/li>\n<li>German 1<\/li>\n<li>German 2<\/li>\n<li>French 1<\/li>\n<li>French 2<\/li>\n<li>Spanish 1<\/li>\n<li>Spanish 2<\/li>\n<li>Russian 1<\/li>\n<li>Russian 2<\/li>\n<li>Japanese 1<\/li>\n<li>Japanese 2<\/li>\n<li>Chinese 1<\/li>\n<li>Chinese 2<\/li>\n<li>Italian 1<\/li>\n<li>Italian 2<\/li>\n<li>Farsi 1<\/li>\n<li>Farsi 2<\/li>\n<li>Arabic 1<\/li>\n<li>Arabic 2<\/li>\n<li>Bosnian, Croatian, Serbian 1<\/li>\n<li>Bosnian, Croatian, Serbian 2<\/li>\n<li>Volunteer Work<\/li>\n<\/ul>\n","protected":false},"excerpt":{"rendered":"<p>CURRICULUM OF BUSINESS ADMINISTRATION DEPARTMENT 2025-2026 Curriculum-of-Business-Administration 2024-2025 Curriculum-of-Business-Administration 2023-2024-Curriculum-of-Business-Administration Basic Science Courses: Mathematics 1\/2 Introduction to Statistics Academic Skills, Methods and Ethics Financial Accounting 1\/2 Microeconomics Macroeconomics Introduction to Business Management and Organization Business Law Production Management Marketing Management Financial Management Professional Science Courses: Cost Accounting Financial Markets and Institutions Management Accounting Business Analytics [&hellip;]<\/p>\n","protected":false},"author":149,"featured_media":0,"parent":0,"menu_order":0,"comment_status":"closed","ping_status":"closed","template":"genel_sayfa.php","meta":{"footnotes":""},"yoast_head":"<!-- This site is optimized with the Yoast SEO Premium plugin v22.1 (Yoast SEO v22.1) - https:\/\/yoast.com\/wordpress\/plugins\/seo\/ -->\n<title>CURRICULUM - \u0130\u015fletme<\/title>\n<meta name=\"description\" content=\"2021-2022 G\u00dcZ VE BAHAR D\u00d6NEMLER\u0130 \u0130\u00c7\u0130N \u0130\u015eLETME (T\u00dcRK\u00c7E) L\u0130SANS M\u00dcFREDATINA ULA\u015eMAK \u0130\u00c7\u0130N BA\u011eLANTIYI TIKLAYINIZ.\" \/>\n<meta name=\"robots\" content=\"index, follow, max-snippet:-1, max-image-preview:large, max-video-preview:-1\" \/>\n<link rel=\"canonical\" href=\"http:\/\/ticaret.edu.tr\/isletme-bolumu\/en\/curriculum\/\" \/>\n<meta property=\"og:locale\" content=\"tr_TR\" \/>\n<meta property=\"og:type\" content=\"article\" \/>\n<meta property=\"og:title\" content=\"CURRICULUM\" \/>\n<meta property=\"og:description\" content=\"2021-2022 G\u00dcZ VE BAHAR D\u00d6NEMLER\u0130 \u0130\u00c7\u0130N \u0130\u015eLETME (T\u00dcRK\u00c7E) L\u0130SANS M\u00dcFREDATINA ULA\u015eMAK \u0130\u00c7\u0130N BA\u011eLANTIYI TIKLAYINIZ.\" \/>\n<meta property=\"og:url\" content=\"http:\/\/ticaret.edu.tr\/isletme-bolumu\/en\/curriculum\/\" \/>\n<meta property=\"og:site_name\" content=\"\u0130\u015fletme\" \/>\n<meta property=\"article:publisher\" content=\"https:\/\/www.facebook.com\/ticaretedutr\" \/>\n<meta property=\"article:modified_time\" content=\"2026-02-09T13:04:15+00:00\" \/>\n<meta property=\"og:image\" content=\"http:\/\/ticaret.edu.tr\/isletme-bolumu\/wp-content\/uploads\/sites\/8\/2021\/11\/web_logo-01.jpg\" \/>\n\t<meta property=\"og:image:width\" content=\"1250\" \/>\n\t<meta property=\"og:image:height\" content=\"833\" \/>\n\t<meta property=\"og:image:type\" content=\"image\/jpeg\" \/>\n<meta name=\"twitter:card\" content=\"summary_large_image\" \/>\n<meta name=\"twitter:site\" content=\"@ticaretedutr\" \/>\n<meta name=\"twitter:label1\" content=\"Tahmini okuma s\u00fcresi\" \/>\n\t<meta name=\"twitter:data1\" content=\"4 dakika\" \/>\n<script type=\"application\/ld+json\" class=\"yoast-schema-graph\">{\"@context\":\"https:\/\/schema.org\",\"@graph\":[{\"@type\":\"WebPage\",\"@id\":\"http:\/\/ticaret.edu.tr\/isletme-bolumu\/en\/curriculum\/\",\"url\":\"http:\/\/ticaret.edu.tr\/isletme-bolumu\/en\/curriculum\/\",\"name\":\"CURRICULUM - \u0130\u015fletme\",\"isPartOf\":{\"@id\":\"https:\/\/ticaret.edu.tr\/isletme-bolumu\/en\/#website\"},\"datePublished\":\"2022-01-04T06:37:03+00:00\",\"dateModified\":\"2026-02-09T13:04:15+00:00\",\"description\":\"2021-2022 G\u00dcZ VE BAHAR D\u00d6NEMLER\u0130 \u0130\u00c7\u0130N \u0130\u015eLETME (T\u00dcRK\u00c7E) L\u0130SANS M\u00dcFREDATINA ULA\u015eMAK \u0130\u00c7\u0130N BA\u011eLANTIYI TIKLAYINIZ.\",\"breadcrumb\":{\"@id\":\"http:\/\/ticaret.edu.tr\/isletme-bolumu\/en\/curriculum\/#breadcrumb\"},\"inLanguage\":\"tr\",\"potentialAction\":[{\"@type\":\"ReadAction\",\"target\":[\"http:\/\/ticaret.edu.tr\/isletme-bolumu\/en\/curriculum\/\"]}]},{\"@type\":\"BreadcrumbList\",\"@id\":\"http:\/\/ticaret.edu.tr\/isletme-bolumu\/en\/curriculum\/#breadcrumb\",\"itemListElement\":[{\"@type\":\"ListItem\",\"position\":1,\"name\":\"Ana sayfa\",\"item\":\"https:\/\/ticaret.edu.tr\/isletme-bolumu\/en\/\"},{\"@type\":\"ListItem\",\"position\":2,\"name\":\"CURRICULUM\"}]},{\"@type\":\"WebSite\",\"@id\":\"https:\/\/ticaret.edu.tr\/isletme-bolumu\/en\/#website\",\"url\":\"https:\/\/ticaret.edu.tr\/isletme-bolumu\/en\/\",\"name\":\"\u0130\u015fletme\",\"description\":\"\",\"potentialAction\":[{\"@type\":\"SearchAction\",\"target\":{\"@type\":\"EntryPoint\",\"urlTemplate\":\"https:\/\/ticaret.edu.tr\/isletme-bolumu\/en\/?s={search_term_string}\"},\"query-input\":\"required name=search_term_string\"}],\"inLanguage\":\"tr\"}]}<\/script>\n<!-- \/ Yoast SEO Premium plugin. -->","yoast_head_json":{"title":"CURRICULUM - \u0130\u015fletme","description":"2021-2022 G\u00dcZ VE BAHAR D\u00d6NEMLER\u0130 \u0130\u00c7\u0130N \u0130\u015eLETME (T\u00dcRK\u00c7E) L\u0130SANS M\u00dcFREDATINA ULA\u015eMAK \u0130\u00c7\u0130N BA\u011eLANTIYI TIKLAYINIZ.","robots":{"index":"index","follow":"follow","max-snippet":"max-snippet:-1","max-image-preview":"max-image-preview:large","max-video-preview":"max-video-preview:-1"},"canonical":"http:\/\/ticaret.edu.tr\/isletme-bolumu\/en\/curriculum\/","og_locale":"tr_TR","og_type":"article","og_title":"CURRICULUM","og_description":"2021-2022 G\u00dcZ VE BAHAR D\u00d6NEMLER\u0130 \u0130\u00c7\u0130N \u0130\u015eLETME (T\u00dcRK\u00c7E) L\u0130SANS M\u00dcFREDATINA ULA\u015eMAK \u0130\u00c7\u0130N BA\u011eLANTIYI TIKLAYINIZ.","og_url":"http:\/\/ticaret.edu.tr\/isletme-bolumu\/en\/curriculum\/","og_site_name":"\u0130\u015fletme","article_publisher":"https:\/\/www.facebook.com\/ticaretedutr","article_modified_time":"2026-02-09T13:04:15+00:00","og_image":[{"width":1250,"height":833,"url":"http:\/\/ticaret.edu.tr\/isletme-bolumu\/wp-content\/uploads\/sites\/8\/2021\/11\/web_logo-01.jpg","type":"image\/jpeg"}],"twitter_card":"summary_large_image","twitter_site":"@ticaretedutr","twitter_misc":{"Tahmini okuma s\u00fcresi":"4 dakika"},"schema":{"@context":"https:\/\/schema.org","@graph":[{"@type":"WebPage","@id":"http:\/\/ticaret.edu.tr\/isletme-bolumu\/en\/curriculum\/","url":"http:\/\/ticaret.edu.tr\/isletme-bolumu\/en\/curriculum\/","name":"CURRICULUM - \u0130\u015fletme","isPartOf":{"@id":"https:\/\/ticaret.edu.tr\/isletme-bolumu\/en\/#website"},"datePublished":"2022-01-04T06:37:03+00:00","dateModified":"2026-02-09T13:04:15+00:00","description":"2021-2022 G\u00dcZ VE BAHAR D\u00d6NEMLER\u0130 \u0130\u00c7\u0130N \u0130\u015eLETME (T\u00dcRK\u00c7E) L\u0130SANS M\u00dcFREDATINA ULA\u015eMAK \u0130\u00c7\u0130N BA\u011eLANTIYI TIKLAYINIZ.","breadcrumb":{"@id":"http:\/\/ticaret.edu.tr\/isletme-bolumu\/en\/curriculum\/#breadcrumb"},"inLanguage":"tr","potentialAction":[{"@type":"ReadAction","target":["http:\/\/ticaret.edu.tr\/isletme-bolumu\/en\/curriculum\/"]}]},{"@type":"BreadcrumbList","@id":"http:\/\/ticaret.edu.tr\/isletme-bolumu\/en\/curriculum\/#breadcrumb","itemListElement":[{"@type":"ListItem","position":1,"name":"Ana sayfa","item":"https:\/\/ticaret.edu.tr\/isletme-bolumu\/en\/"},{"@type":"ListItem","position":2,"name":"CURRICULUM"}]},{"@type":"WebSite","@id":"https:\/\/ticaret.edu.tr\/isletme-bolumu\/en\/#website","url":"https:\/\/ticaret.edu.tr\/isletme-bolumu\/en\/","name":"\u0130\u015fletme","description":"","potentialAction":[{"@type":"SearchAction","target":{"@type":"EntryPoint","urlTemplate":"https:\/\/ticaret.edu.tr\/isletme-bolumu\/en\/?s={search_term_string}"},"query-input":"required name=search_term_string"}],"inLanguage":"tr"}]}},"lang":"en","translations":{"en":908,"tr":14},"pll_sync_post":[],"_links":{"self":[{"href":"http:\/\/ticaret.edu.tr\/isletme-bolumu\/wp-json\/wp\/v2\/pages\/908"}],"collection":[{"href":"http:\/\/ticaret.edu.tr\/isletme-bolumu\/wp-json\/wp\/v2\/pages"}],"about":[{"href":"http:\/\/ticaret.edu.tr\/isletme-bolumu\/wp-json\/wp\/v2\/types\/page"}],"author":[{"embeddable":true,"href":"http:\/\/ticaret.edu.tr\/isletme-bolumu\/wp-json\/wp\/v2\/users\/149"}],"replies":[{"embeddable":true,"href":"http:\/\/ticaret.edu.tr\/isletme-bolumu\/wp-json\/wp\/v2\/comments?post=908"}],"version-history":[{"count":13,"href":"http:\/\/ticaret.edu.tr\/isletme-bolumu\/wp-json\/wp\/v2\/pages\/908\/revisions"}],"predecessor-version":[{"id":2834,"href":"http:\/\/ticaret.edu.tr\/isletme-bolumu\/wp-json\/wp\/v2\/pages\/908\/revisions\/2834"}],"wp:attachment":[{"href":"http:\/\/ticaret.edu.tr\/isletme-bolumu\/wp-json\/wp\/v2\/media?parent=908"}],"curies":[{"name":"wp","href":"https:\/\/api.w.org\/{rel}","templated":true}]}}