{"id":1534,"date":"2025-01-23T11:06:00","date_gmt":"2025-01-23T08:06:00","guid":{"rendered":"https:\/\/ticaret.edu.tr\/isletme-fakultesi\/?page_id=1534"},"modified":"2026-03-04T11:32:41","modified_gmt":"2026-03-04T08:32:41","slug":"fakulte-kurulu","status":"publish","type":"page","link":"http:\/\/ticaret.edu.tr\/isletme-fakultesi\/fakulte-kurulu\/","title":{"rendered":"Fak\u00fclte Kurulu"},"content":{"rendered":"<table width=\"707\">\n<tbody>\n<tr>\n<td width=\"106\">Prof. Dr.<\/td>\n<td width=\"263\">Rahmi Deniz \u00d6ZBAY<\/td>\n<td width=\"330\">Dekan V.<\/td>\n<\/tr>\n<tr>\n<td>Prof. Dr.<\/td>\n<td>Bet\u00fcl G\u00dcR<\/td>\n<td>\u0130ktisat B\u00f6l\u00fcm Ba\u015fkan\u0131<\/td>\n<\/tr>\n<tr>\n<td>Prof. Dr.<\/td>\n<td>Yahya F\u0130DAN<\/td>\n<td>Lojistik Y\u00f6netimi B\u00f6l\u00fcm Ba\u015fkan\u0131<\/td>\n<\/tr>\n<tr>\n<td>Prof. Dr.<\/td>\n<td>Hicabi ERSOY<\/td>\n<td>Finans ve Bankac\u0131l\u0131k (\u0130ngilizce) B\u00f6l\u00fcm Ba\u015fkan\u0131<\/td>\n<\/tr>\n<tr>\n<td>Do\u00e7. Dr.<\/td>\n<td>Nurg\u00fcl KELE\u015e TAY\u015e\u0130R<\/td>\n<td>\u0130\u015fletme (\u0130ngilizce) B\u00f6l\u00fcm Ba\u015fkan\u0131<\/td>\n<\/tr>\n<tr>\n<td>Do\u00e7. Dr.<\/td>\n<td>Ba\u015fak ERDEM \u00c7ANKAYA<\/td>\n<td>Uluslararas\u0131 Ticaret ve Finansman B\u00f6l\u00fcm Ba\u015fkan\u0131<\/td>\n<\/tr>\n<tr>\n<td>Do\u00e7. Dr.<\/td>\n<td>Mehmet SA\u011eLAM<\/td>\n<td>\u0130\u015fletme B\u00f6l\u00fcm Ba\u015fkan\u0131<\/td>\n<\/tr>\n<tr>\n<td>Do\u00e7. Dr.<\/td>\n<td>Cihat K\u00d6KSAL<\/td>\n<td>Uluslararas\u0131 Ticaret (\u0130ngilizce) B\u00f6l\u00fcm Ba\u015fkan\u0131<\/td>\n<\/tr>\n<tr>\n<td>Do\u00e7. Dr.<\/td>\n<td>Sinem SEF\u0130L TANSEVER<\/td>\n<td>\u0130ktisat (\u0130ngilizce) B\u00f6l\u00fcm Ba\u015fkan\u0131<\/td>\n<\/tr>\n<tr>\n<td>Dr. \u00d6\u011fr. \u00dcyesi<\/td>\n<td>Tuncel \u00d6Z<\/td>\n<td>Havac\u0131l\u0131k Y\u00f6netimi B\u00f6l\u00fcm Ba\u015fkan\u0131<\/td>\n<\/tr>\n<tr>\n<td>Dr. \u00d6\u011fr. \u00dcyesi<\/td>\n<td>Umut AYDIN<\/td>\n<td>Y\u00f6netim Bili\u015fim Sistemleri (\u0130ngilizce) B\u00f6l\u00fcm Ba\u015fkan\u0131<\/td>\n<\/tr>\n<tr>\n<td>Prof. Dr.<\/td>\n<td>Serkan \u00c7ANKAYA<\/td>\n<td>Se\u00e7ilmi\u015f \u00dcye<\/td>\n<\/tr>\n<tr>\n<td>Prof. Dr.<\/td>\n<td>\u00d6zg\u00fcr \u00d6mer ERS\u0130N<\/td>\n<td>Se\u00e7ilmi\u015f \u00dcye<\/td>\n<\/tr>\n<tr>\n<td>Prof. Dr.<\/td>\n<td>Ali G\u00d6RENER<\/td>\n<td>Se\u00e7ilmi\u015f \u00dcye<\/td>\n<\/tr>\n<tr>\n<td>Do\u00e7. Dr.<\/td>\n<td>A\u015fk\u0131m Nurdan T\u00dcMBEK TEKEO\u011eLU<\/td>\n<td>Se\u00e7ilmi\u015f \u00dcye<\/td>\n<\/tr>\n<tr>\n<td>Do\u00e7. Dr.<\/td>\n<td>Ufuk BA\u015eAR<\/td>\n<td>Se\u00e7ilmi\u015f \u00dcye<\/td>\n<\/tr>\n<tr>\n<td>Dr. \u00d6\u011fr. \u00dcyesi<\/td>\n<td>Mefule FINDIK\u00c7I ERDO\u011eAN<\/td>\n<td>Se\u00e7ilmi\u015f \u00dcye<\/td>\n<\/tr>\n<\/tbody>\n<\/table>\n","protected":false},"excerpt":{"rendered":"<p>Prof. Dr. Rahmi Deniz \u00d6ZBAY Dekan V. Prof. Dr. Bet\u00fcl G\u00dcR \u0130ktisat B\u00f6l\u00fcm Ba\u015fkan\u0131 Prof. Dr. Yahya F\u0130DAN Lojistik Y\u00f6netimi B\u00f6l\u00fcm Ba\u015fkan\u0131 Prof. Dr. Hicabi ERSOY Finans ve Bankac\u0131l\u0131k (\u0130ngilizce) B\u00f6l\u00fcm Ba\u015fkan\u0131 Do\u00e7. Dr. Nurg\u00fcl KELE\u015e TAY\u015e\u0130R \u0130\u015fletme (\u0130ngilizce) B\u00f6l\u00fcm Ba\u015fkan\u0131 Do\u00e7. Dr. Ba\u015fak ERDEM \u00c7ANKAYA Uluslararas\u0131 Ticaret ve Finansman B\u00f6l\u00fcm Ba\u015fkan\u0131 Do\u00e7. Dr. Mehmet [&hellip;]<\/p>\n","protected":false},"author":53,"featured_media":0,"parent":0,"menu_order":0,"comment_status":"closed","ping_status":"closed","template":"genel_sayfa.php","meta":{"footnotes":""},"yoast_head":"<!-- This site is optimized with the Yoast SEO Premium plugin v22.1 (Yoast SEO v22.1) - https:\/\/yoast.com\/wordpress\/plugins\/seo\/ -->\n<title>Fak\u00fclte Kurulu - \u0130\u015fletme Fak\u00fcltesi<\/title>\n<meta name=\"robots\" content=\"index, follow, max-snippet:-1, max-image-preview:large, max-video-preview:-1\" \/>\n<link rel=\"canonical\" href=\"https:\/\/ticaret.edu.tr\/isletme-fakultesi\/fakulte-kurulu\/\" \/>\n<meta property=\"og:locale\" content=\"tr_TR\" \/>\n<meta property=\"og:type\" content=\"article\" \/>\n<meta property=\"og:title\" content=\"Fak\u00fclte Kurulu\" \/>\n<meta property=\"og:description\" content=\"Prof. Dr. Rahmi Deniz \u00d6ZBAY Dekan V. Prof. Dr. Bet\u00fcl G\u00dcR \u0130ktisat B\u00f6l\u00fcm Ba\u015fkan\u0131 Prof. Dr. Yahya F\u0130DAN Lojistik Y\u00f6netimi B\u00f6l\u00fcm Ba\u015fkan\u0131 Prof. Dr. Hicabi ERSOY Finans ve Bankac\u0131l\u0131k (\u0130ngilizce) B\u00f6l\u00fcm Ba\u015fkan\u0131 Do\u00e7. Dr. Nurg\u00fcl KELE\u015e TAY\u015e\u0130R \u0130\u015fletme (\u0130ngilizce) B\u00f6l\u00fcm Ba\u015fkan\u0131 Do\u00e7. Dr. Ba\u015fak ERDEM \u00c7ANKAYA Uluslararas\u0131 Ticaret ve Finansman B\u00f6l\u00fcm Ba\u015fkan\u0131 Do\u00e7. Dr. Mehmet [&hellip;]\" \/>\n<meta property=\"og:url\" content=\"https:\/\/ticaret.edu.tr\/isletme-fakultesi\/fakulte-kurulu\/\" \/>\n<meta property=\"og:site_name\" content=\"\u0130\u015fletme Fak\u00fcltesi\" \/>\n<meta property=\"article:publisher\" content=\"https:\/\/www.facebook.com\/ticaretedutr\" \/>\n<meta property=\"article:modified_time\" content=\"2026-03-04T08:32:41+00:00\" \/>\n<meta property=\"og:image\" content=\"http:\/\/ticaret.edu.tr\/isletme-fakultesi\/wp-content\/uploads\/sites\/7\/2021\/11\/web_logo-01.jpg\" \/>\n\t<meta property=\"og:image:width\" content=\"1250\" \/>\n\t<meta property=\"og:image:height\" content=\"833\" \/>\n\t<meta property=\"og:image:type\" content=\"image\/jpeg\" \/>\n<meta name=\"twitter:card\" content=\"summary_large_image\" \/>\n<meta name=\"twitter:site\" content=\"@ticaretedutr\" \/>\n<meta name=\"twitter:label1\" content=\"Tahmini okuma s\u00fcresi\" \/>\n\t<meta name=\"twitter:data1\" content=\"1 dakika\" \/>\n<script type=\"application\/ld+json\" class=\"yoast-schema-graph\">{\"@context\":\"https:\/\/schema.org\",\"@graph\":[{\"@type\":\"WebPage\",\"@id\":\"https:\/\/ticaret.edu.tr\/isletme-fakultesi\/fakulte-kurulu\/\",\"url\":\"https:\/\/ticaret.edu.tr\/isletme-fakultesi\/fakulte-kurulu\/\",\"name\":\"Fak\u00fclte Kurulu - \u0130\u015fletme Fak\u00fcltesi\",\"isPartOf\":{\"@id\":\"http:\/\/ticaret.edu.tr\/isletme-fakultesi\/#website\"},\"datePublished\":\"2025-01-23T08:06:00+00:00\",\"dateModified\":\"2026-03-04T08:32:41+00:00\",\"breadcrumb\":{\"@id\":\"https:\/\/ticaret.edu.tr\/isletme-fakultesi\/fakulte-kurulu\/#breadcrumb\"},\"inLanguage\":\"tr\",\"potentialAction\":[{\"@type\":\"ReadAction\",\"target\":[\"https:\/\/ticaret.edu.tr\/isletme-fakultesi\/fakulte-kurulu\/\"]}]},{\"@type\":\"BreadcrumbList\",\"@id\":\"https:\/\/ticaret.edu.tr\/isletme-fakultesi\/fakulte-kurulu\/#breadcrumb\",\"itemListElement\":[{\"@type\":\"ListItem\",\"position\":1,\"name\":\"Ana sayfa\",\"item\":\"http:\/\/ticaret.edu.tr\/isletme-fakultesi\/\"},{\"@type\":\"ListItem\",\"position\":2,\"name\":\"Fak\u00fclte Kurulu\"}]},{\"@type\":\"WebSite\",\"@id\":\"http:\/\/ticaret.edu.tr\/isletme-fakultesi\/#website\",\"url\":\"http:\/\/ticaret.edu.tr\/isletme-fakultesi\/\",\"name\":\"\u0130\u015fletme Fak\u00fcltesi\",\"description\":\"\",\"potentialAction\":[{\"@type\":\"SearchAction\",\"target\":{\"@type\":\"EntryPoint\",\"urlTemplate\":\"http:\/\/ticaret.edu.tr\/isletme-fakultesi\/?s={search_term_string}\"},\"query-input\":\"required name=search_term_string\"}],\"inLanguage\":\"tr\"}]}<\/script>\n<!-- \/ Yoast SEO Premium plugin. -->","yoast_head_json":{"title":"Fak\u00fclte Kurulu - \u0130\u015fletme Fak\u00fcltesi","robots":{"index":"index","follow":"follow","max-snippet":"max-snippet:-1","max-image-preview":"max-image-preview:large","max-video-preview":"max-video-preview:-1"},"canonical":"https:\/\/ticaret.edu.tr\/isletme-fakultesi\/fakulte-kurulu\/","og_locale":"tr_TR","og_type":"article","og_title":"Fak\u00fclte Kurulu","og_description":"Prof. Dr. Rahmi Deniz \u00d6ZBAY Dekan V. Prof. Dr. Bet\u00fcl G\u00dcR \u0130ktisat B\u00f6l\u00fcm Ba\u015fkan\u0131 Prof. Dr. Yahya F\u0130DAN Lojistik Y\u00f6netimi B\u00f6l\u00fcm Ba\u015fkan\u0131 Prof. Dr. Hicabi ERSOY Finans ve Bankac\u0131l\u0131k (\u0130ngilizce) B\u00f6l\u00fcm Ba\u015fkan\u0131 Do\u00e7. Dr. Nurg\u00fcl KELE\u015e TAY\u015e\u0130R \u0130\u015fletme (\u0130ngilizce) B\u00f6l\u00fcm Ba\u015fkan\u0131 Do\u00e7. Dr. Ba\u015fak ERDEM \u00c7ANKAYA Uluslararas\u0131 Ticaret ve Finansman B\u00f6l\u00fcm Ba\u015fkan\u0131 Do\u00e7. Dr. Mehmet [&hellip;]","og_url":"https:\/\/ticaret.edu.tr\/isletme-fakultesi\/fakulte-kurulu\/","og_site_name":"\u0130\u015fletme Fak\u00fcltesi","article_publisher":"https:\/\/www.facebook.com\/ticaretedutr","article_modified_time":"2026-03-04T08:32:41+00:00","og_image":[{"width":1250,"height":833,"url":"http:\/\/ticaret.edu.tr\/isletme-fakultesi\/wp-content\/uploads\/sites\/7\/2021\/11\/web_logo-01.jpg","type":"image\/jpeg"}],"twitter_card":"summary_large_image","twitter_site":"@ticaretedutr","twitter_misc":{"Tahmini okuma s\u00fcresi":"1 dakika"},"schema":{"@context":"https:\/\/schema.org","@graph":[{"@type":"WebPage","@id":"https:\/\/ticaret.edu.tr\/isletme-fakultesi\/fakulte-kurulu\/","url":"https:\/\/ticaret.edu.tr\/isletme-fakultesi\/fakulte-kurulu\/","name":"Fak\u00fclte Kurulu - \u0130\u015fletme Fak\u00fcltesi","isPartOf":{"@id":"http:\/\/ticaret.edu.tr\/isletme-fakultesi\/#website"},"datePublished":"2025-01-23T08:06:00+00:00","dateModified":"2026-03-04T08:32:41+00:00","breadcrumb":{"@id":"https:\/\/ticaret.edu.tr\/isletme-fakultesi\/fakulte-kurulu\/#breadcrumb"},"inLanguage":"tr","potentialAction":[{"@type":"ReadAction","target":["https:\/\/ticaret.edu.tr\/isletme-fakultesi\/fakulte-kurulu\/"]}]},{"@type":"BreadcrumbList","@id":"https:\/\/ticaret.edu.tr\/isletme-fakultesi\/fakulte-kurulu\/#breadcrumb","itemListElement":[{"@type":"ListItem","position":1,"name":"Ana sayfa","item":"http:\/\/ticaret.edu.tr\/isletme-fakultesi\/"},{"@type":"ListItem","position":2,"name":"Fak\u00fclte Kurulu"}]},{"@type":"WebSite","@id":"http:\/\/ticaret.edu.tr\/isletme-fakultesi\/#website","url":"http:\/\/ticaret.edu.tr\/isletme-fakultesi\/","name":"\u0130\u015fletme Fak\u00fcltesi","description":"","potentialAction":[{"@type":"SearchAction","target":{"@type":"EntryPoint","urlTemplate":"http:\/\/ticaret.edu.tr\/isletme-fakultesi\/?s={search_term_string}"},"query-input":"required name=search_term_string"}],"inLanguage":"tr"}]}},"lang":"tr","translations":{"en":1579,"tr":1534},"pll_sync_post":[],"_links":{"self":[{"href":"http:\/\/ticaret.edu.tr\/isletme-fakultesi\/wp-json\/wp\/v2\/pages\/1534"}],"collection":[{"href":"http:\/\/ticaret.edu.tr\/isletme-fakultesi\/wp-json\/wp\/v2\/pages"}],"about":[{"href":"http:\/\/ticaret.edu.tr\/isletme-fakultesi\/wp-json\/wp\/v2\/types\/page"}],"author":[{"embeddable":true,"href":"http:\/\/ticaret.edu.tr\/isletme-fakultesi\/wp-json\/wp\/v2\/users\/53"}],"replies":[{"embeddable":true,"href":"http:\/\/ticaret.edu.tr\/isletme-fakultesi\/wp-json\/wp\/v2\/comments?post=1534"}],"version-history":[{"count":11,"href":"http:\/\/ticaret.edu.tr\/isletme-fakultesi\/wp-json\/wp\/v2\/pages\/1534\/revisions"}],"predecessor-version":[{"id":2473,"href":"http:\/\/ticaret.edu.tr\/isletme-fakultesi\/wp-json\/wp\/v2\/pages\/1534\/revisions\/2473"}],"wp:attachment":[{"href":"http:\/\/ticaret.edu.tr\/isletme-fakultesi\/wp-json\/wp\/v2\/media?parent=1534"}],"curies":[{"name":"wp","href":"https:\/\/api.w.org\/{rel}","templated":true}]}}