{"id":1544,"date":"2025-01-23T11:06:23","date_gmt":"2025-01-23T08:06:23","guid":{"rendered":"https:\/\/ticaret.edu.tr\/isletme-fakultesi\/?page_id=1544"},"modified":"2026-01-15T14:59:33","modified_gmt":"2026-01-15T11:59:33","slug":"is-akislari","status":"publish","type":"page","link":"http:\/\/ticaret.edu.tr\/isletme-fakultesi\/is-akislari\/","title":{"rendered":"\u0130\u015f Ak\u0131\u015flar\u0131"},"content":{"rendered":"<ol>\n<li>\n<h2><a href=\"http:\/\/ticaret.edu.tr\/isletme-fakultesi\/wp-content\/uploads\/sites\/7\/2026\/01\/FKL.ORG_.01-Fakulte-Organizasyon-Semasi.pdf\">Fak\u00fclte Organizasyon \u015eemas\u0131<\/a><\/h2>\n<\/li>\n<li>\n<h2><a href=\"http:\/\/ticaret.edu.tr\/isletme-fakultesi\/wp-content\/uploads\/sites\/7\/2026\/01\/FKL.IA_.10-Mazeret-Sinavi-Basvuru-Uygulamalari-Is-Akis-Semasi.pdf\">Mazeret S\u0131nav\u0131 Ba\u015fvuru Uygulamalar\u0131 \u0130\u015f Ak\u0131\u015f \u015eemas\u0131<\/a><\/h2>\n<\/li>\n<li>\n<h2><a href=\"http:\/\/ticaret.edu.tr\/isletme-fakultesi\/wp-content\/uploads\/sites\/7\/2026\/01\/FKL.IA_.12-Ders-Notu-Itiraz-Sureci-Is-Akis-Semasi.pdf\">Ders Notu \u0130tiraz S\u00fcreci \u0130\u015f Ak\u0131\u015f \u015eemas\u0131<\/a><\/h2>\n<\/li>\n<li>\n<h2><a href=\"http:\/\/ticaret.edu.tr\/isletme-fakultesi\/wp-content\/uploads\/sites\/7\/2026\/01\/FKL.IA_.17-Ders-Akademik-Danismanligi-Is-Akis-Semasi.pdf\">Ders Akademik Dan\u0131\u015fmanl\u0131\u011f\u0131 \u0130\u015f Ak\u0131\u015f \u015eemas\u0131<\/a><\/h2>\n<\/li>\n<li>\n<h2><a href=\"http:\/\/ticaret.edu.tr\/isletme-fakultesi\/wp-content\/uploads\/sites\/7\/2026\/01\/FKL.IA_.20-Yaz-Ogretiminde-Universitemizde-Acilmayan-Dersler-Icin-Diger-Universitelerden-Ders-Alma-Talebi-Is-Akis-Semasi.pdf\"> Yaz \u00d6\u011fretiminde \u00dcniversitemizde A\u00e7\u0131lmayan Dersler \u0130\u00e7in Di\u011fer \u00dcniversitelerden Ders Alma Talebi \u0130\u015f Ak\u0131\u015f \u015eemas\u0131<\/a><\/h2>\n<\/li>\n<li>\n<h2><a href=\"http:\/\/ticaret.edu.tr\/isletme-fakultesi\/wp-content\/uploads\/sites\/7\/2026\/01\/FKL.IA_.25-Akreditasyon-Sureci-Is-Akis-Semasi.pdf\">Akreditasyon S\u00fcreci \u0130\u015f Ak\u0131\u015f \u015eemas\u0131<\/a><\/h2>\n<\/li>\n<li>\n<h2><a href=\"http:\/\/ticaret.edu.tr\/isletme-fakultesi\/wp-content\/uploads\/sites\/7\/2026\/01\/FKL.IA_.02-Muafiyet-ve-Intibak-Islemleri-Is-Akis-Semasi.pdf\">Muafiyet ve \u0130ntibak \u0130\u015flemleri \u0130\u015f Ak\u0131\u015f \u015eemas\u0131<\/a><\/h2>\n<\/li>\n<\/ol>\n","protected":false},"excerpt":{"rendered":"<p>Fak\u00fclte Organizasyon \u015eemas\u0131 Mazeret S\u0131nav\u0131 Ba\u015fvuru Uygulamalar\u0131 \u0130\u015f Ak\u0131\u015f \u015eemas\u0131 Ders Notu \u0130tiraz S\u00fcreci \u0130\u015f Ak\u0131\u015f \u015eemas\u0131 Ders Akademik Dan\u0131\u015fmanl\u0131\u011f\u0131 \u0130\u015f Ak\u0131\u015f \u015eemas\u0131 Yaz \u00d6\u011fretiminde \u00dcniversitemizde A\u00e7\u0131lmayan Dersler \u0130\u00e7in Di\u011fer \u00dcniversitelerden Ders Alma Talebi \u0130\u015f Ak\u0131\u015f \u015eemas\u0131 Akreditasyon S\u00fcreci \u0130\u015f Ak\u0131\u015f \u015eemas\u0131 Muafiyet ve \u0130ntibak \u0130\u015flemleri \u0130\u015f Ak\u0131\u015f \u015eemas\u0131<\/p>\n","protected":false},"author":53,"featured_media":0,"parent":0,"menu_order":0,"comment_status":"closed","ping_status":"closed","template":"genel_sayfa.php","meta":{"footnotes":""},"yoast_head":"<!-- This site is optimized with the Yoast SEO Premium plugin v22.1 (Yoast SEO v22.1) - https:\/\/yoast.com\/wordpress\/plugins\/seo\/ -->\n<title>\u0130\u015f Ak\u0131\u015flar\u0131 - \u0130\u015fletme Fak\u00fcltesi<\/title>\n<meta name=\"robots\" content=\"index, follow, max-snippet:-1, max-image-preview:large, max-video-preview:-1\" \/>\n<link rel=\"canonical\" href=\"https:\/\/ticaret.edu.tr\/isletme-fakultesi\/is-akislari\/\" \/>\n<meta property=\"og:locale\" content=\"tr_TR\" \/>\n<meta property=\"og:type\" content=\"article\" \/>\n<meta property=\"og:title\" content=\"\u0130\u015f Ak\u0131\u015flar\u0131\" \/>\n<meta property=\"og:description\" content=\"Fak\u00fclte Organizasyon \u015eemas\u0131 Mazeret S\u0131nav\u0131 Ba\u015fvuru Uygulamalar\u0131 \u0130\u015f Ak\u0131\u015f \u015eemas\u0131 Ders Notu \u0130tiraz S\u00fcreci \u0130\u015f Ak\u0131\u015f \u015eemas\u0131 Ders Akademik Dan\u0131\u015fmanl\u0131\u011f\u0131 \u0130\u015f Ak\u0131\u015f \u015eemas\u0131 Yaz \u00d6\u011fretiminde \u00dcniversitemizde A\u00e7\u0131lmayan Dersler \u0130\u00e7in Di\u011fer \u00dcniversitelerden Ders Alma Talebi \u0130\u015f Ak\u0131\u015f \u015eemas\u0131 Akreditasyon S\u00fcreci \u0130\u015f Ak\u0131\u015f \u015eemas\u0131 Muafiyet ve \u0130ntibak \u0130\u015flemleri \u0130\u015f Ak\u0131\u015f \u015eemas\u0131\" \/>\n<meta property=\"og:url\" content=\"https:\/\/ticaret.edu.tr\/isletme-fakultesi\/is-akislari\/\" \/>\n<meta property=\"og:site_name\" content=\"\u0130\u015fletme Fak\u00fcltesi\" \/>\n<meta property=\"article:publisher\" content=\"https:\/\/www.facebook.com\/ticaretedutr\" \/>\n<meta property=\"article:modified_time\" content=\"2026-01-15T11:59:33+00:00\" \/>\n<meta property=\"og:image\" content=\"http:\/\/ticaret.edu.tr\/isletme-fakultesi\/wp-content\/uploads\/sites\/7\/2021\/11\/web_logo-01.jpg\" \/>\n\t<meta property=\"og:image:width\" content=\"1250\" \/>\n\t<meta property=\"og:image:height\" content=\"833\" \/>\n\t<meta property=\"og:image:type\" content=\"image\/jpeg\" \/>\n<meta name=\"twitter:card\" content=\"summary_large_image\" \/>\n<meta name=\"twitter:site\" content=\"@ticaretedutr\" \/>\n<meta name=\"twitter:label1\" content=\"Tahmini okuma s\u00fcresi\" \/>\n\t<meta name=\"twitter:data1\" content=\"1 dakika\" \/>\n<script type=\"application\/ld+json\" class=\"yoast-schema-graph\">{\"@context\":\"https:\/\/schema.org\",\"@graph\":[{\"@type\":\"WebPage\",\"@id\":\"https:\/\/ticaret.edu.tr\/isletme-fakultesi\/is-akislari\/\",\"url\":\"https:\/\/ticaret.edu.tr\/isletme-fakultesi\/is-akislari\/\",\"name\":\"\u0130\u015f Ak\u0131\u015flar\u0131 - \u0130\u015fletme Fak\u00fcltesi\",\"isPartOf\":{\"@id\":\"http:\/\/ticaret.edu.tr\/isletme-fakultesi\/en\/#website\"},\"datePublished\":\"2025-01-23T08:06:23+00:00\",\"dateModified\":\"2026-01-15T11:59:33+00:00\",\"breadcrumb\":{\"@id\":\"https:\/\/ticaret.edu.tr\/isletme-fakultesi\/is-akislari\/#breadcrumb\"},\"inLanguage\":\"tr\",\"potentialAction\":[{\"@type\":\"ReadAction\",\"target\":[\"https:\/\/ticaret.edu.tr\/isletme-fakultesi\/is-akislari\/\"]}]},{\"@type\":\"BreadcrumbList\",\"@id\":\"https:\/\/ticaret.edu.tr\/isletme-fakultesi\/is-akislari\/#breadcrumb\",\"itemListElement\":[{\"@type\":\"ListItem\",\"position\":1,\"name\":\"Ana sayfa\",\"item\":\"https:\/\/ticaret.edu.tr\/isletme-fakultesi\/\"},{\"@type\":\"ListItem\",\"position\":2,\"name\":\"\u0130\u015f Ak\u0131\u015flar\u0131\"}]},{\"@type\":\"WebSite\",\"@id\":\"http:\/\/ticaret.edu.tr\/isletme-fakultesi\/en\/#website\",\"url\":\"http:\/\/ticaret.edu.tr\/isletme-fakultesi\/en\/\",\"name\":\"\u0130\u015fletme Fak\u00fcltesi\",\"description\":\"\",\"potentialAction\":[{\"@type\":\"SearchAction\",\"target\":{\"@type\":\"EntryPoint\",\"urlTemplate\":\"http:\/\/ticaret.edu.tr\/isletme-fakultesi\/en\/?s={search_term_string}\"},\"query-input\":\"required name=search_term_string\"}],\"inLanguage\":\"tr\"}]}<\/script>\n<!-- \/ Yoast SEO Premium plugin. -->","yoast_head_json":{"title":"\u0130\u015f Ak\u0131\u015flar\u0131 - \u0130\u015fletme Fak\u00fcltesi","robots":{"index":"index","follow":"follow","max-snippet":"max-snippet:-1","max-image-preview":"max-image-preview:large","max-video-preview":"max-video-preview:-1"},"canonical":"https:\/\/ticaret.edu.tr\/isletme-fakultesi\/is-akislari\/","og_locale":"tr_TR","og_type":"article","og_title":"\u0130\u015f Ak\u0131\u015flar\u0131","og_description":"Fak\u00fclte Organizasyon \u015eemas\u0131 Mazeret S\u0131nav\u0131 Ba\u015fvuru Uygulamalar\u0131 \u0130\u015f Ak\u0131\u015f \u015eemas\u0131 Ders Notu \u0130tiraz S\u00fcreci \u0130\u015f Ak\u0131\u015f \u015eemas\u0131 Ders Akademik Dan\u0131\u015fmanl\u0131\u011f\u0131 \u0130\u015f Ak\u0131\u015f \u015eemas\u0131 Yaz \u00d6\u011fretiminde \u00dcniversitemizde A\u00e7\u0131lmayan Dersler \u0130\u00e7in Di\u011fer \u00dcniversitelerden Ders Alma Talebi \u0130\u015f Ak\u0131\u015f \u015eemas\u0131 Akreditasyon S\u00fcreci \u0130\u015f Ak\u0131\u015f \u015eemas\u0131 Muafiyet ve \u0130ntibak \u0130\u015flemleri \u0130\u015f Ak\u0131\u015f \u015eemas\u0131","og_url":"https:\/\/ticaret.edu.tr\/isletme-fakultesi\/is-akislari\/","og_site_name":"\u0130\u015fletme Fak\u00fcltesi","article_publisher":"https:\/\/www.facebook.com\/ticaretedutr","article_modified_time":"2026-01-15T11:59:33+00:00","og_image":[{"width":1250,"height":833,"url":"http:\/\/ticaret.edu.tr\/isletme-fakultesi\/wp-content\/uploads\/sites\/7\/2021\/11\/web_logo-01.jpg","type":"image\/jpeg"}],"twitter_card":"summary_large_image","twitter_site":"@ticaretedutr","twitter_misc":{"Tahmini okuma s\u00fcresi":"1 dakika"},"schema":{"@context":"https:\/\/schema.org","@graph":[{"@type":"WebPage","@id":"https:\/\/ticaret.edu.tr\/isletme-fakultesi\/is-akislari\/","url":"https:\/\/ticaret.edu.tr\/isletme-fakultesi\/is-akislari\/","name":"\u0130\u015f Ak\u0131\u015flar\u0131 - \u0130\u015fletme Fak\u00fcltesi","isPartOf":{"@id":"http:\/\/ticaret.edu.tr\/isletme-fakultesi\/en\/#website"},"datePublished":"2025-01-23T08:06:23+00:00","dateModified":"2026-01-15T11:59:33+00:00","breadcrumb":{"@id":"https:\/\/ticaret.edu.tr\/isletme-fakultesi\/is-akislari\/#breadcrumb"},"inLanguage":"tr","potentialAction":[{"@type":"ReadAction","target":["https:\/\/ticaret.edu.tr\/isletme-fakultesi\/is-akislari\/"]}]},{"@type":"BreadcrumbList","@id":"https:\/\/ticaret.edu.tr\/isletme-fakultesi\/is-akislari\/#breadcrumb","itemListElement":[{"@type":"ListItem","position":1,"name":"Ana sayfa","item":"https:\/\/ticaret.edu.tr\/isletme-fakultesi\/"},{"@type":"ListItem","position":2,"name":"\u0130\u015f Ak\u0131\u015flar\u0131"}]},{"@type":"WebSite","@id":"http:\/\/ticaret.edu.tr\/isletme-fakultesi\/en\/#website","url":"http:\/\/ticaret.edu.tr\/isletme-fakultesi\/en\/","name":"\u0130\u015fletme Fak\u00fcltesi","description":"","potentialAction":[{"@type":"SearchAction","target":{"@type":"EntryPoint","urlTemplate":"http:\/\/ticaret.edu.tr\/isletme-fakultesi\/en\/?s={search_term_string}"},"query-input":"required name=search_term_string"}],"inLanguage":"tr"}]}},"lang":"tr","translations":{"en":1589,"tr":1544},"pll_sync_post":[],"_links":{"self":[{"href":"http:\/\/ticaret.edu.tr\/isletme-fakultesi\/wp-json\/wp\/v2\/pages\/1544"}],"collection":[{"href":"http:\/\/ticaret.edu.tr\/isletme-fakultesi\/wp-json\/wp\/v2\/pages"}],"about":[{"href":"http:\/\/ticaret.edu.tr\/isletme-fakultesi\/wp-json\/wp\/v2\/types\/page"}],"author":[{"embeddable":true,"href":"http:\/\/ticaret.edu.tr\/isletme-fakultesi\/wp-json\/wp\/v2\/users\/53"}],"replies":[{"embeddable":true,"href":"http:\/\/ticaret.edu.tr\/isletme-fakultesi\/wp-json\/wp\/v2\/comments?post=1544"}],"version-history":[{"count":8,"href":"http:\/\/ticaret.edu.tr\/isletme-fakultesi\/wp-json\/wp\/v2\/pages\/1544\/revisions"}],"predecessor-version":[{"id":2316,"href":"http:\/\/ticaret.edu.tr\/isletme-fakultesi\/wp-json\/wp\/v2\/pages\/1544\/revisions\/2316"}],"wp:attachment":[{"href":"http:\/\/ticaret.edu.tr\/isletme-fakultesi\/wp-json\/wp\/v2\/media?parent=1544"}],"curies":[{"name":"wp","href":"https:\/\/api.w.org\/{rel}","templated":true}]}}