{"id":1701,"date":"2025-02-12T16:56:07","date_gmt":"2025-02-12T13:56:07","guid":{"rendered":"https:\/\/ticaret.edu.tr\/isletme-fakultesi\/?page_id=1701"},"modified":"2026-04-01T09:26:34","modified_gmt":"2026-04-01T06:26:34","slug":"units-quality-ambassadors","status":"publish","type":"page","link":"http:\/\/ticaret.edu.tr\/isletme-fakultesi\/en\/units-quality-ambassadors\/","title":{"rendered":"Unit&#8217;s Quality Ambassadors"},"content":{"rendered":"<table data-path-to-node=\"2\">\n<thead>\n<tr>\n<td><strong>Name &amp; Title<\/strong><\/td>\n<td><strong>Department \/ Affiliation<\/strong><\/td>\n<\/tr>\n<\/thead>\n<tbody>\n<tr>\n<td><span data-path-to-node=\"2,1,0,0\"><b data-path-to-node=\"2,1,0,0\" data-index-in-node=\"0\">Asst. Prof. Dr. Nihan YAVUZ AKSAKAL<\/b><\/span><\/td>\n<td><span data-path-to-node=\"2,1,1,0\">Faculty of Business<\/span><\/td>\n<\/tr>\n<tr>\n<td><span data-path-to-node=\"2,2,0,0\"><b data-path-to-node=\"2,2,0,0\" data-index-in-node=\"0\">Asst. Prof. Dr. O\u011fuz \u015e\u0130M\u015eEK<\/b><\/span><\/td>\n<td><span data-path-to-node=\"2,2,1,0\">Department of Finance and Banking (English)<\/span><\/td>\n<\/tr>\n<tr>\n<td><span data-path-to-node=\"2,3,0,0\"><b data-path-to-node=\"2,3,0,0\" data-index-in-node=\"0\">Res. Asst. \u015e\u00fckr\u00fc BUDAK<\/b><\/span><\/td>\n<td><span data-path-to-node=\"2,3,1,0\">Department of Aviation Management<\/span><\/td>\n<\/tr>\n<tr>\n<td><span data-path-to-node=\"2,4,0,0\"><b data-path-to-node=\"2,4,0,0\" data-index-in-node=\"0\">Res. Asst. H\u00fcseyin Can HACIBEBEKO\u011eLU<\/b><\/span><\/td>\n<td><span data-path-to-node=\"2,4,1,0\">Department of Economics (English)<\/span><\/td>\n<\/tr>\n<tr>\n<td><span data-path-to-node=\"2,5,0,0\"><b data-path-to-node=\"2,5,0,0\" data-index-in-node=\"0\">Res. Asst. Sercan YILDIZ<\/b><\/span><\/td>\n<td><span data-path-to-node=\"2,5,1,0\">Department of Economics<\/span><\/td>\n<\/tr>\n<tr>\n<td><span data-path-to-node=\"2,6,0,0\"><b data-path-to-node=\"2,6,0,0\" data-index-in-node=\"0\">Res. Asst. Merve \u00c7EL\u0130K KURTULU\u015e<\/b><\/span><\/td>\n<td><span data-path-to-node=\"2,6,1,0\">Department of Business Administration (English)<\/span><\/td>\n<\/tr>\n<tr>\n<td><span data-path-to-node=\"2,7,0,0\"><b data-path-to-node=\"2,7,0,0\" data-index-in-node=\"0\">Res. Asst. H\u00fcmeyra Nur HAT\u0130PO\u011eLU<\/b><\/span><\/td>\n<td><span data-path-to-node=\"2,7,1,0\">Department of Business Administration<\/span><\/td>\n<\/tr>\n<tr>\n<td><span data-path-to-node=\"2,8,0,0\"><b data-path-to-node=\"2,8,0,0\" data-index-in-node=\"0\">Res. Asst. Bayram \u015e\u0130R\u0130N<\/b><\/span><\/td>\n<td><span data-path-to-node=\"2,8,1,0\">Department of Logistics Management<\/span><\/td>\n<\/tr>\n<tr>\n<td><span data-path-to-node=\"2,9,0,0\"><b data-path-to-node=\"2,9,0,0\" data-index-in-node=\"0\">Res. Asst. Do\u011fan Mert AKDEM\u0130R<\/b><\/span><\/td>\n<td><span data-path-to-node=\"2,9,1,0\">Department of International Trade (English)<\/span><\/td>\n<\/tr>\n<tr>\n<td><span data-path-to-node=\"2,10,0,0\"><b data-path-to-node=\"2,10,0,0\" data-index-in-node=\"0\">Res. Asst. Hilal \u00d6ZKANCA<\/b><\/span><\/td>\n<td><span data-path-to-node=\"2,10,1,0\">Department of International Trade and Finance<\/span><\/td>\n<\/tr>\n<tr>\n<td><span data-path-to-node=\"2,11,0,0\"><b data-path-to-node=\"2,11,0,0\" data-index-in-node=\"0\">Res. Asst. Talha KARADAYI<\/b><\/span><\/td>\n<td><span data-path-to-node=\"2,11,1,0\">Department of Management Information Systems (English)<\/span><\/td>\n<\/tr>\n<\/tbody>\n<\/table>\n","protected":false},"excerpt":{"rendered":"<p>Name &amp; Title Department \/ Affiliation Asst. Prof. Dr. Nihan YAVUZ AKSAKAL Faculty of Business Asst. Prof. Dr. O\u011fuz \u015e\u0130M\u015eEK Department of Finance and Banking (English) Res. Asst. \u015e\u00fckr\u00fc BUDAK Department of Aviation Management Res. Asst. H\u00fcseyin Can HACIBEBEKO\u011eLU Department of Economics (English) Res. Asst. Sercan YILDIZ Department of Economics Res. Asst. Merve \u00c7EL\u0130K KURTULU\u015e [&hellip;]<\/p>\n","protected":false},"author":228,"featured_media":0,"parent":0,"menu_order":0,"comment_status":"closed","ping_status":"closed","template":"genel_sayfa.php","meta":{"footnotes":""},"yoast_head":"<!-- This site is optimized with the Yoast SEO Premium plugin v22.1 (Yoast SEO v22.1) - https:\/\/yoast.com\/wordpress\/plugins\/seo\/ -->\n<title>Unit&#039;s Quality Ambassadors - \u0130\u015fletme Fak\u00fcltesi<\/title>\n<meta name=\"robots\" content=\"index, follow, max-snippet:-1, max-image-preview:large, max-video-preview:-1\" \/>\n<link rel=\"canonical\" href=\"https:\/\/ticaret.edu.tr\/isletme-fakultesi\/en\/units-quality-ambassadors\/\" \/>\n<meta property=\"og:locale\" content=\"tr_TR\" \/>\n<meta property=\"og:type\" content=\"article\" \/>\n<meta property=\"og:title\" content=\"Unit&#039;s Quality Ambassadors\" \/>\n<meta property=\"og:description\" content=\"Name &amp; Title Department \/ Affiliation Asst. Prof. Dr. Nihan YAVUZ AKSAKAL Faculty of Business Asst. Prof. Dr. O\u011fuz \u015e\u0130M\u015eEK Department of Finance and Banking (English) Res. Asst. \u015e\u00fckr\u00fc BUDAK Department of Aviation Management Res. Asst. H\u00fcseyin Can HACIBEBEKO\u011eLU Department of Economics (English) Res. Asst. Sercan YILDIZ Department of Economics Res. Asst. Merve \u00c7EL\u0130K KURTULU\u015e [&hellip;]\" \/>\n<meta property=\"og:url\" content=\"https:\/\/ticaret.edu.tr\/isletme-fakultesi\/en\/units-quality-ambassadors\/\" \/>\n<meta property=\"og:site_name\" content=\"\u0130\u015fletme Fak\u00fcltesi\" \/>\n<meta property=\"article:publisher\" content=\"https:\/\/www.facebook.com\/ticaretedutr\" \/>\n<meta property=\"article:modified_time\" content=\"2026-04-01T06:26:34+00:00\" \/>\n<meta property=\"og:image\" content=\"http:\/\/ticaret.edu.tr\/isletme-fakultesi\/wp-content\/uploads\/sites\/7\/2021\/11\/web_logo-01.jpg\" \/>\n\t<meta property=\"og:image:width\" content=\"1250\" \/>\n\t<meta property=\"og:image:height\" content=\"833\" \/>\n\t<meta property=\"og:image:type\" content=\"image\/jpeg\" \/>\n<meta name=\"twitter:card\" content=\"summary_large_image\" \/>\n<meta name=\"twitter:site\" content=\"@ticaretedutr\" \/>\n<meta name=\"twitter:label1\" content=\"Tahmini okuma s\u00fcresi\" \/>\n\t<meta name=\"twitter:data1\" content=\"1 dakika\" \/>\n<script type=\"application\/ld+json\" class=\"yoast-schema-graph\">{\"@context\":\"https:\/\/schema.org\",\"@graph\":[{\"@type\":\"WebPage\",\"@id\":\"https:\/\/ticaret.edu.tr\/isletme-fakultesi\/en\/units-quality-ambassadors\/\",\"url\":\"https:\/\/ticaret.edu.tr\/isletme-fakultesi\/en\/units-quality-ambassadors\/\",\"name\":\"Unit's Quality Ambassadors - \u0130\u015fletme Fak\u00fcltesi\",\"isPartOf\":{\"@id\":\"http:\/\/ticaret.edu.tr\/isletme-fakultesi\/en\/#website\"},\"datePublished\":\"2025-02-12T13:56:07+00:00\",\"dateModified\":\"2026-04-01T06:26:34+00:00\",\"breadcrumb\":{\"@id\":\"https:\/\/ticaret.edu.tr\/isletme-fakultesi\/en\/units-quality-ambassadors\/#breadcrumb\"},\"inLanguage\":\"tr\",\"potentialAction\":[{\"@type\":\"ReadAction\",\"target\":[\"https:\/\/ticaret.edu.tr\/isletme-fakultesi\/en\/units-quality-ambassadors\/\"]}]},{\"@type\":\"BreadcrumbList\",\"@id\":\"https:\/\/ticaret.edu.tr\/isletme-fakultesi\/en\/units-quality-ambassadors\/#breadcrumb\",\"itemListElement\":[{\"@type\":\"ListItem\",\"position\":1,\"name\":\"Ana sayfa\",\"item\":\"https:\/\/ticaret.edu.tr\/isletme-fakultesi\/\"},{\"@type\":\"ListItem\",\"position\":2,\"name\":\"Unit&#8217;s Quality Ambassadors\"}]},{\"@type\":\"WebSite\",\"@id\":\"http:\/\/ticaret.edu.tr\/isletme-fakultesi\/en\/#website\",\"url\":\"http:\/\/ticaret.edu.tr\/isletme-fakultesi\/en\/\",\"name\":\"\u0130\u015fletme Fak\u00fcltesi\",\"description\":\"\",\"potentialAction\":[{\"@type\":\"SearchAction\",\"target\":{\"@type\":\"EntryPoint\",\"urlTemplate\":\"http:\/\/ticaret.edu.tr\/isletme-fakultesi\/en\/?s={search_term_string}\"},\"query-input\":\"required name=search_term_string\"}],\"inLanguage\":\"tr\"}]}<\/script>\n<!-- \/ Yoast SEO Premium plugin. -->","yoast_head_json":{"title":"Unit's Quality Ambassadors - \u0130\u015fletme Fak\u00fcltesi","robots":{"index":"index","follow":"follow","max-snippet":"max-snippet:-1","max-image-preview":"max-image-preview:large","max-video-preview":"max-video-preview:-1"},"canonical":"https:\/\/ticaret.edu.tr\/isletme-fakultesi\/en\/units-quality-ambassadors\/","og_locale":"tr_TR","og_type":"article","og_title":"Unit's Quality Ambassadors","og_description":"Name &amp; Title Department \/ Affiliation Asst. Prof. Dr. Nihan YAVUZ AKSAKAL Faculty of Business Asst. Prof. Dr. O\u011fuz \u015e\u0130M\u015eEK Department of Finance and Banking (English) Res. Asst. \u015e\u00fckr\u00fc BUDAK Department of Aviation Management Res. Asst. H\u00fcseyin Can HACIBEBEKO\u011eLU Department of Economics (English) Res. Asst. Sercan YILDIZ Department of Economics Res. Asst. Merve \u00c7EL\u0130K KURTULU\u015e [&hellip;]","og_url":"https:\/\/ticaret.edu.tr\/isletme-fakultesi\/en\/units-quality-ambassadors\/","og_site_name":"\u0130\u015fletme Fak\u00fcltesi","article_publisher":"https:\/\/www.facebook.com\/ticaretedutr","article_modified_time":"2026-04-01T06:26:34+00:00","og_image":[{"width":1250,"height":833,"url":"http:\/\/ticaret.edu.tr\/isletme-fakultesi\/wp-content\/uploads\/sites\/7\/2021\/11\/web_logo-01.jpg","type":"image\/jpeg"}],"twitter_card":"summary_large_image","twitter_site":"@ticaretedutr","twitter_misc":{"Tahmini okuma s\u00fcresi":"1 dakika"},"schema":{"@context":"https:\/\/schema.org","@graph":[{"@type":"WebPage","@id":"https:\/\/ticaret.edu.tr\/isletme-fakultesi\/en\/units-quality-ambassadors\/","url":"https:\/\/ticaret.edu.tr\/isletme-fakultesi\/en\/units-quality-ambassadors\/","name":"Unit's Quality Ambassadors - \u0130\u015fletme Fak\u00fcltesi","isPartOf":{"@id":"http:\/\/ticaret.edu.tr\/isletme-fakultesi\/en\/#website"},"datePublished":"2025-02-12T13:56:07+00:00","dateModified":"2026-04-01T06:26:34+00:00","breadcrumb":{"@id":"https:\/\/ticaret.edu.tr\/isletme-fakultesi\/en\/units-quality-ambassadors\/#breadcrumb"},"inLanguage":"tr","potentialAction":[{"@type":"ReadAction","target":["https:\/\/ticaret.edu.tr\/isletme-fakultesi\/en\/units-quality-ambassadors\/"]}]},{"@type":"BreadcrumbList","@id":"https:\/\/ticaret.edu.tr\/isletme-fakultesi\/en\/units-quality-ambassadors\/#breadcrumb","itemListElement":[{"@type":"ListItem","position":1,"name":"Ana sayfa","item":"https:\/\/ticaret.edu.tr\/isletme-fakultesi\/"},{"@type":"ListItem","position":2,"name":"Unit&#8217;s Quality Ambassadors"}]},{"@type":"WebSite","@id":"http:\/\/ticaret.edu.tr\/isletme-fakultesi\/en\/#website","url":"http:\/\/ticaret.edu.tr\/isletme-fakultesi\/en\/","name":"\u0130\u015fletme Fak\u00fcltesi","description":"","potentialAction":[{"@type":"SearchAction","target":{"@type":"EntryPoint","urlTemplate":"http:\/\/ticaret.edu.tr\/isletme-fakultesi\/en\/?s={search_term_string}"},"query-input":"required name=search_term_string"}],"inLanguage":"tr"}]}},"lang":"en","translations":{"en":1701,"tr":1550},"pll_sync_post":[],"_links":{"self":[{"href":"http:\/\/ticaret.edu.tr\/isletme-fakultesi\/wp-json\/wp\/v2\/pages\/1701"}],"collection":[{"href":"http:\/\/ticaret.edu.tr\/isletme-fakultesi\/wp-json\/wp\/v2\/pages"}],"about":[{"href":"http:\/\/ticaret.edu.tr\/isletme-fakultesi\/wp-json\/wp\/v2\/types\/page"}],"author":[{"embeddable":true,"href":"http:\/\/ticaret.edu.tr\/isletme-fakultesi\/wp-json\/wp\/v2\/users\/228"}],"replies":[{"embeddable":true,"href":"http:\/\/ticaret.edu.tr\/isletme-fakultesi\/wp-json\/wp\/v2\/comments?post=1701"}],"version-history":[{"count":3,"href":"http:\/\/ticaret.edu.tr\/isletme-fakultesi\/wp-json\/wp\/v2\/pages\/1701\/revisions"}],"predecessor-version":[{"id":2506,"href":"http:\/\/ticaret.edu.tr\/isletme-fakultesi\/wp-json\/wp\/v2\/pages\/1701\/revisions\/2506"}],"wp:attachment":[{"href":"http:\/\/ticaret.edu.tr\/isletme-fakultesi\/wp-json\/wp\/v2\/media?parent=1701"}],"curies":[{"name":"wp","href":"https:\/\/api.w.org\/{rel}","templated":true}]}}