{"id":2087,"date":"2026-01-07T17:16:12","date_gmt":"2026-01-07T14:16:12","guid":{"rendered":"https:\/\/ticaret.edu.tr\/isletme-fakultesi\/?page_id=2087"},"modified":"2026-01-15T09:54:23","modified_gmt":"2026-01-15T06:54:23","slug":"stajlar","status":"publish","type":"page","link":"http:\/\/ticaret.edu.tr\/isletme-fakultesi\/stajlar\/","title":{"rendered":"Stajlar"},"content":{"rendered":"<div id=\"model-response-message-contentr_5ea909de861ab215\" class=\"markdown markdown-main-panel enable-updated-hr-color\" dir=\"ltr\" aria-live=\"polite\">\n<div id=\"model-response-message-contentr_d9eea9042e44daf9\" class=\"markdown markdown-main-panel enable-updated-hr-color\" dir=\"ltr\" aria-live=\"polite\">\n<h3 style=\"text-align: left\"><em><strong><u><a id=\"OWA2c79e498-7413-5021-c4ef-68f7fb5d7d2b\" class=\"x_OWAAutoLink\" title=\"https:\/\/ticaret.edu.tr\/wp-content\/uploads\/2023\/03\/Istanbul-Ticaret-Universitesi-Staj-Yonergesi.pdf\" href=\"https:\/\/ticaret.edu.tr\/wp-content\/uploads\/2023\/03\/Istanbul-Ticaret-Universitesi-Staj-Yonergesi.pdf\" target=\"_blank\" rel=\"noopener noreferrer\" data-auth=\"NotApplicable\" data-linkindex=\"0\" data-olk-copy-source=\"MessageBody\">\u0130stanbul Ticaret \u00dcniversitesi Staj Y\u00f6nergesi<\/a> <a href=\"https:\/\/ticaret.edu.tr\/wp-content\/uploads\/2023\/03\/Istanbul-Ticaret-Universitesi-Staj-Yonergesi.pdf\">i\u00e7in (T\u0131klay\u0131n\u0131z !)<\/a><\/u><\/strong><\/em><\/h3>\n<h3 style=\"text-align: left\"><em><strong><u><a class=\"x_OWAAutoLink\" title=\"https:\/\/kariyer.ticaret.edu.tr\/ogrenciler\/staj-belgeleri\/staj-formlari\" href=\"https:\/\/kariyer.ticaret.edu.tr\/ogrenciler\/staj-belgeleri\/staj-formlari\" target=\"_blank\" rel=\"noopener noreferrer\" data-auth=\"NotApplicable\" data-linkindex=\"1\">Staj Formlar\u0131 <\/a><\/u><\/strong><\/em><a href=\"https:\/\/kariyer.ticaret.edu.tr\/ogrenciler\/staj-belgeleri\/staj-formlari\"><em><strong><u>i\u00e7in (T\u0131klay\u0131n\u0131z !)<\/u><\/strong><\/em><\/a><u><a id=\"OWA71e668c1-25a7-21ba-b4f4-be5c3ac0daa4\" class=\"x_OWAAutoLink\" title=\"https:\/\/kariyer.ticaret.edu.tr\/ogrenciler\/staj-belgeleri\/staj-formlari\" href=\"https:\/\/kariyer.ticaret.edu.tr\/ogrenciler\/staj-belgeleri\/staj-formlari\" target=\"_blank\" rel=\"noopener noreferrer\" data-auth=\"NotApplicable\" data-linkindex=\"1\"><\/a><\/u><\/h3>\n<h3 style=\"text-align: left\"><em><strong><u><a class=\"x_OWAAutoLink\" title=\"https:\/\/kariyer.ticaret.edu.tr\/ogrenciler\/staj-belgeleri\/staj-defterleri\" href=\"https:\/\/kariyer.ticaret.edu.tr\/ogrenciler\/staj-belgeleri\/staj-defterleri\" target=\"_blank\" rel=\"noopener noreferrer\" data-auth=\"NotApplicable\" data-linkindex=\"2\">Staj Defterleri <\/a><\/u><\/strong><\/em><a href=\"https:\/\/kariyer.ticaret.edu.tr\/ogrenciler\/staj-belgeleri\/staj-defterleri\"><em><strong><u>i\u00e7in (T\u0131klay\u0131n\u0131z !)<\/u><\/strong><\/em><\/a><\/h3>\n<h3 style=\"text-align: left\"><em><strong><u><a class=\"x_OWAAutoLink\" title=\"https:\/\/kariyer.ticaret.edu.tr\/content\/3-ogrenciler\/1-staj-belgeleri\/goenullu-staj-dilekcesi-revize-2.pdf\" href=\"https:\/\/kariyer.ticaret.edu.tr\/content\/3-ogrenciler\/1-staj-belgeleri\/goenullu-staj-dilekcesi-revize-2.pdf\" target=\"_blank\" rel=\"noopener noreferrer\" data-auth=\"NotApplicable\" data-linkindex=\"3\">G\u00f6n\u00fcll\u00fc Staj Dilek\u00e7esi <\/a><\/u><\/strong><\/em><a href=\"https:\/\/kariyer.ticaret.edu.tr\/content\/3-ogrenciler\/1-staj-belgeleri\/goenullu-staj-dilekcesi-revize-2.pdf\"><em><strong><u>i\u00e7in (T\u0131klay\u0131n\u0131z !)<\/u><\/strong><\/em><\/a><\/h3>\n<h3 style=\"text-align: left\">&#8212;&#8212;&#8212;&#8212;&#8212;&#8212;&#8212;&#8212;&#8212;&#8212;&#8212;&#8212;<\/h3>\n<p>&nbsp;<\/p>\n<h4 data-path-to-node=\"0\"><em><strong>\u0130stanbul Ticaret \u00dcniversitesi \u0130\u015fletme Fak\u00fcltesi b\u00fcnyesindeki 10 b\u00f6l\u00fcm\u00fcn akademik sayfalar\u0131nda yer alan Staj sekmelerinin do\u011frudan ba\u011flant\u0131lar\u0131n\u0131 a\u015fa\u011f\u0131da tablo halinde bulabilirsiniz;<\/strong><\/em><\/h4>\n<div class=\"horizontal-scroll-wrapper\">\n<table data-path-to-node=\"1\">\n<thead>\n<tr>\n<td><strong>B\u00f6l\u00fcm Ad\u0131<\/strong><\/td>\n<td><strong>Staj Sekmesi Linki<\/strong><\/td>\n<\/tr>\n<\/thead>\n<tbody>\n<tr>\n<td><span data-path-to-node=\"1,1,0,0\"><b data-path-to-node=\"1,1,0,0\" data-index-in-node=\"0\">Finans ve Bankac\u0131l\u0131k (\u0130ngilizce)<\/b><\/span><\/td>\n<td><span data-path-to-node=\"1,1,1,0\"><a class=\"ng-star-inserted\" href=\"https:\/\/ticaret.edu.tr\/finans-ve-bankacilik\/staj\/\" target=\"_blank\" rel=\"noopener\" data-hveid=\"0\" data-ved=\"0CAAQ_4QMahgKEwjv2K7X_vuRAxUAAAAAHQAAAAAQlww\">\u00a0Staj Sayfas\u0131na Git <\/a>!<\/span><\/td>\n<\/tr>\n<tr>\n<td><span data-path-to-node=\"1,2,0,0\"><b data-path-to-node=\"1,2,0,0\" data-index-in-node=\"0\">Havac\u0131l\u0131k Y\u00f6netimi<\/b><\/span><\/td>\n<td><span data-path-to-node=\"1,2,1,0\"><a class=\"ng-star-inserted\" href=\"https:\/\/ticaret.edu.tr\/havacilik-yonetimi\/staj\/\" target=\"_blank\" rel=\"noopener\" data-hveid=\"0\" data-ved=\"0CAAQ_4QMahgKEwjv2K7X_vuRAxUAAAAAHQAAAAAQmAw\">\u00a0Staj Sayfas\u0131na Git !<\/a><\/span><\/td>\n<\/tr>\n<tr>\n<td><span data-path-to-node=\"1,3,0,0\"><b data-path-to-node=\"1,3,0,0\" data-index-in-node=\"0\">\u0130ktisat<\/b><\/span><\/td>\n<td><span data-path-to-node=\"1,3,1,0\"><a class=\"ng-star-inserted\" href=\"https:\/\/ticaret.edu.tr\/iktisat\/staj\/\" target=\"_blank\" rel=\"noopener\" data-hveid=\"0\" data-ved=\"0CAAQ_4QMahgKEwjv2K7X_vuRAxUAAAAAHQAAAAAQmQw\">\u00a0Staj Sayfas\u0131na Git !<\/a><\/span><\/td>\n<\/tr>\n<tr>\n<td><span data-path-to-node=\"1,4,0,0\"><b data-path-to-node=\"1,4,0,0\" data-index-in-node=\"0\">\u0130ktisat (\u0130ngilizce)<\/b><\/span><\/td>\n<td><span data-path-to-node=\"1,4,1,0\"><a class=\"ng-star-inserted\" href=\"https:\/\/ticaret.edu.tr\/iktisat-ingilizce\/staj\/\" target=\"_blank\" rel=\"noopener\" data-hveid=\"0\" data-ved=\"0CAAQ_4QMahgKEwjv2K7X_vuRAxUAAAAAHQAAAAAQmgw\">\u00a0Staj Sayfas\u0131na Git !<\/a><\/span><\/td>\n<\/tr>\n<tr>\n<td><span data-path-to-node=\"1,5,0,0\"><b data-path-to-node=\"1,5,0,0\" data-index-in-node=\"0\">\u0130\u015fletme<\/b><\/span><\/td>\n<td><span data-path-to-node=\"1,5,1,0\"><a class=\"ng-star-inserted\" href=\"https:\/\/ticaret.edu.tr\/isletme-bolumu\/staj\/\" target=\"_blank\" rel=\"noopener\" data-hveid=\"0\" data-ved=\"0CAAQ_4QMahgKEwjv2K7X_vuRAxUAAAAAHQAAAAAQmww\">\u00a0Staj Sayfas\u0131na Git !<\/a><\/span><\/td>\n<\/tr>\n<tr>\n<td><span data-path-to-node=\"1,6,0,0\"><b data-path-to-node=\"1,6,0,0\" data-index-in-node=\"0\">\u0130\u015fletme (\u0130ngilizce)<\/b><\/span><\/td>\n<td><span data-path-to-node=\"1,6,1,0\"><a class=\"ng-star-inserted\" href=\"https:\/\/ticaret.edu.tr\/isletme-ingilizce\/staj\/\" target=\"_blank\" rel=\"noopener\" data-hveid=\"0\" data-ved=\"0CAAQ_4QMahgKEwjv2K7X_vuRAxUAAAAAHQAAAAAQnAw\">\u00a0Staj Sayfas\u0131na Git !<\/a><\/span><\/td>\n<\/tr>\n<tr>\n<td><span data-path-to-node=\"1,7,0,0\"><b data-path-to-node=\"1,7,0,0\" data-index-in-node=\"0\">Lojistik Y\u00f6netimi<\/b><\/span><\/td>\n<td><span data-path-to-node=\"1,7,1,0\"><a class=\"ng-star-inserted\" href=\"https:\/\/ticaret.edu.tr\/lojistik-yonetimi\/staj\/\" target=\"_blank\" rel=\"noopener\" data-hveid=\"0\" data-ved=\"0CAAQ_4QMahgKEwjv2K7X_vuRAxUAAAAAHQAAAAAQnQw\">\u00a0Staj Sayfas\u0131na Git !<\/a><\/span><\/td>\n<\/tr>\n<tr>\n<td><span data-path-to-node=\"1,8,0,0\"><b data-path-to-node=\"1,8,0,0\" data-index-in-node=\"0\">Uluslararas\u0131 Ticaret (\u0130ngilizce)<\/b><\/span><\/td>\n<td><span data-path-to-node=\"1,8,1,0\"><a class=\"ng-star-inserted\" href=\"https:\/\/ticaret.edu.tr\/uluslararasi-ticaret\/staj\/\" target=\"_blank\" rel=\"noopener\" data-hveid=\"0\" data-ved=\"0CAAQ_4QMahgKEwjv2K7X_vuRAxUAAAAAHQAAAAAQngw\">\u00a0Staj Sayfas\u0131na Git !<\/a><\/span><\/td>\n<\/tr>\n<tr>\n<td><span data-path-to-node=\"1,9,0,0\"><b data-path-to-node=\"1,9,0,0\" data-index-in-node=\"0\">Uluslararas\u0131 Ticaret ve Finansman<\/b><\/span><\/td>\n<td><span data-path-to-node=\"1,9,1,0\"><a class=\"ng-star-inserted\" href=\"https:\/\/ticaret.edu.tr\/uluslararasi-ticaret-finansman\/staj\/\" target=\"_blank\" rel=\"noopener\" data-hveid=\"0\" data-ved=\"0CAAQ_4QMahgKEwjv2K7X_vuRAxUAAAAAHQAAAAAQnww\">\u00a0Staj Sayfas\u0131na Git !<\/a><\/span><\/td>\n<\/tr>\n<tr>\n<td><span data-path-to-node=\"1,10,0,0\"><b data-path-to-node=\"1,10,0,0\" data-index-in-node=\"0\">Y\u00f6netim Bili\u015fim Sistemleri (\u0130ngilizce)<\/b><\/span><\/td>\n<td><span data-path-to-node=\"1,10,1,0\"><a class=\"ng-star-inserted\" href=\"https:\/\/ticaret.edu.tr\/yonetim-bilisim-sistemleri-ingilizce\/staj\/\" target=\"_blank\" rel=\"noopener\" data-hveid=\"0\" data-ved=\"0CAAQ_4QMahgKEwjv2K7X_vuRAxUAAAAAHQAAAAAQoAw\">\u00a0Staj Sayfas\u0131na Git !<\/a><\/span><\/td>\n<\/tr>\n<\/tbody>\n<\/table>\n<\/div>\n<\/div>\n<\/div>\n<p>&nbsp;<\/p>\n","protected":false},"excerpt":{"rendered":"<p>\u0130stanbul Ticaret \u00dcniversitesi Staj Y\u00f6nergesi i\u00e7in (T\u0131klay\u0131n\u0131z !) Staj Formlar\u0131 i\u00e7in (T\u0131klay\u0131n\u0131z !) Staj Defterleri i\u00e7in (T\u0131klay\u0131n\u0131z !) G\u00f6n\u00fcll\u00fc Staj Dilek\u00e7esi i\u00e7in (T\u0131klay\u0131n\u0131z !) &#8212;&#8212;&#8212;&#8212;&#8212;&#8212;&#8212;&#8212;&#8212;&#8212;&#8212;&#8212; &nbsp; \u0130stanbul Ticaret \u00dcniversitesi \u0130\u015fletme Fak\u00fcltesi b\u00fcnyesindeki 10 b\u00f6l\u00fcm\u00fcn akademik sayfalar\u0131nda yer alan Staj sekmelerinin do\u011frudan ba\u011flant\u0131lar\u0131n\u0131 a\u015fa\u011f\u0131da tablo halinde bulabilirsiniz; B\u00f6l\u00fcm Ad\u0131 Staj Sekmesi Linki Finans ve Bankac\u0131l\u0131k (\u0130ngilizce) [&hellip;]<\/p>\n","protected":false},"author":228,"featured_media":0,"parent":0,"menu_order":0,"comment_status":"closed","ping_status":"closed","template":"genel_sayfa.php","meta":{"footnotes":""},"yoast_head":"<!-- This site is optimized with the Yoast SEO Premium plugin v22.1 (Yoast SEO v22.1) - https:\/\/yoast.com\/wordpress\/plugins\/seo\/ -->\n<title>Stajlar - \u0130\u015fletme Fak\u00fcltesi<\/title>\n<meta name=\"robots\" content=\"index, follow, max-snippet:-1, max-image-preview:large, max-video-preview:-1\" \/>\n<link rel=\"canonical\" href=\"https:\/\/ticaret.edu.tr\/isletme-fakultesi\/stajlar\/\" \/>\n<meta property=\"og:locale\" content=\"tr_TR\" \/>\n<meta property=\"og:type\" content=\"article\" \/>\n<meta property=\"og:title\" content=\"Stajlar\" \/>\n<meta property=\"og:description\" content=\"\u0130stanbul Ticaret \u00dcniversitesi Staj Y\u00f6nergesi i\u00e7in (T\u0131klay\u0131n\u0131z !) Staj Formlar\u0131 i\u00e7in (T\u0131klay\u0131n\u0131z !) Staj Defterleri i\u00e7in (T\u0131klay\u0131n\u0131z !) G\u00f6n\u00fcll\u00fc Staj Dilek\u00e7esi i\u00e7in (T\u0131klay\u0131n\u0131z !) &#8212;&#8212;&#8212;&#8212;&#8212;&#8212;&#8212;&#8212;&#8212;&#8212;&#8212;&#8212; &nbsp; \u0130stanbul Ticaret \u00dcniversitesi \u0130\u015fletme Fak\u00fcltesi b\u00fcnyesindeki 10 b\u00f6l\u00fcm\u00fcn akademik sayfalar\u0131nda yer alan Staj sekmelerinin do\u011frudan ba\u011flant\u0131lar\u0131n\u0131 a\u015fa\u011f\u0131da tablo halinde bulabilirsiniz; B\u00f6l\u00fcm Ad\u0131 Staj Sekmesi Linki Finans ve Bankac\u0131l\u0131k (\u0130ngilizce) [&hellip;]\" \/>\n<meta property=\"og:url\" content=\"https:\/\/ticaret.edu.tr\/isletme-fakultesi\/stajlar\/\" \/>\n<meta property=\"og:site_name\" content=\"\u0130\u015fletme Fak\u00fcltesi\" \/>\n<meta property=\"article:publisher\" content=\"https:\/\/www.facebook.com\/ticaretedutr\" \/>\n<meta property=\"article:modified_time\" content=\"2026-01-15T06:54:23+00:00\" \/>\n<meta property=\"og:image\" content=\"http:\/\/ticaret.edu.tr\/isletme-fakultesi\/wp-content\/uploads\/sites\/7\/2021\/11\/web_logo-01.jpg\" \/>\n\t<meta property=\"og:image:width\" content=\"1250\" \/>\n\t<meta property=\"og:image:height\" content=\"833\" \/>\n\t<meta property=\"og:image:type\" content=\"image\/jpeg\" \/>\n<meta name=\"twitter:card\" content=\"summary_large_image\" \/>\n<meta name=\"twitter:site\" content=\"@ticaretedutr\" \/>\n<meta name=\"twitter:label1\" content=\"Tahmini okuma s\u00fcresi\" \/>\n\t<meta name=\"twitter:data1\" content=\"1 dakika\" \/>\n<script type=\"application\/ld+json\" class=\"yoast-schema-graph\">{\"@context\":\"https:\/\/schema.org\",\"@graph\":[{\"@type\":\"WebPage\",\"@id\":\"https:\/\/ticaret.edu.tr\/isletme-fakultesi\/stajlar\/\",\"url\":\"https:\/\/ticaret.edu.tr\/isletme-fakultesi\/stajlar\/\",\"name\":\"Stajlar - \u0130\u015fletme Fak\u00fcltesi\",\"isPartOf\":{\"@id\":\"http:\/\/ticaret.edu.tr\/isletme-fakultesi\/en\/#website\"},\"datePublished\":\"2026-01-07T14:16:12+00:00\",\"dateModified\":\"2026-01-15T06:54:23+00:00\",\"breadcrumb\":{\"@id\":\"https:\/\/ticaret.edu.tr\/isletme-fakultesi\/stajlar\/#breadcrumb\"},\"inLanguage\":\"tr\",\"potentialAction\":[{\"@type\":\"ReadAction\",\"target\":[\"https:\/\/ticaret.edu.tr\/isletme-fakultesi\/stajlar\/\"]}]},{\"@type\":\"BreadcrumbList\",\"@id\":\"https:\/\/ticaret.edu.tr\/isletme-fakultesi\/stajlar\/#breadcrumb\",\"itemListElement\":[{\"@type\":\"ListItem\",\"position\":1,\"name\":\"Ana sayfa\",\"item\":\"https:\/\/ticaret.edu.tr\/isletme-fakultesi\/\"},{\"@type\":\"ListItem\",\"position\":2,\"name\":\"Stajlar\"}]},{\"@type\":\"WebSite\",\"@id\":\"http:\/\/ticaret.edu.tr\/isletme-fakultesi\/en\/#website\",\"url\":\"http:\/\/ticaret.edu.tr\/isletme-fakultesi\/en\/\",\"name\":\"\u0130\u015fletme Fak\u00fcltesi\",\"description\":\"\",\"potentialAction\":[{\"@type\":\"SearchAction\",\"target\":{\"@type\":\"EntryPoint\",\"urlTemplate\":\"http:\/\/ticaret.edu.tr\/isletme-fakultesi\/en\/?s={search_term_string}\"},\"query-input\":\"required name=search_term_string\"}],\"inLanguage\":\"tr\"}]}<\/script>\n<!-- \/ Yoast SEO Premium plugin. -->","yoast_head_json":{"title":"Stajlar - \u0130\u015fletme Fak\u00fcltesi","robots":{"index":"index","follow":"follow","max-snippet":"max-snippet:-1","max-image-preview":"max-image-preview:large","max-video-preview":"max-video-preview:-1"},"canonical":"https:\/\/ticaret.edu.tr\/isletme-fakultesi\/stajlar\/","og_locale":"tr_TR","og_type":"article","og_title":"Stajlar","og_description":"\u0130stanbul Ticaret \u00dcniversitesi Staj Y\u00f6nergesi i\u00e7in (T\u0131klay\u0131n\u0131z !) Staj Formlar\u0131 i\u00e7in (T\u0131klay\u0131n\u0131z !) Staj Defterleri i\u00e7in (T\u0131klay\u0131n\u0131z !) G\u00f6n\u00fcll\u00fc Staj Dilek\u00e7esi i\u00e7in (T\u0131klay\u0131n\u0131z !) &#8212;&#8212;&#8212;&#8212;&#8212;&#8212;&#8212;&#8212;&#8212;&#8212;&#8212;&#8212; &nbsp; \u0130stanbul Ticaret \u00dcniversitesi \u0130\u015fletme Fak\u00fcltesi b\u00fcnyesindeki 10 b\u00f6l\u00fcm\u00fcn akademik sayfalar\u0131nda yer alan Staj sekmelerinin do\u011frudan ba\u011flant\u0131lar\u0131n\u0131 a\u015fa\u011f\u0131da tablo halinde bulabilirsiniz; B\u00f6l\u00fcm Ad\u0131 Staj Sekmesi Linki Finans ve Bankac\u0131l\u0131k (\u0130ngilizce) [&hellip;]","og_url":"https:\/\/ticaret.edu.tr\/isletme-fakultesi\/stajlar\/","og_site_name":"\u0130\u015fletme Fak\u00fcltesi","article_publisher":"https:\/\/www.facebook.com\/ticaretedutr","article_modified_time":"2026-01-15T06:54:23+00:00","og_image":[{"width":1250,"height":833,"url":"http:\/\/ticaret.edu.tr\/isletme-fakultesi\/wp-content\/uploads\/sites\/7\/2021\/11\/web_logo-01.jpg","type":"image\/jpeg"}],"twitter_card":"summary_large_image","twitter_site":"@ticaretedutr","twitter_misc":{"Tahmini okuma s\u00fcresi":"1 dakika"},"schema":{"@context":"https:\/\/schema.org","@graph":[{"@type":"WebPage","@id":"https:\/\/ticaret.edu.tr\/isletme-fakultesi\/stajlar\/","url":"https:\/\/ticaret.edu.tr\/isletme-fakultesi\/stajlar\/","name":"Stajlar - \u0130\u015fletme Fak\u00fcltesi","isPartOf":{"@id":"http:\/\/ticaret.edu.tr\/isletme-fakultesi\/en\/#website"},"datePublished":"2026-01-07T14:16:12+00:00","dateModified":"2026-01-15T06:54:23+00:00","breadcrumb":{"@id":"https:\/\/ticaret.edu.tr\/isletme-fakultesi\/stajlar\/#breadcrumb"},"inLanguage":"tr","potentialAction":[{"@type":"ReadAction","target":["https:\/\/ticaret.edu.tr\/isletme-fakultesi\/stajlar\/"]}]},{"@type":"BreadcrumbList","@id":"https:\/\/ticaret.edu.tr\/isletme-fakultesi\/stajlar\/#breadcrumb","itemListElement":[{"@type":"ListItem","position":1,"name":"Ana sayfa","item":"https:\/\/ticaret.edu.tr\/isletme-fakultesi\/"},{"@type":"ListItem","position":2,"name":"Stajlar"}]},{"@type":"WebSite","@id":"http:\/\/ticaret.edu.tr\/isletme-fakultesi\/en\/#website","url":"http:\/\/ticaret.edu.tr\/isletme-fakultesi\/en\/","name":"\u0130\u015fletme Fak\u00fcltesi","description":"","potentialAction":[{"@type":"SearchAction","target":{"@type":"EntryPoint","urlTemplate":"http:\/\/ticaret.edu.tr\/isletme-fakultesi\/en\/?s={search_term_string}"},"query-input":"required name=search_term_string"}],"inLanguage":"tr"}]}},"lang":"tr","translations":{"tr":2087,"en":2177},"pll_sync_post":[],"_links":{"self":[{"href":"http:\/\/ticaret.edu.tr\/isletme-fakultesi\/wp-json\/wp\/v2\/pages\/2087"}],"collection":[{"href":"http:\/\/ticaret.edu.tr\/isletme-fakultesi\/wp-json\/wp\/v2\/pages"}],"about":[{"href":"http:\/\/ticaret.edu.tr\/isletme-fakultesi\/wp-json\/wp\/v2\/types\/page"}],"author":[{"embeddable":true,"href":"http:\/\/ticaret.edu.tr\/isletme-fakultesi\/wp-json\/wp\/v2\/users\/228"}],"replies":[{"embeddable":true,"href":"http:\/\/ticaret.edu.tr\/isletme-fakultesi\/wp-json\/wp\/v2\/comments?post=2087"}],"version-history":[{"count":21,"href":"http:\/\/ticaret.edu.tr\/isletme-fakultesi\/wp-json\/wp\/v2\/pages\/2087\/revisions"}],"predecessor-version":[{"id":2272,"href":"http:\/\/ticaret.edu.tr\/isletme-fakultesi\/wp-json\/wp\/v2\/pages\/2087\/revisions\/2272"}],"wp:attachment":[{"href":"http:\/\/ticaret.edu.tr\/isletme-fakultesi\/wp-json\/wp\/v2\/media?parent=2087"}],"curies":[{"name":"wp","href":"https:\/\/api.w.org\/{rel}","templated":true}]}}