{"id":2192,"date":"2026-01-14T13:40:16","date_gmt":"2026-01-14T10:40:16","guid":{"rendered":"https:\/\/ticaret.edu.tr\/isletme-fakultesi\/?page_id=2192"},"modified":"2026-01-14T15:56:29","modified_gmt":"2026-01-14T12:56:29","slug":"student-representatives","status":"publish","type":"page","link":"http:\/\/ticaret.edu.tr\/isletme-fakultesi\/en\/student-representatives\/","title":{"rendered":"Student Representatives"},"content":{"rendered":"<table data-path-to-node=\"5\">\n<thead>\n<tr>\n<td><strong>Unit \/ Department Name<\/strong><\/td>\n<td><strong>Student Representative<\/strong><\/td>\n<\/tr>\n<\/thead>\n<tbody>\n<tr>\n<td><em>Faculty of Business (Faculty Representative)\u00a0 \u00a0 \u00a0 \u00a0 \u00a0 \u00a0\u00a0<\/em><\/td>\n<td><em>Beyzanur KASIRGA<\/em><\/td>\n<\/tr>\n<tr>\n<td><span data-path-to-node=\"5,2,0,0\">Finance and Banking (English)<\/span><\/td>\n<td><span data-path-to-node=\"5,2,1,0\">Amir CHOMAEV<\/span><\/td>\n<\/tr>\n<tr>\n<td><span data-path-to-node=\"5,3,0,0\">Aviation Management<\/span><\/td>\n<td><span data-path-to-node=\"5,3,1,0\">Melikcan SEL\u00c7UK<\/span><\/td>\n<\/tr>\n<tr>\n<td><span data-path-to-node=\"5,4,0,0\">Economics (English)<\/span><\/td>\n<td><span data-path-to-node=\"5,4,1,0\">Asiye G\u00f6zde MUMCU<\/span><\/td>\n<\/tr>\n<tr>\n<td><span data-path-to-node=\"5,5,0,0\">Economics<\/span><\/td>\n<td><span data-path-to-node=\"5,5,1,0\">Ay\u015fenur \u00c7EL\u0130K<\/span><\/td>\n<\/tr>\n<tr>\n<td><span data-path-to-node=\"5,6,0,0\">Business Administration (English)<\/span><\/td>\n<td><span data-path-to-node=\"5,6,1,0\">Baran KANTEK<\/span><\/td>\n<\/tr>\n<tr>\n<td><span data-path-to-node=\"5,7,0,0\">Business Administration<\/span><\/td>\n<td><span data-path-to-node=\"5,7,1,0\">Ceren Azra CAN<\/span><\/td>\n<\/tr>\n<tr>\n<td><span data-path-to-node=\"5,8,0,0\">Logistics Management<\/span><\/td>\n<td><span data-path-to-node=\"5,8,1,0\">Melike G\u00d6LGE\u00c7<\/span><\/td>\n<\/tr>\n<tr>\n<td><span data-path-to-node=\"5,9,0,0\">International Trade (English)<\/span><\/td>\n<td><span data-path-to-node=\"5,9,1,0\">Merve KILIN\u00c7<\/span><\/td>\n<\/tr>\n<tr>\n<td><span data-path-to-node=\"5,10,0,0\">International Trade and Finance<\/span><\/td>\n<td><span data-path-to-node=\"5,10,1,0\">Kemal \u00d6ZBAYRAM<\/span><\/td>\n<\/tr>\n<tr>\n<td><span data-path-to-node=\"5,11,0,0\">Management Information Systems (English)<\/span><\/td>\n<td><span data-path-to-node=\"5,11,1,0\">Belinay TAYKUTG\u00dcL<\/span><\/td>\n<\/tr>\n<\/tbody>\n<\/table>\n","protected":false},"excerpt":{"rendered":"<p>Unit \/ Department Name Student Representative Faculty of Business (Faculty Representative)\u00a0 \u00a0 \u00a0 \u00a0 \u00a0 \u00a0\u00a0 Beyzanur KASIRGA Finance and Banking (English) Amir CHOMAEV Aviation Management Melikcan SEL\u00c7UK Economics (English) Asiye G\u00f6zde MUMCU Economics Ay\u015fenur \u00c7EL\u0130K Business Administration (English) Baran KANTEK Business Administration Ceren Azra CAN Logistics Management Melike G\u00d6LGE\u00c7 International Trade (English) Merve KILIN\u00c7 [&hellip;]<\/p>\n","protected":false},"author":228,"featured_media":0,"parent":0,"menu_order":0,"comment_status":"closed","ping_status":"closed","template":"genel_sayfa.php","meta":{"footnotes":""},"yoast_head":"<!-- This site is optimized with the Yoast SEO Premium plugin v22.1 (Yoast SEO v22.1) - https:\/\/yoast.com\/wordpress\/plugins\/seo\/ -->\n<title>Student Representatives - \u0130\u015fletme Fak\u00fcltesi<\/title>\n<meta name=\"robots\" content=\"index, follow, max-snippet:-1, max-image-preview:large, max-video-preview:-1\" \/>\n<link rel=\"canonical\" href=\"http:\/\/ticaret.edu.tr\/isletme-fakultesi\/en\/student-representatives\/\" \/>\n<meta property=\"og:locale\" content=\"tr_TR\" \/>\n<meta property=\"og:type\" content=\"article\" \/>\n<meta property=\"og:title\" content=\"Student Representatives\" \/>\n<meta property=\"og:description\" content=\"Unit \/ Department Name Student Representative Faculty of Business (Faculty Representative)\u00a0 \u00a0 \u00a0 \u00a0 \u00a0 \u00a0\u00a0 Beyzanur KASIRGA Finance and Banking (English) Amir CHOMAEV Aviation Management Melikcan SEL\u00c7UK Economics (English) Asiye G\u00f6zde MUMCU Economics Ay\u015fenur \u00c7EL\u0130K Business Administration (English) Baran KANTEK Business Administration Ceren Azra CAN Logistics Management Melike G\u00d6LGE\u00c7 International Trade (English) Merve KILIN\u00c7 [&hellip;]\" \/>\n<meta property=\"og:url\" content=\"http:\/\/ticaret.edu.tr\/isletme-fakultesi\/en\/student-representatives\/\" \/>\n<meta property=\"og:site_name\" content=\"\u0130\u015fletme Fak\u00fcltesi\" \/>\n<meta property=\"article:publisher\" content=\"https:\/\/www.facebook.com\/ticaretedutr\" \/>\n<meta property=\"article:modified_time\" content=\"2026-01-14T12:56:29+00:00\" \/>\n<meta property=\"og:image\" content=\"http:\/\/ticaret.edu.tr\/isletme-fakultesi\/wp-content\/uploads\/sites\/7\/2021\/11\/web_logo-01.jpg\" \/>\n\t<meta property=\"og:image:width\" content=\"1250\" \/>\n\t<meta property=\"og:image:height\" content=\"833\" \/>\n\t<meta property=\"og:image:type\" content=\"image\/jpeg\" \/>\n<meta name=\"twitter:card\" content=\"summary_large_image\" \/>\n<meta name=\"twitter:site\" content=\"@ticaretedutr\" \/>\n<meta name=\"twitter:label1\" content=\"Tahmini okuma s\u00fcresi\" \/>\n\t<meta name=\"twitter:data1\" content=\"1 dakika\" \/>\n<script type=\"application\/ld+json\" class=\"yoast-schema-graph\">{\"@context\":\"https:\/\/schema.org\",\"@graph\":[{\"@type\":\"WebPage\",\"@id\":\"http:\/\/ticaret.edu.tr\/isletme-fakultesi\/en\/student-representatives\/\",\"url\":\"http:\/\/ticaret.edu.tr\/isletme-fakultesi\/en\/student-representatives\/\",\"name\":\"Student Representatives - \u0130\u015fletme Fak\u00fcltesi\",\"isPartOf\":{\"@id\":\"https:\/\/ticaret.edu.tr\/isletme-fakultesi\/#website\"},\"datePublished\":\"2026-01-14T10:40:16+00:00\",\"dateModified\":\"2026-01-14T12:56:29+00:00\",\"breadcrumb\":{\"@id\":\"http:\/\/ticaret.edu.tr\/isletme-fakultesi\/en\/student-representatives\/#breadcrumb\"},\"inLanguage\":\"tr\",\"potentialAction\":[{\"@type\":\"ReadAction\",\"target\":[\"http:\/\/ticaret.edu.tr\/isletme-fakultesi\/en\/student-representatives\/\"]}]},{\"@type\":\"BreadcrumbList\",\"@id\":\"http:\/\/ticaret.edu.tr\/isletme-fakultesi\/en\/student-representatives\/#breadcrumb\",\"itemListElement\":[{\"@type\":\"ListItem\",\"position\":1,\"name\":\"Ana sayfa\",\"item\":\"https:\/\/ticaret.edu.tr\/isletme-fakultesi\/\"},{\"@type\":\"ListItem\",\"position\":2,\"name\":\"Student Representatives\"}]},{\"@type\":\"WebSite\",\"@id\":\"https:\/\/ticaret.edu.tr\/isletme-fakultesi\/#website\",\"url\":\"https:\/\/ticaret.edu.tr\/isletme-fakultesi\/\",\"name\":\"\u0130\u015fletme Fak\u00fcltesi\",\"description\":\"\",\"potentialAction\":[{\"@type\":\"SearchAction\",\"target\":{\"@type\":\"EntryPoint\",\"urlTemplate\":\"https:\/\/ticaret.edu.tr\/isletme-fakultesi\/?s={search_term_string}\"},\"query-input\":\"required name=search_term_string\"}],\"inLanguage\":\"tr\"}]}<\/script>\n<!-- \/ Yoast SEO Premium plugin. -->","yoast_head_json":{"title":"Student Representatives - \u0130\u015fletme Fak\u00fcltesi","robots":{"index":"index","follow":"follow","max-snippet":"max-snippet:-1","max-image-preview":"max-image-preview:large","max-video-preview":"max-video-preview:-1"},"canonical":"http:\/\/ticaret.edu.tr\/isletme-fakultesi\/en\/student-representatives\/","og_locale":"tr_TR","og_type":"article","og_title":"Student Representatives","og_description":"Unit \/ Department Name Student Representative Faculty of Business (Faculty Representative)\u00a0 \u00a0 \u00a0 \u00a0 \u00a0 \u00a0\u00a0 Beyzanur KASIRGA Finance and Banking (English) Amir CHOMAEV Aviation Management Melikcan SEL\u00c7UK Economics (English) Asiye G\u00f6zde MUMCU Economics Ay\u015fenur \u00c7EL\u0130K Business Administration (English) Baran KANTEK Business Administration Ceren Azra CAN Logistics Management Melike G\u00d6LGE\u00c7 International Trade (English) Merve KILIN\u00c7 [&hellip;]","og_url":"http:\/\/ticaret.edu.tr\/isletme-fakultesi\/en\/student-representatives\/","og_site_name":"\u0130\u015fletme Fak\u00fcltesi","article_publisher":"https:\/\/www.facebook.com\/ticaretedutr","article_modified_time":"2026-01-14T12:56:29+00:00","og_image":[{"width":1250,"height":833,"url":"http:\/\/ticaret.edu.tr\/isletme-fakultesi\/wp-content\/uploads\/sites\/7\/2021\/11\/web_logo-01.jpg","type":"image\/jpeg"}],"twitter_card":"summary_large_image","twitter_site":"@ticaretedutr","twitter_misc":{"Tahmini okuma s\u00fcresi":"1 dakika"},"schema":{"@context":"https:\/\/schema.org","@graph":[{"@type":"WebPage","@id":"http:\/\/ticaret.edu.tr\/isletme-fakultesi\/en\/student-representatives\/","url":"http:\/\/ticaret.edu.tr\/isletme-fakultesi\/en\/student-representatives\/","name":"Student Representatives - \u0130\u015fletme Fak\u00fcltesi","isPartOf":{"@id":"https:\/\/ticaret.edu.tr\/isletme-fakultesi\/#website"},"datePublished":"2026-01-14T10:40:16+00:00","dateModified":"2026-01-14T12:56:29+00:00","breadcrumb":{"@id":"http:\/\/ticaret.edu.tr\/isletme-fakultesi\/en\/student-representatives\/#breadcrumb"},"inLanguage":"tr","potentialAction":[{"@type":"ReadAction","target":["http:\/\/ticaret.edu.tr\/isletme-fakultesi\/en\/student-representatives\/"]}]},{"@type":"BreadcrumbList","@id":"http:\/\/ticaret.edu.tr\/isletme-fakultesi\/en\/student-representatives\/#breadcrumb","itemListElement":[{"@type":"ListItem","position":1,"name":"Ana sayfa","item":"https:\/\/ticaret.edu.tr\/isletme-fakultesi\/"},{"@type":"ListItem","position":2,"name":"Student Representatives"}]},{"@type":"WebSite","@id":"https:\/\/ticaret.edu.tr\/isletme-fakultesi\/#website","url":"https:\/\/ticaret.edu.tr\/isletme-fakultesi\/","name":"\u0130\u015fletme Fak\u00fcltesi","description":"","potentialAction":[{"@type":"SearchAction","target":{"@type":"EntryPoint","urlTemplate":"https:\/\/ticaret.edu.tr\/isletme-fakultesi\/?s={search_term_string}"},"query-input":"required name=search_term_string"}],"inLanguage":"tr"}]}},"lang":"en","translations":{"en":2192,"tr":2097},"pll_sync_post":[],"_links":{"self":[{"href":"http:\/\/ticaret.edu.tr\/isletme-fakultesi\/wp-json\/wp\/v2\/pages\/2192"}],"collection":[{"href":"http:\/\/ticaret.edu.tr\/isletme-fakultesi\/wp-json\/wp\/v2\/pages"}],"about":[{"href":"http:\/\/ticaret.edu.tr\/isletme-fakultesi\/wp-json\/wp\/v2\/types\/page"}],"author":[{"embeddable":true,"href":"http:\/\/ticaret.edu.tr\/isletme-fakultesi\/wp-json\/wp\/v2\/users\/228"}],"replies":[{"embeddable":true,"href":"http:\/\/ticaret.edu.tr\/isletme-fakultesi\/wp-json\/wp\/v2\/comments?post=2192"}],"version-history":[{"count":4,"href":"http:\/\/ticaret.edu.tr\/isletme-fakultesi\/wp-json\/wp\/v2\/pages\/2192\/revisions"}],"predecessor-version":[{"id":2223,"href":"http:\/\/ticaret.edu.tr\/isletme-fakultesi\/wp-json\/wp\/v2\/pages\/2192\/revisions\/2223"}],"wp:attachment":[{"href":"http:\/\/ticaret.edu.tr\/isletme-fakultesi\/wp-json\/wp\/v2\/media?parent=2192"}],"curies":[{"name":"wp","href":"https:\/\/api.w.org\/{rel}","templated":true}]}}