{"id":658,"date":"2022-03-15T14:15:32","date_gmt":"2022-03-15T11:15:32","guid":{"rendered":"https:\/\/ticaret.edu.tr\/isletme-fakultesi\/?page_id=658"},"modified":"2026-03-05T12:09:20","modified_gmt":"2026-03-05T09:09:20","slug":"committees","status":"publish","type":"page","link":"http:\/\/ticaret.edu.tr\/isletme-fakultesi\/en\/committees\/","title":{"rendered":"Committees"},"content":{"rendered":"<h3 style=\"text-align: center\"><strong>Accreditation Commission<\/strong><\/h3>\n<table class=\" aligncenter\" data-path-to-node=\"4\">\n<thead>\n<tr>\n<td><strong>Title \/ Name &amp; Surname<\/strong><\/td>\n<td><strong>Role<\/strong><\/td>\n<\/tr>\n<\/thead>\n<tbody>\n<tr>\n<td>Asst. Prof. Dr. Tu\u011frul ARIK<\/td>\n<td>Chairperson<\/td>\n<\/tr>\n<tr>\n<td>Assoc. Prof. Dr. Cihat K\u00d6KSAL<\/td>\n<td>Member<\/td>\n<\/tr>\n<tr>\n<td>Assoc. Prof. Dr. Duygu CELAY\u0130R<\/td>\n<td>Member<\/td>\n<\/tr>\n<tr>\n<td>Assoc. Prof. Dr. G\u00fcldenur \u00c7ET\u0130N<\/td>\n<td>Member<\/td>\n<\/tr>\n<tr>\n<td>Assoc. Prof. Dr. Sinem SEF\u0130L TANSEVER<\/td>\n<td>Member<\/td>\n<\/tr>\n<tr>\n<td>Assoc. Prof. Dr. Ufuk BA\u015eAR<\/td>\n<td>Member<\/td>\n<\/tr>\n<tr>\n<td>Asst. Prof. Dr. Nihan YAVUZ AKSAKAL<\/td>\n<td>Member<\/td>\n<\/tr>\n<tr>\n<td>Asst. Prof. Dr. O\u011fuz \u015e\u0130M\u015eEK<\/td>\n<td>Member<\/td>\n<\/tr>\n<tr>\n<td>Res. Asst. Bayram \u015e\u0130R\u0130N<\/td>\n<td>Member<\/td>\n<\/tr>\n<tr>\n<td>Res. Asst. Do\u011fan Mert AKDEM\u0130R<\/td>\n<td>Member<\/td>\n<\/tr>\n<tr>\n<td>Res. Asst. Hilal \u00d6ZKANCA<\/td>\n<td>Member<\/td>\n<\/tr>\n<tr>\n<td>Res. Asst. H\u00fcmeyra Nur HAT\u0130PO\u011eLU<\/td>\n<td>Member<\/td>\n<\/tr>\n<tr>\n<td>Res. Asst. Dr. H\u00fcseyin Can HACIBEBEKO\u011eLU<\/td>\n<td>Member<\/td>\n<\/tr>\n<tr>\n<td>Res. Asst. Dr. Merve \u00c7EL\u0130K KURTULU\u015e<\/td>\n<td>Member<\/td>\n<\/tr>\n<tr>\n<td>Res. Asst. Sercan YILDIZ<\/td>\n<td>Member<\/td>\n<\/tr>\n<tr>\n<td>Res. Asst. \u015e\u00fckr\u00fc BUDAK<\/td>\n<td>Member<\/td>\n<\/tr>\n<tr>\n<td>Res. Asst. Talha KARADAYI<\/td>\n<td>Member<\/td>\n<\/tr>\n<\/tbody>\n<\/table>\n<h3 style=\"text-align: center\"><\/h3>\n<h3 style=\"text-align: center\"><strong>Disciplinary Investigation Commission<\/strong><\/h3>\n<table class=\" aligncenter\" data-path-to-node=\"2\">\n<thead>\n<tr>\n<td><strong>Status<\/strong><\/td>\n<td><strong>Title \/ Name &amp; Surname<\/strong><\/td>\n<td><strong>Role<\/strong><\/td>\n<\/tr>\n<\/thead>\n<tbody>\n<tr>\n<td>Full Member<\/td>\n<td>Assoc. Prof. Dr. G\u00f6zde YANGINLAR<\/td>\n<td>Chairperson<\/td>\n<\/tr>\n<tr>\n<td>Full Member<\/td>\n<td>Asst. Prof. Dr. \u0130srafil BOYACI<\/td>\n<td>Member<\/td>\n<\/tr>\n<tr>\n<td>Full Member<\/td>\n<td>Asst. Prof. Dr. Osman ALTAY<\/td>\n<td>Member<\/td>\n<\/tr>\n<tr>\n<td>Substitute Member<\/td>\n<td>Asst. Prof. Dr. Umut AYDIN<\/td>\n<td>Member<\/td>\n<\/tr>\n<tr>\n<td>Substitute Member<\/td>\n<td>Asst. Prof. Dr. \u00dcmit KANMAZ<\/td>\n<td>Member<\/td>\n<\/tr>\n<\/tbody>\n<\/table>\n<h3 style=\"text-align: center\"><\/h3>\n<h3 style=\"text-align: center\"><strong>Evaluation Commission for Lateral Transfer, Double Major, and Minor Applications<\/strong><\/h3>\n<table class=\" aligncenter\" data-path-to-node=\"5\">\n<thead>\n<tr>\n<td><strong>Title \/ Name &amp; Surname<\/strong><\/td>\n<td><strong>Role<\/strong><\/td>\n<\/tr>\n<\/thead>\n<tbody>\n<tr>\n<td>Asst. Prof. Dr. Tuncel \u00d6Z<\/td>\n<td>Chairperson<\/td>\n<\/tr>\n<tr>\n<td>Res. Asst. H\u00fcseyin Can HACIBEBEKO\u011eLU<\/td>\n<td>Member<\/td>\n<\/tr>\n<tr>\n<td>Res. Asst. Sercan YILDIZ<\/td>\n<td>Member<\/td>\n<\/tr>\n<\/tbody>\n<\/table>\n<h3 style=\"text-align: center\"><\/h3>\n<h3 style=\"text-align: center\"><strong>Erasmus and Orhun Exchange Programs Department Coordinators<\/strong><\/h3>\n<table class=\" aligncenter\" data-path-to-node=\"2\">\n<thead>\n<tr>\n<td><strong>Department<\/strong><\/td>\n<td><strong>Title \/ Name &amp; Surname<\/strong><\/td>\n<td><strong>Role<\/strong><\/td>\n<\/tr>\n<\/thead>\n<tbody>\n<tr>\n<td>Finance and Banking (English)<\/td>\n<td>Asst. Prof. Dr. O\u011fuz \u015e\u0130M\u015eEK<\/td>\n<td>Department Coordinator<\/td>\n<\/tr>\n<tr>\n<td>Aviation Management<\/td>\n<td>Asst. Prof. Dr. Tuncel \u00d6Z<\/td>\n<td>Department Coordinator<\/td>\n<\/tr>\n<tr>\n<td>Economics (English)<\/td>\n<td>Assoc. Prof. Dr. Yunus \u00d6ZCAN<\/td>\n<td>Department Coordinator<\/td>\n<\/tr>\n<tr>\n<td>Economics<\/td>\n<td>Assoc. Prof. Dr. G\u00fcldenur \u00c7ET\u0130N<\/td>\n<td>Department Coordinator<\/td>\n<\/tr>\n<tr>\n<td>Business Administration (English)<\/td>\n<td>Assoc. Prof. Dr. Nurg\u00fcl KELE\u015e TAY\u015e\u0130R<\/td>\n<td>Department Coordinator<\/td>\n<\/tr>\n<tr>\n<td>Business Administration<\/td>\n<td>Assoc. Prof. Dr. Mehmet SA\u011eLAM<\/td>\n<td>Department Coordinator<\/td>\n<\/tr>\n<tr>\n<td>Logistics Management<\/td>\n<td>Assoc. Prof. Dr. G\u00f6zde YANGINLAR<\/td>\n<td>Department Coordinator<\/td>\n<\/tr>\n<tr>\n<td>International Trade (English)<\/td>\n<td>Assoc. Prof. Dr. Cihat K\u00d6KSAL<\/td>\n<td>Department Coordinator<\/td>\n<\/tr>\n<tr>\n<td>International Trade and Finance<\/td>\n<td>Asst. Prof. Dr. Osman ALTAY<\/td>\n<td>Department Coordinator<\/td>\n<\/tr>\n<tr>\n<td>Management Information Systems (English)<\/td>\n<td>Asst. Prof. Dr. \u0130srafil BOYACI<\/td>\n<td>Department Coordinator<\/td>\n<\/tr>\n<\/tbody>\n<\/table>\n<h3 style=\"text-align: center\"><\/h3>\n<h3 style=\"text-align: center\"><strong>Other Faculty Coordinators and Representatives<\/strong><\/h3>\n<table class=\" aligncenter\" data-path-to-node=\"5\">\n<thead>\n<tr>\n<td><strong>Position \/ Role<\/strong><\/td>\n<td><strong>Title \/ Name &amp; Surname<\/strong><\/td>\n<\/tr>\n<\/thead>\n<tbody>\n<tr>\n<td>Faculty Bologna Coordinator<\/td>\n<td>Asst. Prof. Dr. \u0130srafil BOYACI<\/td>\n<\/tr>\n<tr>\n<td>Academic Unit Representative for Students with Disabilities<\/td>\n<td>Res. Asst. Dr. Merve \u00c7EL\u0130K KURTULU\u015e<\/p>\n<p>&nbsp;<\/td>\n<\/tr>\n<\/tbody>\n<\/table>\n<h3 style=\"text-align: center\"><\/h3>\n<h3 style=\"text-align: center\"><strong>FACULTY OF BUSINESS QUALITY COMMISSION<\/strong><\/h3>\n<table class=\" aligncenter\" data-path-to-node=\"2\">\n<thead>\n<tr>\n<td><strong>Role<\/strong><\/td>\n<td><strong>Title \/ Name &amp; Surname<\/strong><\/td>\n<td><strong>Position<\/strong><\/td>\n<\/tr>\n<\/thead>\n<tbody>\n<tr>\n<td>Chairperson<\/td>\n<td>Asst. Prof. Dr. Tu\u011frul ARIK<\/td>\n<td>Vice Dean<\/td>\n<\/tr>\n<tr>\n<td>Member<\/td>\n<td>Asst. Prof. Dr. Mefule FINDIK\u00c7I ERDO\u011eAN<\/td>\n<td>Vice Dean<\/td>\n<\/tr>\n<tr>\n<td>Member<\/td>\n<td>Asst. Prof. Dr. Nihan YAVUZ AKSAKAL<\/td>\n<td>Faculty Quality Ambassadors<\/td>\n<\/tr>\n<tr>\n<td>Member<\/td>\n<td>Prof. Dr. Bet\u00fcl G\u00dcR<\/td>\n<td>Head of the Dept. of Economics<\/td>\n<\/tr>\n<tr>\n<td>Member<\/td>\n<td>Assoc. Prof. Dr. Sinem SEF\u0130L TANSEVER<\/td>\n<td>Acting Head of the Dept. of Economics (English)<\/td>\n<\/tr>\n<tr>\n<td>Member<\/td>\n<td>Asst. Prof. Dr. Umut AYDIN<\/td>\n<td>Acting\u00a0Head of the Dept. of Management Information Systems (English)<\/td>\n<\/tr>\n<tr>\n<td>Member<\/td>\n<td>Prof. Dr. Yahya F\u0130DAN<\/td>\n<td>Head of the Dept. of Logistics Management<\/td>\n<\/tr>\n<tr>\n<td>Member<\/td>\n<td>Prof. Dr. Hicabi ERSOY<\/td>\n<td>Head of the Dept. of Finance and Banking (English)<\/td>\n<\/tr>\n<tr>\n<td>Member<\/td>\n<td>Assoc. Prof. Dr. Ba\u015fak ERDEM \u00c7ANKAYA<\/td>\n<td>Head of the Dept. of International Trade and Finance<\/td>\n<\/tr>\n<tr>\n<td>Member<\/td>\n<td>Assoc. Prof. Dr. Cihat K\u00d6KSAL<\/td>\n<td>Head of the Dept. of International Trade (English)<\/td>\n<\/tr>\n<tr>\n<td>Member<\/td>\n<td>Assoc. Prof. Dr. Mehmet SA\u011eLAM<\/td>\n<td>Head of the Dept. of Business Administration<\/td>\n<\/tr>\n<tr>\n<td>Member<\/td>\n<td>Assoc. Prof. Dr. Nurg\u00fcl KELE\u015e TAY\u015e\u0130R<\/td>\n<td>Head of the Dept. of Business Administration (English)<\/td>\n<\/tr>\n<tr>\n<td>Member<\/td>\n<td>Asst. Prof. Dr. Tuncel \u00d6Z<\/td>\n<td>Head of the Dept. of Aviation Management<\/td>\n<\/tr>\n<tr>\n<td>Member<\/td>\n<td>G\u00fcne\u015f \u0130NCE BA\u015eCIN<\/td>\n<td>Faculty Secretary<\/td>\n<\/tr>\n<tr>\n<td>Member<\/td>\n<td>Beyzanur KASIRGA<\/td>\n<td>Student Representative<\/td>\n<\/tr>\n<\/tbody>\n<\/table>\n<h3 style=\"text-align: center\"><\/h3>\n<h3 style=\"text-align: center\"><strong>Department Quality Commissions<\/strong><\/h3>\n<table class=\" aligncenter\" data-path-to-node=\"3\">\n<thead>\n<tr>\n<td><strong>Department<\/strong><\/td>\n<td><strong>Role<\/strong><\/td>\n<td><strong>Title \/ Name &amp; Surname<\/strong><\/td>\n<\/tr>\n<\/thead>\n<tbody>\n<tr>\n<td>Finance and Banking (English)<\/td>\n<td>Head of Department<\/td>\n<td>Prof. Dr. Hicabi ERSOY<\/td>\n<\/tr>\n<tr>\n<td><\/td>\n<td>Elected Member<\/td>\n<td>Assoc. Prof. Dr. S\u0131tk\u0131 S\u00d6NMEZER<\/td>\n<\/tr>\n<tr>\n<td><\/td>\n<td>Quality Ambassador<\/td>\n<td>Asst. Prof. Dr. O\u011fuz \u015e\u0130M\u015eEK<\/td>\n<\/tr>\n<tr>\n<td><\/td>\n<td>Student Representative<\/td>\n<td>Amir CHOMAEV<\/td>\n<\/tr>\n<tr>\n<td>Aviation Management<\/td>\n<td>Head of Department<\/td>\n<td>Asst. Prof. Dr. Tuncel \u00d6Z<\/td>\n<\/tr>\n<tr>\n<td><\/td>\n<td>Elected Member<\/td>\n<td>Asst. Prof. Dr. \u00dcmit KANMAZ<\/td>\n<\/tr>\n<tr>\n<td><\/td>\n<td>Quality Ambassador<\/td>\n<td>Res. Asst. \u015e\u00fckr\u00fc BUDAK<\/td>\n<\/tr>\n<tr>\n<td><\/td>\n<td>Student Representative<\/td>\n<td>Melikcan SEL\u00c7UK<\/td>\n<\/tr>\n<tr>\n<td>Economics (English)<\/td>\n<td>Head of Department<\/td>\n<td>Assoc. Prof. Dr. Sinem SEF\u0130L TANSEVER<\/td>\n<\/tr>\n<tr>\n<td><\/td>\n<td>Elected Member<\/td>\n<td>Assoc. Prof. Dr. Yunus \u00d6ZCAN<\/td>\n<\/tr>\n<tr>\n<td><\/td>\n<td>Quality Ambassador<\/td>\n<td>Res. Asst. Dr. H\u00fcseyin Can HACIBEBEKO\u011eLU<\/td>\n<\/tr>\n<tr>\n<td><\/td>\n<td>Student Representative<\/td>\n<td>Asiye G\u00f6zde MUMCU<\/td>\n<\/tr>\n<tr>\n<td>Economics<\/td>\n<td>Head of Department<\/td>\n<td>Prof. Dr. Bet\u00fcl G\u00dcR<\/td>\n<\/tr>\n<tr>\n<td><\/td>\n<td>Elected Member<\/td>\n<td>Assoc. Prof. Dr. G\u00fcldenur \u00c7ET\u0130N<\/td>\n<\/tr>\n<tr>\n<td><\/td>\n<td>Quality Ambassador<\/td>\n<td>Res. Asst. Sercan YILDIZ<\/td>\n<\/tr>\n<tr>\n<td><\/td>\n<td>Student Representative<\/td>\n<td>Ay\u015fenur \u00c7EL\u0130K<\/td>\n<\/tr>\n<tr>\n<td>Business Administration (English)<\/td>\n<td>Head of Department<\/td>\n<td>Assoc. Prof. Dr. Nurg\u00fcl KELE\u015e TAY\u015e\u0130R<\/td>\n<\/tr>\n<tr>\n<td><\/td>\n<td>Elected Member<\/td>\n<td>Assoc. Prof. Dr. Ufuk BA\u015eAR<\/td>\n<\/tr>\n<tr>\n<td><\/td>\n<td>Quality Ambassador<\/td>\n<td>Res. Asst. Dr. Merve \u00c7EL\u0130K<\/td>\n<\/tr>\n<tr>\n<td><\/td>\n<td>Student Representative<\/td>\n<td>Baran KANTEK<\/td>\n<\/tr>\n<tr>\n<td>Business Administration<\/td>\n<td>Head of Department<\/td>\n<td>Assoc. Prof. Dr. Mehmet SA\u011eLAM<\/td>\n<\/tr>\n<tr>\n<td><\/td>\n<td>Elected Member<\/td>\n<td>Assoc. Prof. Dr. Recep Ali K\u00dc\u00c7\u00dcK\u00c7OLAK<\/td>\n<\/tr>\n<tr>\n<td><\/td>\n<td>Quality Ambassador<\/td>\n<td>Res. Asst. H\u00fcmeyra Nur HAT\u0130PO\u011eLU<\/td>\n<\/tr>\n<tr>\n<td><\/td>\n<td>Student Representative<\/td>\n<td>Ceren Azra CAN<\/td>\n<\/tr>\n<tr>\n<td>Logistics Management<\/td>\n<td>Head of Department<\/td>\n<td>Prof. Dr. Yahya F\u0130DAN<\/td>\n<\/tr>\n<tr>\n<td><\/td>\n<td>Elected Member<\/td>\n<td>Assoc. Prof. Dr. G\u00f6zde YANGINLAR<\/td>\n<\/tr>\n<tr>\n<td><\/td>\n<td>Quality Ambassador<\/td>\n<td>Res. Asst. Bayram \u015e\u0130R\u0130N<\/td>\n<\/tr>\n<tr>\n<td><\/td>\n<td>Student Representative<\/td>\n<td>Melike G\u00d6LGE\u00c7<\/td>\n<\/tr>\n<tr>\n<td>International Trade (English)<\/td>\n<td>Head of Department<\/td>\n<td>Assoc. Prof. Dr. Cihat K\u00d6KSAL<\/td>\n<\/tr>\n<tr>\n<td><\/td>\n<td>Elected Member<\/td>\n<td>Assoc. Prof. Dr. A\u015fk\u0131m Nurdan T\u00dcMBEK TEKEO\u011eLU<\/td>\n<\/tr>\n<tr>\n<td><\/td>\n<td>Quality Ambassador<\/td>\n<td>Res. Asst. Do\u011fan Mert AKDEM\u0130R<\/td>\n<\/tr>\n<tr>\n<td><\/td>\n<td>Student Representative<\/td>\n<td>Merve KILIN\u00c7<\/td>\n<\/tr>\n<tr>\n<td>International Trade and Finance<\/td>\n<td>Head of Department<\/td>\n<td>Assoc. Prof. Dr. Ba\u015fak ERDEM \u00c7ANKAYA<\/td>\n<\/tr>\n<tr>\n<td><\/td>\n<td>Elected Member<\/td>\n<td>Asst. Prof. Dr. Osman ALTAY<\/td>\n<\/tr>\n<tr>\n<td><\/td>\n<td>Quality Ambassador<\/td>\n<td>Res. Asst. Hilal \u00d6ZKANCA<\/td>\n<\/tr>\n<tr>\n<td><\/td>\n<td>Student Representative<\/td>\n<td>Kemal \u00d6ZBAYRAM<\/td>\n<\/tr>\n<tr>\n<td>Management Information Systems (English)<\/td>\n<td>Head of Department<\/td>\n<td>Asst. Prof. Dr. Umut AYDIN<\/td>\n<\/tr>\n<tr>\n<td><\/td>\n<td>Elected Member<\/td>\n<td>&#8211;<\/td>\n<\/tr>\n<tr>\n<td><\/td>\n<td>Quality Ambassador<\/td>\n<td>Res. Asst. Talha KARADAYI<\/td>\n<\/tr>\n<tr>\n<td><\/td>\n<td>Student Representative<\/td>\n<td>Belinay TAYKUTG\u00dcL<\/td>\n<\/tr>\n<\/tbody>\n<\/table>\n<p style=\"text-align: center\">\n","protected":false},"excerpt":{"rendered":"<p>Accreditation Commission Title \/ Name &amp; Surname Role Asst. Prof. Dr. Tu\u011frul ARIK Chairperson Assoc. Prof. Dr. Cihat K\u00d6KSAL Member Assoc. Prof. Dr. Duygu CELAY\u0130R Member Assoc. Prof. Dr. G\u00fcldenur \u00c7ET\u0130N Member Assoc. Prof. Dr. Sinem SEF\u0130L TANSEVER Member Assoc. Prof. Dr. Ufuk BA\u015eAR Member Asst. Prof. Dr. Nihan YAVUZ AKSAKAL Member Asst. Prof. Dr. [&hellip;]<\/p>\n","protected":false},"author":53,"featured_media":0,"parent":0,"menu_order":0,"comment_status":"closed","ping_status":"closed","template":"genel_sayfa.php","meta":{"footnotes":""},"yoast_head":"<!-- This site is optimized with the Yoast SEO Premium plugin v22.1 (Yoast SEO v22.1) - https:\/\/yoast.com\/wordpress\/plugins\/seo\/ -->\n<title>Committees - \u0130\u015fletme Fak\u00fcltesi<\/title>\n<meta name=\"robots\" content=\"index, follow, max-snippet:-1, max-image-preview:large, max-video-preview:-1\" \/>\n<link rel=\"canonical\" href=\"https:\/\/ticaret.edu.tr\/isletme-fakultesi\/en\/committees\/\" \/>\n<meta property=\"og:locale\" content=\"tr_TR\" \/>\n<meta property=\"og:type\" content=\"article\" \/>\n<meta property=\"og:title\" content=\"Committees\" \/>\n<meta property=\"og:description\" content=\"Accreditation Commission Title \/ Name &amp; Surname Role Asst. Prof. Dr. Tu\u011frul ARIK Chairperson Assoc. Prof. Dr. Cihat K\u00d6KSAL Member Assoc. Prof. Dr. Duygu CELAY\u0130R Member Assoc. Prof. Dr. G\u00fcldenur \u00c7ET\u0130N Member Assoc. Prof. Dr. Sinem SEF\u0130L TANSEVER Member Assoc. Prof. Dr. Ufuk BA\u015eAR Member Asst. Prof. Dr. Nihan YAVUZ AKSAKAL Member Asst. Prof. Dr. [&hellip;]\" \/>\n<meta property=\"og:url\" content=\"https:\/\/ticaret.edu.tr\/isletme-fakultesi\/en\/committees\/\" \/>\n<meta property=\"og:site_name\" content=\"\u0130\u015fletme Fak\u00fcltesi\" \/>\n<meta property=\"article:publisher\" content=\"https:\/\/www.facebook.com\/ticaretedutr\" \/>\n<meta property=\"article:modified_time\" content=\"2026-03-05T09:09:20+00:00\" \/>\n<meta property=\"og:image\" content=\"http:\/\/ticaret.edu.tr\/isletme-fakultesi\/wp-content\/uploads\/sites\/7\/2021\/11\/web_logo-01.jpg\" \/>\n\t<meta property=\"og:image:width\" content=\"1250\" \/>\n\t<meta property=\"og:image:height\" content=\"833\" \/>\n\t<meta property=\"og:image:type\" content=\"image\/jpeg\" \/>\n<meta name=\"twitter:card\" content=\"summary_large_image\" \/>\n<meta name=\"twitter:site\" content=\"@ticaretedutr\" \/>\n<meta name=\"twitter:label1\" content=\"Tahmini okuma s\u00fcresi\" \/>\n\t<meta name=\"twitter:data1\" content=\"5 dakika\" \/>\n<script type=\"application\/ld+json\" class=\"yoast-schema-graph\">{\"@context\":\"https:\/\/schema.org\",\"@graph\":[{\"@type\":\"WebPage\",\"@id\":\"https:\/\/ticaret.edu.tr\/isletme-fakultesi\/en\/committees\/\",\"url\":\"https:\/\/ticaret.edu.tr\/isletme-fakultesi\/en\/committees\/\",\"name\":\"Committees - \u0130\u015fletme Fak\u00fcltesi\",\"isPartOf\":{\"@id\":\"https:\/\/ticaret.edu.tr\/isletme-fakultesi\/#website\"},\"datePublished\":\"2022-03-15T11:15:32+00:00\",\"dateModified\":\"2026-03-05T09:09:20+00:00\",\"breadcrumb\":{\"@id\":\"https:\/\/ticaret.edu.tr\/isletme-fakultesi\/en\/committees\/#breadcrumb\"},\"inLanguage\":\"tr\",\"potentialAction\":[{\"@type\":\"ReadAction\",\"target\":[\"https:\/\/ticaret.edu.tr\/isletme-fakultesi\/en\/committees\/\"]}]},{\"@type\":\"BreadcrumbList\",\"@id\":\"https:\/\/ticaret.edu.tr\/isletme-fakultesi\/en\/committees\/#breadcrumb\",\"itemListElement\":[{\"@type\":\"ListItem\",\"position\":1,\"name\":\"Ana sayfa\",\"item\":\"https:\/\/ticaret.edu.tr\/isletme-fakultesi\/\"},{\"@type\":\"ListItem\",\"position\":2,\"name\":\"Committees\"}]},{\"@type\":\"WebSite\",\"@id\":\"https:\/\/ticaret.edu.tr\/isletme-fakultesi\/#website\",\"url\":\"https:\/\/ticaret.edu.tr\/isletme-fakultesi\/\",\"name\":\"\u0130\u015fletme Fak\u00fcltesi\",\"description\":\"\",\"potentialAction\":[{\"@type\":\"SearchAction\",\"target\":{\"@type\":\"EntryPoint\",\"urlTemplate\":\"https:\/\/ticaret.edu.tr\/isletme-fakultesi\/?s={search_term_string}\"},\"query-input\":\"required name=search_term_string\"}],\"inLanguage\":\"tr\"}]}<\/script>\n<!-- \/ Yoast SEO Premium plugin. -->","yoast_head_json":{"title":"Committees - \u0130\u015fletme Fak\u00fcltesi","robots":{"index":"index","follow":"follow","max-snippet":"max-snippet:-1","max-image-preview":"max-image-preview:large","max-video-preview":"max-video-preview:-1"},"canonical":"https:\/\/ticaret.edu.tr\/isletme-fakultesi\/en\/committees\/","og_locale":"tr_TR","og_type":"article","og_title":"Committees","og_description":"Accreditation Commission Title \/ Name &amp; Surname Role Asst. Prof. Dr. Tu\u011frul ARIK Chairperson Assoc. Prof. Dr. Cihat K\u00d6KSAL Member Assoc. Prof. Dr. Duygu CELAY\u0130R Member Assoc. Prof. Dr. G\u00fcldenur \u00c7ET\u0130N Member Assoc. Prof. Dr. Sinem SEF\u0130L TANSEVER Member Assoc. Prof. Dr. Ufuk BA\u015eAR Member Asst. Prof. Dr. Nihan YAVUZ AKSAKAL Member Asst. Prof. Dr. [&hellip;]","og_url":"https:\/\/ticaret.edu.tr\/isletme-fakultesi\/en\/committees\/","og_site_name":"\u0130\u015fletme Fak\u00fcltesi","article_publisher":"https:\/\/www.facebook.com\/ticaretedutr","article_modified_time":"2026-03-05T09:09:20+00:00","og_image":[{"width":1250,"height":833,"url":"http:\/\/ticaret.edu.tr\/isletme-fakultesi\/wp-content\/uploads\/sites\/7\/2021\/11\/web_logo-01.jpg","type":"image\/jpeg"}],"twitter_card":"summary_large_image","twitter_site":"@ticaretedutr","twitter_misc":{"Tahmini okuma s\u00fcresi":"5 dakika"},"schema":{"@context":"https:\/\/schema.org","@graph":[{"@type":"WebPage","@id":"https:\/\/ticaret.edu.tr\/isletme-fakultesi\/en\/committees\/","url":"https:\/\/ticaret.edu.tr\/isletme-fakultesi\/en\/committees\/","name":"Committees - \u0130\u015fletme Fak\u00fcltesi","isPartOf":{"@id":"https:\/\/ticaret.edu.tr\/isletme-fakultesi\/#website"},"datePublished":"2022-03-15T11:15:32+00:00","dateModified":"2026-03-05T09:09:20+00:00","breadcrumb":{"@id":"https:\/\/ticaret.edu.tr\/isletme-fakultesi\/en\/committees\/#breadcrumb"},"inLanguage":"tr","potentialAction":[{"@type":"ReadAction","target":["https:\/\/ticaret.edu.tr\/isletme-fakultesi\/en\/committees\/"]}]},{"@type":"BreadcrumbList","@id":"https:\/\/ticaret.edu.tr\/isletme-fakultesi\/en\/committees\/#breadcrumb","itemListElement":[{"@type":"ListItem","position":1,"name":"Ana sayfa","item":"https:\/\/ticaret.edu.tr\/isletme-fakultesi\/"},{"@type":"ListItem","position":2,"name":"Committees"}]},{"@type":"WebSite","@id":"https:\/\/ticaret.edu.tr\/isletme-fakultesi\/#website","url":"https:\/\/ticaret.edu.tr\/isletme-fakultesi\/","name":"\u0130\u015fletme Fak\u00fcltesi","description":"","potentialAction":[{"@type":"SearchAction","target":{"@type":"EntryPoint","urlTemplate":"https:\/\/ticaret.edu.tr\/isletme-fakultesi\/?s={search_term_string}"},"query-input":"required name=search_term_string"}],"inLanguage":"tr"}]}},"lang":"en","translations":{"en":658,"tr":654},"pll_sync_post":[],"_links":{"self":[{"href":"http:\/\/ticaret.edu.tr\/isletme-fakultesi\/wp-json\/wp\/v2\/pages\/658"}],"collection":[{"href":"http:\/\/ticaret.edu.tr\/isletme-fakultesi\/wp-json\/wp\/v2\/pages"}],"about":[{"href":"http:\/\/ticaret.edu.tr\/isletme-fakultesi\/wp-json\/wp\/v2\/types\/page"}],"author":[{"embeddable":true,"href":"http:\/\/ticaret.edu.tr\/isletme-fakultesi\/wp-json\/wp\/v2\/users\/53"}],"replies":[{"embeddable":true,"href":"http:\/\/ticaret.edu.tr\/isletme-fakultesi\/wp-json\/wp\/v2\/comments?post=658"}],"version-history":[{"count":16,"href":"http:\/\/ticaret.edu.tr\/isletme-fakultesi\/wp-json\/wp\/v2\/pages\/658\/revisions"}],"predecessor-version":[{"id":2489,"href":"http:\/\/ticaret.edu.tr\/isletme-fakultesi\/wp-json\/wp\/v2\/pages\/658\/revisions\/2489"}],"wp:attachment":[{"href":"http:\/\/ticaret.edu.tr\/isletme-fakultesi\/wp-json\/wp\/v2\/media?parent=658"}],"curies":[{"name":"wp","href":"https:\/\/api.w.org\/{rel}","templated":true}]}}