{"id":1042,"date":"2022-12-27T16:01:46","date_gmt":"2022-12-27T13:01:46","guid":{"rendered":"https:\/\/ticaret.edu.tr\/isletme-ingilizce\/?page_id=1042"},"modified":"2026-03-10T14:55:38","modified_gmt":"2026-03-10T11:55:38","slug":"program-egitim-amaclari","status":"publish","type":"page","link":"http:\/\/ticaret.edu.tr\/isletme-ingilizce\/program-egitim-amaclari\/","title":{"rendered":"Program E\u011fitim Ama\u00e7lar\u0131"},"content":{"rendered":"<p>PEA1. Ulusal, uluslararas\u0131, k\u00fcresel i\u015fletmelerde ve kurumlarda uzman ve y\u00f6netici olarak \u00e7al\u0131\u015f\u0131rlar.<\/p>\n<p>PEA2. De\u011fi\u015fen \u00f6rg\u00fct i\u00e7i ve \u00e7evresel ko\u015fullara uyum sa\u011flayarak, kendilerini mesleki alanda s\u00fcrekli olarak geli\u015ftirirler.<\/p>\n<p>PEA3. Lisans\u00fcst\u00fc d\u00fczeyde \u00e7al\u0131\u015fmalarla kariyerlerini akademik alanda ilerletirler.<\/p>\n<p>PEA4. \u00c7al\u0131\u015ft\u0131klar\u0131 i\u015fletmelerde ve kurumlarda etik ve sosyal sorumluluk kavramlar\u0131n\u0131 g\u00f6zetirler.<\/p>\n","protected":false},"excerpt":{"rendered":"<p>PEA1. Ulusal, uluslararas\u0131, k\u00fcresel i\u015fletmelerde ve kurumlarda uzman ve y\u00f6netici olarak \u00e7al\u0131\u015f\u0131rlar. PEA2. De\u011fi\u015fen \u00f6rg\u00fct i\u00e7i ve \u00e7evresel ko\u015fullara uyum sa\u011flayarak, kendilerini mesleki alanda s\u00fcrekli olarak geli\u015ftirirler. PEA3. Lisans\u00fcst\u00fc d\u00fczeyde \u00e7al\u0131\u015fmalarla kariyerlerini akademik alanda ilerletirler. PEA4. \u00c7al\u0131\u015ft\u0131klar\u0131 i\u015fletmelerde ve kurumlarda etik ve sosyal sorumluluk kavramlar\u0131n\u0131 g\u00f6zetirler.<\/p>\n","protected":false},"author":59,"featured_media":0,"parent":0,"menu_order":0,"comment_status":"closed","ping_status":"closed","template":"genel_sayfa.php","meta":{"footnotes":""},"yoast_head":"<!-- This site is optimized with the Yoast SEO Premium plugin v22.1 (Yoast SEO v22.1) - https:\/\/yoast.com\/wordpress\/plugins\/seo\/ -->\n<title>Program E\u011fitim Ama\u00e7lar\u0131 - \u0130\u015fletme (ing)<\/title>\n<meta name=\"robots\" content=\"index, follow, max-snippet:-1, max-image-preview:large, max-video-preview:-1\" \/>\n<link rel=\"canonical\" href=\"http:\/\/ticaret.edu.tr\/isletme-ingilizce\/program-egitim-amaclari\/\" \/>\n<meta property=\"og:locale\" content=\"tr_TR\" \/>\n<meta property=\"og:type\" content=\"article\" \/>\n<meta property=\"og:title\" content=\"Program E\u011fitim Ama\u00e7lar\u0131\" \/>\n<meta property=\"og:description\" content=\"PEA1. Ulusal, uluslararas\u0131, k\u00fcresel i\u015fletmelerde ve kurumlarda uzman ve y\u00f6netici olarak \u00e7al\u0131\u015f\u0131rlar. PEA2. De\u011fi\u015fen \u00f6rg\u00fct i\u00e7i ve \u00e7evresel ko\u015fullara uyum sa\u011flayarak, kendilerini mesleki alanda s\u00fcrekli olarak geli\u015ftirirler. PEA3. Lisans\u00fcst\u00fc d\u00fczeyde \u00e7al\u0131\u015fmalarla kariyerlerini akademik alanda ilerletirler. PEA4. \u00c7al\u0131\u015ft\u0131klar\u0131 i\u015fletmelerde ve kurumlarda etik ve sosyal sorumluluk kavramlar\u0131n\u0131 g\u00f6zetirler.\" \/>\n<meta property=\"og:url\" content=\"http:\/\/ticaret.edu.tr\/isletme-ingilizce\/program-egitim-amaclari\/\" \/>\n<meta property=\"og:site_name\" content=\"\u0130\u015fletme (ing)\" \/>\n<meta property=\"article:publisher\" content=\"https:\/\/www.facebook.com\/ticaretedutr\" \/>\n<meta property=\"article:modified_time\" content=\"2026-03-10T11:55:38+00:00\" \/>\n<meta name=\"twitter:card\" content=\"summary_large_image\" \/>\n<meta name=\"twitter:site\" content=\"@ticaretedutr\" \/>\n<meta name=\"twitter:label1\" content=\"Tahmini okuma s\u00fcresi\" \/>\n\t<meta name=\"twitter:data1\" content=\"1 dakika\" \/>\n<script type=\"application\/ld+json\" class=\"yoast-schema-graph\">{\"@context\":\"https:\/\/schema.org\",\"@graph\":[{\"@type\":\"WebPage\",\"@id\":\"http:\/\/ticaret.edu.tr\/isletme-ingilizce\/program-egitim-amaclari\/\",\"url\":\"http:\/\/ticaret.edu.tr\/isletme-ingilizce\/program-egitim-amaclari\/\",\"name\":\"Program E\u011fitim Ama\u00e7lar\u0131 - \u0130\u015fletme (ing)\",\"isPartOf\":{\"@id\":\"http:\/\/ticaret.edu.tr\/isletme-ingilizce\/#website\"},\"datePublished\":\"2022-12-27T13:01:46+00:00\",\"dateModified\":\"2026-03-10T11:55:38+00:00\",\"breadcrumb\":{\"@id\":\"http:\/\/ticaret.edu.tr\/isletme-ingilizce\/program-egitim-amaclari\/#breadcrumb\"},\"inLanguage\":\"tr\",\"potentialAction\":[{\"@type\":\"ReadAction\",\"target\":[\"http:\/\/ticaret.edu.tr\/isletme-ingilizce\/program-egitim-amaclari\/\"]}]},{\"@type\":\"BreadcrumbList\",\"@id\":\"http:\/\/ticaret.edu.tr\/isletme-ingilizce\/program-egitim-amaclari\/#breadcrumb\",\"itemListElement\":[{\"@type\":\"ListItem\",\"position\":1,\"name\":\"Ana sayfa\",\"item\":\"http:\/\/ticaret.edu.tr\/isletme-ingilizce\/\"},{\"@type\":\"ListItem\",\"position\":2,\"name\":\"Program E\u011fitim Ama\u00e7lar\u0131\"}]},{\"@type\":\"WebSite\",\"@id\":\"http:\/\/ticaret.edu.tr\/isletme-ingilizce\/#website\",\"url\":\"http:\/\/ticaret.edu.tr\/isletme-ingilizce\/\",\"name\":\"\u0130\u015fletme (ing)\",\"description\":\"\",\"potentialAction\":[{\"@type\":\"SearchAction\",\"target\":{\"@type\":\"EntryPoint\",\"urlTemplate\":\"http:\/\/ticaret.edu.tr\/isletme-ingilizce\/?s={search_term_string}\"},\"query-input\":\"required name=search_term_string\"}],\"inLanguage\":\"tr\"}]}<\/script>\n<!-- \/ Yoast SEO Premium plugin. -->","yoast_head_json":{"title":"Program E\u011fitim Ama\u00e7lar\u0131 - \u0130\u015fletme (ing)","robots":{"index":"index","follow":"follow","max-snippet":"max-snippet:-1","max-image-preview":"max-image-preview:large","max-video-preview":"max-video-preview:-1"},"canonical":"http:\/\/ticaret.edu.tr\/isletme-ingilizce\/program-egitim-amaclari\/","og_locale":"tr_TR","og_type":"article","og_title":"Program E\u011fitim Ama\u00e7lar\u0131","og_description":"PEA1. Ulusal, uluslararas\u0131, k\u00fcresel i\u015fletmelerde ve kurumlarda uzman ve y\u00f6netici olarak \u00e7al\u0131\u015f\u0131rlar. PEA2. De\u011fi\u015fen \u00f6rg\u00fct i\u00e7i ve \u00e7evresel ko\u015fullara uyum sa\u011flayarak, kendilerini mesleki alanda s\u00fcrekli olarak geli\u015ftirirler. PEA3. Lisans\u00fcst\u00fc d\u00fczeyde \u00e7al\u0131\u015fmalarla kariyerlerini akademik alanda ilerletirler. PEA4. \u00c7al\u0131\u015ft\u0131klar\u0131 i\u015fletmelerde ve kurumlarda etik ve sosyal sorumluluk kavramlar\u0131n\u0131 g\u00f6zetirler.","og_url":"http:\/\/ticaret.edu.tr\/isletme-ingilizce\/program-egitim-amaclari\/","og_site_name":"\u0130\u015fletme (ing)","article_publisher":"https:\/\/www.facebook.com\/ticaretedutr","article_modified_time":"2026-03-10T11:55:38+00:00","twitter_card":"summary_large_image","twitter_site":"@ticaretedutr","twitter_misc":{"Tahmini okuma s\u00fcresi":"1 dakika"},"schema":{"@context":"https:\/\/schema.org","@graph":[{"@type":"WebPage","@id":"http:\/\/ticaret.edu.tr\/isletme-ingilizce\/program-egitim-amaclari\/","url":"http:\/\/ticaret.edu.tr\/isletme-ingilizce\/program-egitim-amaclari\/","name":"Program E\u011fitim Ama\u00e7lar\u0131 - \u0130\u015fletme (ing)","isPartOf":{"@id":"http:\/\/ticaret.edu.tr\/isletme-ingilizce\/#website"},"datePublished":"2022-12-27T13:01:46+00:00","dateModified":"2026-03-10T11:55:38+00:00","breadcrumb":{"@id":"http:\/\/ticaret.edu.tr\/isletme-ingilizce\/program-egitim-amaclari\/#breadcrumb"},"inLanguage":"tr","potentialAction":[{"@type":"ReadAction","target":["http:\/\/ticaret.edu.tr\/isletme-ingilizce\/program-egitim-amaclari\/"]}]},{"@type":"BreadcrumbList","@id":"http:\/\/ticaret.edu.tr\/isletme-ingilizce\/program-egitim-amaclari\/#breadcrumb","itemListElement":[{"@type":"ListItem","position":1,"name":"Ana sayfa","item":"http:\/\/ticaret.edu.tr\/isletme-ingilizce\/"},{"@type":"ListItem","position":2,"name":"Program E\u011fitim Ama\u00e7lar\u0131"}]},{"@type":"WebSite","@id":"http:\/\/ticaret.edu.tr\/isletme-ingilizce\/#website","url":"http:\/\/ticaret.edu.tr\/isletme-ingilizce\/","name":"\u0130\u015fletme (ing)","description":"","potentialAction":[{"@type":"SearchAction","target":{"@type":"EntryPoint","urlTemplate":"http:\/\/ticaret.edu.tr\/isletme-ingilizce\/?s={search_term_string}"},"query-input":"required name=search_term_string"}],"inLanguage":"tr"}]}},"lang":"tr","translations":{"en":1075,"tr":1042},"pll_sync_post":[],"_links":{"self":[{"href":"http:\/\/ticaret.edu.tr\/isletme-ingilizce\/wp-json\/wp\/v2\/pages\/1042"}],"collection":[{"href":"http:\/\/ticaret.edu.tr\/isletme-ingilizce\/wp-json\/wp\/v2\/pages"}],"about":[{"href":"http:\/\/ticaret.edu.tr\/isletme-ingilizce\/wp-json\/wp\/v2\/types\/page"}],"author":[{"embeddable":true,"href":"http:\/\/ticaret.edu.tr\/isletme-ingilizce\/wp-json\/wp\/v2\/users\/59"}],"replies":[{"embeddable":true,"href":"http:\/\/ticaret.edu.tr\/isletme-ingilizce\/wp-json\/wp\/v2\/comments?post=1042"}],"version-history":[{"count":3,"href":"http:\/\/ticaret.edu.tr\/isletme-ingilizce\/wp-json\/wp\/v2\/pages\/1042\/revisions"}],"predecessor-version":[{"id":2225,"href":"http:\/\/ticaret.edu.tr\/isletme-ingilizce\/wp-json\/wp\/v2\/pages\/1042\/revisions\/2225"}],"wp:attachment":[{"href":"http:\/\/ticaret.edu.tr\/isletme-ingilizce\/wp-json\/wp\/v2\/media?parent=1042"}],"curies":[{"name":"wp","href":"https:\/\/api.w.org\/{rel}","templated":true}]}}