{"id":1050,"date":"2022-12-27T16:02:04","date_gmt":"2022-12-27T13:02:04","guid":{"rendered":"https:\/\/ticaret.edu.tr\/isletme-ingilizce\/?page_id=1050"},"modified":"2026-03-31T16:32:34","modified_gmt":"2026-03-31T13:32:34","slug":"ogrenci-danismanlari","status":"publish","type":"page","link":"http:\/\/ticaret.edu.tr\/isletme-ingilizce\/ogrenci-danismanlari\/","title":{"rendered":"\u00d6\u011frenci Dan\u0131\u015fmanlar\u0131"},"content":{"rendered":"<p>\u0130ngilizce \u0130\u015fletme program\u0131nda akademik dan\u0131\u015fmanlar her akademik d\u00f6nemin ba\u015f\u0131nda ders kay\u0131t ve ders ekleme\/b\u0131rakma d\u00f6nemlerinde \u00f6\u011frencilerin ders se\u00e7im i\u015flemlerinde yard\u0131mc\u0131 olur ve y\u00f6nlendirir. \u00d6\u011frencilerin kay\u0131t s\u00fcresi i\u00e7inde se\u00e7mi\u015f oldu\u011fu dersler, yapt\u0131\u011f\u0131 de\u011fi\u015fiklikler, dersten \u00e7ekilme gibi i\u015flemleri, akademik takvimde belirlenen s\u00fcre i\u00e7erisinde dan\u0131\u015fman\u0131n onay\u0131 ile kesinle\u015fir.<\/p>\n<p>Akademik dan\u0131\u015fmanlar, \u00f6\u011frencilere akademik konularda rehberlik, \u00fcniversite hayat\u0131na uyum, kariyer planlama, do\u011fru bilgilendirme gibi \u00e7e\u015fitli konularda yard\u0131mc\u0131 olur.<\/p>\n<p>\u00d6\u011frenciler, zorunlu olan GNL450 Career Planning dersinde kariyer planlamalar\u0131 konusunda ilgili d\u00f6nemde atanan \u00f6\u011fretim \u00fcyesinden g\u00f6r\u00fc\u015f almaktad\u0131rlar. Ayr\u0131ca akademik dan\u0131\u015fmanlar \u00f6\u011frenciler ile Zoom toplant\u0131lar\u0131 ve birebir g\u00f6r\u00fc\u015fmeler yaparak; \u00f6\u011frencilerden gelen e-mailleri cevapland\u0131rarak kendilerine aktif olarak kariyer dan\u0131\u015fmanl\u0131\u011f\u0131 yapmaktad\u0131rlar.<\/p>\n<p>&nbsp;<\/p>\n<table width=\"532\">\n<tbody>\n<tr>\n<td width=\"378\">Dan\u0131\u015fman<\/td>\n<td width=\"154\">S\u0131n\u0131f<\/td>\n<\/tr>\n<tr>\n<td width=\"378\">Ar\u015f. G\u00f6r. Dr. Merve \u00c7elik<\/td>\n<td width=\"154\">1<\/td>\n<\/tr>\n<tr>\n<td width=\"378\">Ar\u015f. G\u00f6r. Mehmet Emin TAVMAN<\/td>\n<td width=\"154\">2<\/td>\n<\/tr>\n<tr>\n<td width=\"378\">Ar\u015f. G\u00f6r. Mehmet Emin TAVMAN<\/td>\n<td width=\"154\">3<\/td>\n<\/tr>\n<tr>\n<td width=\"378\">Ar\u015f. G\u00f6r. Dr. Merve \u00c7elik<\/td>\n<td width=\"154\">4<\/td>\n<\/tr>\n<\/tbody>\n<\/table>\n<p>&nbsp;<\/p>\n<p>\u0130stanbul Ticaret \u00dcniversitesi \u00d6nlisans Ve Lisans E\u011fitim-\u00d6\u011fretim Ve S\u0131nav Y\u00f6netmeli\u011fi<\/p>\n<p><a href=\"https:\/\/www.mevzuat.gov.tr\/mevzuat?MevzuatNo=15066&amp;MevzuatTur=8&amp;MevzuatTertip=5\">https:\/\/www.mevzuat.gov.tr\/mevzuat?MevzuatNo=15066&amp;MevzuatTur=8&amp;MevzuatTertip=5<\/a><\/p>\n<p>2023-2024 \u00d6\u011fretim Y\u0131l\u0131 G\u00fcz Yar\u0131y\u0131l\u0131 Kay\u0131t Yenileme \u0130\u015flemleri<\/p>\n<p><a href=\"https:\/\/ticaret.edu.tr\/ogrenci-isleri-daire-baskanligi\/wp-content\/uploads\/sites\/68\/2023\/09\/2023-2024-Guz-Donemi-Kayit-Yenileme-Islemlerinden-Ders-Secimi-Islemleri.pdf\">https:\/\/ticaret.edu.tr\/ogrenci-isleri-daire-baskanligi\/wp-content\/uploads\/sites\/68\/2023\/09\/2023-2024-Guz-Donemi-Kayit-Yenileme-Islemlerinden-Ders-Secimi-Islemleri.pdf<\/a><\/p>\n<p><strong>Kariyer Dan\u0131\u015fmanl\u0131k G\u00fcn ve Saatleri<\/strong><\/p>\n<p><strong>Ar\u015f. G\u00f6r. Dr. Merve \u00c7elik<\/strong>: Sal\u0131 14.00-15.00<\/p>\n<p><strong>Ar\u015f. G\u00f6r. Mehmet Emin TAVMAN<\/strong>: Pazartesi 14.00-17.00 &amp; Sal\u0131 14.00-17.00 &amp; Cuma 15.00-17.00<\/p>\n","protected":false},"excerpt":{"rendered":"<p>\u0130ngilizce \u0130\u015fletme program\u0131nda akademik dan\u0131\u015fmanlar her akademik d\u00f6nemin ba\u015f\u0131nda ders kay\u0131t ve ders ekleme\/b\u0131rakma d\u00f6nemlerinde \u00f6\u011frencilerin ders se\u00e7im i\u015flemlerinde yard\u0131mc\u0131 olur ve y\u00f6nlendirir. \u00d6\u011frencilerin kay\u0131t s\u00fcresi i\u00e7inde se\u00e7mi\u015f oldu\u011fu dersler, yapt\u0131\u011f\u0131 de\u011fi\u015fiklikler, dersten \u00e7ekilme gibi i\u015flemleri, akademik takvimde belirlenen s\u00fcre i\u00e7erisinde dan\u0131\u015fman\u0131n onay\u0131 ile kesinle\u015fir. Akademik dan\u0131\u015fmanlar, \u00f6\u011frencilere akademik konularda rehberlik, \u00fcniversite hayat\u0131na uyum, kariyer [&hellip;]<\/p>\n","protected":false},"author":59,"featured_media":0,"parent":0,"menu_order":0,"comment_status":"closed","ping_status":"closed","template":"genel_sayfa.php","meta":{"footnotes":""},"yoast_head":"<!-- This site is optimized with the Yoast SEO Premium plugin v22.1 (Yoast SEO v22.1) - https:\/\/yoast.com\/wordpress\/plugins\/seo\/ -->\n<title>\u00d6\u011frenci Dan\u0131\u015fmanlar\u0131 - \u0130\u015fletme (ing)<\/title>\n<meta name=\"robots\" content=\"index, follow, max-snippet:-1, max-image-preview:large, max-video-preview:-1\" \/>\n<link rel=\"canonical\" href=\"http:\/\/ticaret.edu.tr\/isletme-ingilizce\/ogrenci-danismanlari\/\" \/>\n<meta property=\"og:locale\" content=\"tr_TR\" \/>\n<meta property=\"og:type\" content=\"article\" \/>\n<meta property=\"og:title\" content=\"\u00d6\u011frenci Dan\u0131\u015fmanlar\u0131\" \/>\n<meta property=\"og:description\" content=\"\u0130ngilizce \u0130\u015fletme program\u0131nda akademik dan\u0131\u015fmanlar her akademik d\u00f6nemin ba\u015f\u0131nda ders kay\u0131t ve ders ekleme\/b\u0131rakma d\u00f6nemlerinde \u00f6\u011frencilerin ders se\u00e7im i\u015flemlerinde yard\u0131mc\u0131 olur ve y\u00f6nlendirir. \u00d6\u011frencilerin kay\u0131t s\u00fcresi i\u00e7inde se\u00e7mi\u015f oldu\u011fu dersler, yapt\u0131\u011f\u0131 de\u011fi\u015fiklikler, dersten \u00e7ekilme gibi i\u015flemleri, akademik takvimde belirlenen s\u00fcre i\u00e7erisinde dan\u0131\u015fman\u0131n onay\u0131 ile kesinle\u015fir. Akademik dan\u0131\u015fmanlar, \u00f6\u011frencilere akademik konularda rehberlik, \u00fcniversite hayat\u0131na uyum, kariyer [&hellip;]\" \/>\n<meta property=\"og:url\" content=\"http:\/\/ticaret.edu.tr\/isletme-ingilizce\/ogrenci-danismanlari\/\" \/>\n<meta property=\"og:site_name\" content=\"\u0130\u015fletme (ing)\" \/>\n<meta property=\"article:publisher\" content=\"https:\/\/www.facebook.com\/ticaretedutr\" \/>\n<meta property=\"article:modified_time\" content=\"2026-03-31T13:32:34+00:00\" \/>\n<meta name=\"twitter:card\" content=\"summary_large_image\" \/>\n<meta name=\"twitter:site\" content=\"@ticaretedutr\" \/>\n<meta name=\"twitter:label1\" content=\"Tahmini okuma s\u00fcresi\" \/>\n\t<meta name=\"twitter:data1\" content=\"2 dakika\" \/>\n<script type=\"application\/ld+json\" class=\"yoast-schema-graph\">{\"@context\":\"https:\/\/schema.org\",\"@graph\":[{\"@type\":\"WebPage\",\"@id\":\"http:\/\/ticaret.edu.tr\/isletme-ingilizce\/ogrenci-danismanlari\/\",\"url\":\"http:\/\/ticaret.edu.tr\/isletme-ingilizce\/ogrenci-danismanlari\/\",\"name\":\"\u00d6\u011frenci Dan\u0131\u015fmanlar\u0131 - \u0130\u015fletme (ing)\",\"isPartOf\":{\"@id\":\"http:\/\/ticaret.edu.tr\/isletme-ingilizce\/#website\"},\"datePublished\":\"2022-12-27T13:02:04+00:00\",\"dateModified\":\"2026-03-31T13:32:34+00:00\",\"breadcrumb\":{\"@id\":\"http:\/\/ticaret.edu.tr\/isletme-ingilizce\/ogrenci-danismanlari\/#breadcrumb\"},\"inLanguage\":\"tr\",\"potentialAction\":[{\"@type\":\"ReadAction\",\"target\":[\"http:\/\/ticaret.edu.tr\/isletme-ingilizce\/ogrenci-danismanlari\/\"]}]},{\"@type\":\"BreadcrumbList\",\"@id\":\"http:\/\/ticaret.edu.tr\/isletme-ingilizce\/ogrenci-danismanlari\/#breadcrumb\",\"itemListElement\":[{\"@type\":\"ListItem\",\"position\":1,\"name\":\"Ana sayfa\",\"item\":\"http:\/\/ticaret.edu.tr\/isletme-ingilizce\/\"},{\"@type\":\"ListItem\",\"position\":2,\"name\":\"\u00d6\u011frenci Dan\u0131\u015fmanlar\u0131\"}]},{\"@type\":\"WebSite\",\"@id\":\"http:\/\/ticaret.edu.tr\/isletme-ingilizce\/#website\",\"url\":\"http:\/\/ticaret.edu.tr\/isletme-ingilizce\/\",\"name\":\"\u0130\u015fletme (ing)\",\"description\":\"\",\"potentialAction\":[{\"@type\":\"SearchAction\",\"target\":{\"@type\":\"EntryPoint\",\"urlTemplate\":\"http:\/\/ticaret.edu.tr\/isletme-ingilizce\/?s={search_term_string}\"},\"query-input\":\"required name=search_term_string\"}],\"inLanguage\":\"tr\"}]}<\/script>\n<!-- \/ Yoast SEO Premium plugin. -->","yoast_head_json":{"title":"\u00d6\u011frenci Dan\u0131\u015fmanlar\u0131 - \u0130\u015fletme (ing)","robots":{"index":"index","follow":"follow","max-snippet":"max-snippet:-1","max-image-preview":"max-image-preview:large","max-video-preview":"max-video-preview:-1"},"canonical":"http:\/\/ticaret.edu.tr\/isletme-ingilizce\/ogrenci-danismanlari\/","og_locale":"tr_TR","og_type":"article","og_title":"\u00d6\u011frenci Dan\u0131\u015fmanlar\u0131","og_description":"\u0130ngilizce \u0130\u015fletme program\u0131nda akademik dan\u0131\u015fmanlar her akademik d\u00f6nemin ba\u015f\u0131nda ders kay\u0131t ve ders ekleme\/b\u0131rakma d\u00f6nemlerinde \u00f6\u011frencilerin ders se\u00e7im i\u015flemlerinde yard\u0131mc\u0131 olur ve y\u00f6nlendirir. \u00d6\u011frencilerin kay\u0131t s\u00fcresi i\u00e7inde se\u00e7mi\u015f oldu\u011fu dersler, yapt\u0131\u011f\u0131 de\u011fi\u015fiklikler, dersten \u00e7ekilme gibi i\u015flemleri, akademik takvimde belirlenen s\u00fcre i\u00e7erisinde dan\u0131\u015fman\u0131n onay\u0131 ile kesinle\u015fir. Akademik dan\u0131\u015fmanlar, \u00f6\u011frencilere akademik konularda rehberlik, \u00fcniversite hayat\u0131na uyum, kariyer [&hellip;]","og_url":"http:\/\/ticaret.edu.tr\/isletme-ingilizce\/ogrenci-danismanlari\/","og_site_name":"\u0130\u015fletme (ing)","article_publisher":"https:\/\/www.facebook.com\/ticaretedutr","article_modified_time":"2026-03-31T13:32:34+00:00","twitter_card":"summary_large_image","twitter_site":"@ticaretedutr","twitter_misc":{"Tahmini okuma s\u00fcresi":"2 dakika"},"schema":{"@context":"https:\/\/schema.org","@graph":[{"@type":"WebPage","@id":"http:\/\/ticaret.edu.tr\/isletme-ingilizce\/ogrenci-danismanlari\/","url":"http:\/\/ticaret.edu.tr\/isletme-ingilizce\/ogrenci-danismanlari\/","name":"\u00d6\u011frenci Dan\u0131\u015fmanlar\u0131 - \u0130\u015fletme (ing)","isPartOf":{"@id":"http:\/\/ticaret.edu.tr\/isletme-ingilizce\/#website"},"datePublished":"2022-12-27T13:02:04+00:00","dateModified":"2026-03-31T13:32:34+00:00","breadcrumb":{"@id":"http:\/\/ticaret.edu.tr\/isletme-ingilizce\/ogrenci-danismanlari\/#breadcrumb"},"inLanguage":"tr","potentialAction":[{"@type":"ReadAction","target":["http:\/\/ticaret.edu.tr\/isletme-ingilizce\/ogrenci-danismanlari\/"]}]},{"@type":"BreadcrumbList","@id":"http:\/\/ticaret.edu.tr\/isletme-ingilizce\/ogrenci-danismanlari\/#breadcrumb","itemListElement":[{"@type":"ListItem","position":1,"name":"Ana sayfa","item":"http:\/\/ticaret.edu.tr\/isletme-ingilizce\/"},{"@type":"ListItem","position":2,"name":"\u00d6\u011frenci Dan\u0131\u015fmanlar\u0131"}]},{"@type":"WebSite","@id":"http:\/\/ticaret.edu.tr\/isletme-ingilizce\/#website","url":"http:\/\/ticaret.edu.tr\/isletme-ingilizce\/","name":"\u0130\u015fletme (ing)","description":"","potentialAction":[{"@type":"SearchAction","target":{"@type":"EntryPoint","urlTemplate":"http:\/\/ticaret.edu.tr\/isletme-ingilizce\/?s={search_term_string}"},"query-input":"required name=search_term_string"}],"inLanguage":"tr"}]}},"lang":"tr","translations":{"en":1710,"tr":1050},"pll_sync_post":[],"_links":{"self":[{"href":"http:\/\/ticaret.edu.tr\/isletme-ingilizce\/wp-json\/wp\/v2\/pages\/1050"}],"collection":[{"href":"http:\/\/ticaret.edu.tr\/isletme-ingilizce\/wp-json\/wp\/v2\/pages"}],"about":[{"href":"http:\/\/ticaret.edu.tr\/isletme-ingilizce\/wp-json\/wp\/v2\/types\/page"}],"author":[{"embeddable":true,"href":"http:\/\/ticaret.edu.tr\/isletme-ingilizce\/wp-json\/wp\/v2\/users\/59"}],"replies":[{"embeddable":true,"href":"http:\/\/ticaret.edu.tr\/isletme-ingilizce\/wp-json\/wp\/v2\/comments?post=1050"}],"version-history":[{"count":10,"href":"http:\/\/ticaret.edu.tr\/isletme-ingilizce\/wp-json\/wp\/v2\/pages\/1050\/revisions"}],"predecessor-version":[{"id":1981,"href":"http:\/\/ticaret.edu.tr\/isletme-ingilizce\/wp-json\/wp\/v2\/pages\/1050\/revisions\/1981"}],"wp:attachment":[{"href":"http:\/\/ticaret.edu.tr\/isletme-ingilizce\/wp-json\/wp\/v2\/media?parent=1050"}],"curies":[{"name":"wp","href":"https:\/\/api.w.org\/{rel}","templated":true}]}}