{"id":1453,"date":"2025-01-23T11:14:49","date_gmt":"2025-01-23T08:14:49","guid":{"rendered":"https:\/\/ticaret.edu.tr\/isletme-ingilizce\/?page_id=1453"},"modified":"2025-10-17T16:48:50","modified_gmt":"2025-10-17T13:48:50","slug":"lisansustu-genel-bilgi","status":"publish","type":"page","link":"http:\/\/ticaret.edu.tr\/isletme-ingilizce\/lisansustu-genel-bilgi\/","title":{"rendered":"Genel Bilgi"},"content":{"rendered":"<h2 data-start=\"420\" data-end=\"441\">Program Portf\u00f6y\u00fc<\/h2>\n<p data-start=\"442\" data-end=\"607\">\u0130stanbul Ticaret \u00dcniversitesi \u0130\u015fletme Fak\u00fcltesi, \u0130\u015fletme alan\u0131nda <strong data-start=\"508\" data-end=\"538\">tezli\/tezsiz y\u00fcksek lisans<\/strong> ve <strong data-start=\"542\" data-end=\"553\">doktora<\/strong> d\u00fczeyinde \u0130ngilizce e\u011fitim se\u00e7enekleri sunmaktad\u0131r:<\/p>\n<ul>\n<li data-start=\"608\" data-end=\"672\">\n<p data-start=\"610\" data-end=\"672\">\u0130\u015fletme (\u0130ngilizce) Tezsiz Y\u00fcksek Lisans Program\u0131<\/p>\n<\/li>\n<li>\u0130\u015fletme (\u0130ngilizce) Tezli Y\u00fcksek Lisans Program\u0131<\/li>\n<li data-start=\"673\" data-end=\"890\">\n<p data-start=\"675\" data-end=\"890\">\u0130\u015fletme (\u0130ngilizce) Doktora Program\u0131<\/p>\n<\/li>\n<\/ul>\n<h2 data-start=\"892\" data-end=\"914\">Akademik Yakla\u015f\u0131m<\/h2>\n<p data-start=\"915\" data-end=\"1365\">Y\u00fcksek lisans programlar\u0131m\u0131z, <strong>alan\u0131nda en \u00f6nde gelen e\u011fitimcileriyle <\/strong>i\u015fletmenin temel fonksiyonlar\u0131nda derinle\u015fmeyi; y\u00f6netim, pazarlama, finans, muhasebe, insan kaynaklar\u0131, operasyon ve i\u015f analiti\u011fi gibi alanlarda <strong>\u0130TO ekosisteminin de katk\u0131s\u0131yla<\/strong>; mentorluk, misafir konu\u015fmac\u0131, vaka \u00e7al\u0131\u015fmalar\u0131, sekt\u00f6r profesyonellerinin s\u0131n\u0131f i\u00e7i katk\u0131lar\u0131, proje ve a\u011f olanaklar\u0131yla lisans\u00fcst\u00fc \u00f6\u011frencilerimizin akademik ya da profesyonel kariyerlerini destekler.<\/p>\n<p data-start=\"915\" data-end=\"1365\">Doktora program\u0131m\u0131zsa k\u00fcresel rekabet ve d\u00f6n\u00fc\u015fen i\u015f d\u00fcnyas\u0131n\u0131n gerektirdi\u011fi <strong data-start=\"1906\" data-end=\"1925\">\u00f6zg\u00fcn ara\u015ft\u0131rma<\/strong> yetkinliklerini geli\u015ftirmeyi ama\u00e7lar. Program; ileri d\u00fczey kuramsal i\u00e7erik, y\u00f6ntem e\u011fitimi ve se\u00e7meli alan dersleriyle akademiye ve nitelikli y\u00f6netim pozisyonlar\u0131na ara\u015ft\u0131rma temelli bir haz\u0131rl\u0131k sa\u011flar.<\/p>\n","protected":false},"excerpt":{"rendered":"<p>Program Portf\u00f6y\u00fc \u0130stanbul Ticaret \u00dcniversitesi \u0130\u015fletme Fak\u00fcltesi, \u0130\u015fletme alan\u0131nda tezli\/tezsiz y\u00fcksek lisans ve doktora d\u00fczeyinde \u0130ngilizce e\u011fitim se\u00e7enekleri sunmaktad\u0131r: \u0130\u015fletme (\u0130ngilizce) Tezsiz Y\u00fcksek Lisans Program\u0131 \u0130\u015fletme (\u0130ngilizce) Tezli Y\u00fcksek Lisans Program\u0131 \u0130\u015fletme (\u0130ngilizce) Doktora Program\u0131 Akademik Yakla\u015f\u0131m Y\u00fcksek lisans programlar\u0131m\u0131z, alan\u0131nda en \u00f6nde gelen e\u011fitimcileriyle i\u015fletmenin temel fonksiyonlar\u0131nda derinle\u015fmeyi; y\u00f6netim, pazarlama, finans, muhasebe, insan kaynaklar\u0131, [&hellip;]<\/p>\n","protected":false},"author":59,"featured_media":0,"parent":0,"menu_order":0,"comment_status":"closed","ping_status":"closed","template":"genel_sayfa.php","meta":{"footnotes":""},"yoast_head":"<!-- This site is optimized with the Yoast SEO Premium plugin v22.1 (Yoast SEO v22.1) - https:\/\/yoast.com\/wordpress\/plugins\/seo\/ -->\n<title>Genel Bilgi - \u0130\u015fletme (ing)<\/title>\n<meta name=\"robots\" content=\"index, follow, max-snippet:-1, max-image-preview:large, max-video-preview:-1\" \/>\n<link rel=\"canonical\" href=\"http:\/\/ticaret.edu.tr\/isletme-ingilizce\/lisansustu-genel-bilgi\/\" \/>\n<meta property=\"og:locale\" content=\"tr_TR\" \/>\n<meta property=\"og:type\" content=\"article\" \/>\n<meta property=\"og:title\" content=\"Genel Bilgi\" \/>\n<meta property=\"og:description\" content=\"Program Portf\u00f6y\u00fc \u0130stanbul Ticaret \u00dcniversitesi \u0130\u015fletme Fak\u00fcltesi, \u0130\u015fletme alan\u0131nda tezli\/tezsiz y\u00fcksek lisans ve doktora d\u00fczeyinde \u0130ngilizce e\u011fitim se\u00e7enekleri sunmaktad\u0131r: \u0130\u015fletme (\u0130ngilizce) Tezsiz Y\u00fcksek Lisans Program\u0131 \u0130\u015fletme (\u0130ngilizce) Tezli Y\u00fcksek Lisans Program\u0131 \u0130\u015fletme (\u0130ngilizce) Doktora Program\u0131 Akademik Yakla\u015f\u0131m Y\u00fcksek lisans programlar\u0131m\u0131z, alan\u0131nda en \u00f6nde gelen e\u011fitimcileriyle i\u015fletmenin temel fonksiyonlar\u0131nda derinle\u015fmeyi; y\u00f6netim, pazarlama, finans, muhasebe, insan kaynaklar\u0131, [&hellip;]\" \/>\n<meta property=\"og:url\" content=\"http:\/\/ticaret.edu.tr\/isletme-ingilizce\/lisansustu-genel-bilgi\/\" \/>\n<meta property=\"og:site_name\" content=\"\u0130\u015fletme (ing)\" \/>\n<meta property=\"article:publisher\" content=\"https:\/\/www.facebook.com\/ticaretedutr\" \/>\n<meta property=\"article:modified_time\" content=\"2025-10-17T13:48:50+00:00\" \/>\n<meta name=\"twitter:card\" content=\"summary_large_image\" \/>\n<meta name=\"twitter:site\" content=\"@ticaretedutr\" \/>\n<meta name=\"twitter:label1\" content=\"Tahmini okuma s\u00fcresi\" \/>\n\t<meta name=\"twitter:data1\" content=\"1 dakika\" \/>\n<script type=\"application\/ld+json\" class=\"yoast-schema-graph\">{\"@context\":\"https:\/\/schema.org\",\"@graph\":[{\"@type\":\"WebPage\",\"@id\":\"http:\/\/ticaret.edu.tr\/isletme-ingilizce\/lisansustu-genel-bilgi\/\",\"url\":\"http:\/\/ticaret.edu.tr\/isletme-ingilizce\/lisansustu-genel-bilgi\/\",\"name\":\"Genel Bilgi - \u0130\u015fletme (ing)\",\"isPartOf\":{\"@id\":\"http:\/\/ticaret.edu.tr\/isletme-ingilizce\/#website\"},\"datePublished\":\"2025-01-23T08:14:49+00:00\",\"dateModified\":\"2025-10-17T13:48:50+00:00\",\"breadcrumb\":{\"@id\":\"http:\/\/ticaret.edu.tr\/isletme-ingilizce\/lisansustu-genel-bilgi\/#breadcrumb\"},\"inLanguage\":\"tr\",\"potentialAction\":[{\"@type\":\"ReadAction\",\"target\":[\"http:\/\/ticaret.edu.tr\/isletme-ingilizce\/lisansustu-genel-bilgi\/\"]}]},{\"@type\":\"BreadcrumbList\",\"@id\":\"http:\/\/ticaret.edu.tr\/isletme-ingilizce\/lisansustu-genel-bilgi\/#breadcrumb\",\"itemListElement\":[{\"@type\":\"ListItem\",\"position\":1,\"name\":\"Ana sayfa\",\"item\":\"http:\/\/ticaret.edu.tr\/isletme-ingilizce\/\"},{\"@type\":\"ListItem\",\"position\":2,\"name\":\"Genel Bilgi\"}]},{\"@type\":\"WebSite\",\"@id\":\"http:\/\/ticaret.edu.tr\/isletme-ingilizce\/#website\",\"url\":\"http:\/\/ticaret.edu.tr\/isletme-ingilizce\/\",\"name\":\"\u0130\u015fletme (ing)\",\"description\":\"\",\"potentialAction\":[{\"@type\":\"SearchAction\",\"target\":{\"@type\":\"EntryPoint\",\"urlTemplate\":\"http:\/\/ticaret.edu.tr\/isletme-ingilizce\/?s={search_term_string}\"},\"query-input\":\"required name=search_term_string\"}],\"inLanguage\":\"tr\"}]}<\/script>\n<!-- \/ Yoast SEO Premium plugin. -->","yoast_head_json":{"title":"Genel Bilgi - \u0130\u015fletme (ing)","robots":{"index":"index","follow":"follow","max-snippet":"max-snippet:-1","max-image-preview":"max-image-preview:large","max-video-preview":"max-video-preview:-1"},"canonical":"http:\/\/ticaret.edu.tr\/isletme-ingilizce\/lisansustu-genel-bilgi\/","og_locale":"tr_TR","og_type":"article","og_title":"Genel Bilgi","og_description":"Program Portf\u00f6y\u00fc \u0130stanbul Ticaret \u00dcniversitesi \u0130\u015fletme Fak\u00fcltesi, \u0130\u015fletme alan\u0131nda tezli\/tezsiz y\u00fcksek lisans ve doktora d\u00fczeyinde \u0130ngilizce e\u011fitim se\u00e7enekleri sunmaktad\u0131r: \u0130\u015fletme (\u0130ngilizce) Tezsiz Y\u00fcksek Lisans Program\u0131 \u0130\u015fletme (\u0130ngilizce) Tezli Y\u00fcksek Lisans Program\u0131 \u0130\u015fletme (\u0130ngilizce) Doktora Program\u0131 Akademik Yakla\u015f\u0131m Y\u00fcksek lisans programlar\u0131m\u0131z, alan\u0131nda en \u00f6nde gelen e\u011fitimcileriyle i\u015fletmenin temel fonksiyonlar\u0131nda derinle\u015fmeyi; y\u00f6netim, pazarlama, finans, muhasebe, insan kaynaklar\u0131, [&hellip;]","og_url":"http:\/\/ticaret.edu.tr\/isletme-ingilizce\/lisansustu-genel-bilgi\/","og_site_name":"\u0130\u015fletme (ing)","article_publisher":"https:\/\/www.facebook.com\/ticaretedutr","article_modified_time":"2025-10-17T13:48:50+00:00","twitter_card":"summary_large_image","twitter_site":"@ticaretedutr","twitter_misc":{"Tahmini okuma s\u00fcresi":"1 dakika"},"schema":{"@context":"https:\/\/schema.org","@graph":[{"@type":"WebPage","@id":"http:\/\/ticaret.edu.tr\/isletme-ingilizce\/lisansustu-genel-bilgi\/","url":"http:\/\/ticaret.edu.tr\/isletme-ingilizce\/lisansustu-genel-bilgi\/","name":"Genel Bilgi - \u0130\u015fletme (ing)","isPartOf":{"@id":"http:\/\/ticaret.edu.tr\/isletme-ingilizce\/#website"},"datePublished":"2025-01-23T08:14:49+00:00","dateModified":"2025-10-17T13:48:50+00:00","breadcrumb":{"@id":"http:\/\/ticaret.edu.tr\/isletme-ingilizce\/lisansustu-genel-bilgi\/#breadcrumb"},"inLanguage":"tr","potentialAction":[{"@type":"ReadAction","target":["http:\/\/ticaret.edu.tr\/isletme-ingilizce\/lisansustu-genel-bilgi\/"]}]},{"@type":"BreadcrumbList","@id":"http:\/\/ticaret.edu.tr\/isletme-ingilizce\/lisansustu-genel-bilgi\/#breadcrumb","itemListElement":[{"@type":"ListItem","position":1,"name":"Ana sayfa","item":"http:\/\/ticaret.edu.tr\/isletme-ingilizce\/"},{"@type":"ListItem","position":2,"name":"Genel Bilgi"}]},{"@type":"WebSite","@id":"http:\/\/ticaret.edu.tr\/isletme-ingilizce\/#website","url":"http:\/\/ticaret.edu.tr\/isletme-ingilizce\/","name":"\u0130\u015fletme (ing)","description":"","potentialAction":[{"@type":"SearchAction","target":{"@type":"EntryPoint","urlTemplate":"http:\/\/ticaret.edu.tr\/isletme-ingilizce\/?s={search_term_string}"},"query-input":"required name=search_term_string"}],"inLanguage":"tr"}]}},"lang":"tr","translations":{"en":1537,"tr":1453},"pll_sync_post":[],"_links":{"self":[{"href":"http:\/\/ticaret.edu.tr\/isletme-ingilizce\/wp-json\/wp\/v2\/pages\/1453"}],"collection":[{"href":"http:\/\/ticaret.edu.tr\/isletme-ingilizce\/wp-json\/wp\/v2\/pages"}],"about":[{"href":"http:\/\/ticaret.edu.tr\/isletme-ingilizce\/wp-json\/wp\/v2\/types\/page"}],"author":[{"embeddable":true,"href":"http:\/\/ticaret.edu.tr\/isletme-ingilizce\/wp-json\/wp\/v2\/users\/59"}],"replies":[{"embeddable":true,"href":"http:\/\/ticaret.edu.tr\/isletme-ingilizce\/wp-json\/wp\/v2\/comments?post=1453"}],"version-history":[{"count":4,"href":"http:\/\/ticaret.edu.tr\/isletme-ingilizce\/wp-json\/wp\/v2\/pages\/1453\/revisions"}],"predecessor-version":[{"id":2061,"href":"http:\/\/ticaret.edu.tr\/isletme-ingilizce\/wp-json\/wp\/v2\/pages\/1453\/revisions\/2061"}],"wp:attachment":[{"href":"http:\/\/ticaret.edu.tr\/isletme-ingilizce\/wp-json\/wp\/v2\/media?parent=1453"}],"curies":[{"name":"wp","href":"https:\/\/api.w.org\/{rel}","templated":true}]}}