{"id":1493,"date":"2025-01-23T11:16:38","date_gmt":"2025-01-23T08:16:38","guid":{"rendered":"https:\/\/ticaret.edu.tr\/isletme-ingilizce\/?page_id=1493"},"modified":"2025-10-20T14:03:27","modified_gmt":"2025-10-20T11:03:27","slug":"arastirma-alanlari","status":"publish","type":"page","link":"http:\/\/ticaret.edu.tr\/isletme-ingilizce\/arastirma-alanlari\/","title":{"rendered":"Ara\u015ft\u0131rma Alanlar\u0131"},"content":{"rendered":"<p><strong>Do\u00e7. Dr. Nurg\u00fcl Kele\u015f <\/strong><span data-contrast=\"none\"><strong>Tay\u015fir<\/strong> (B\u00f6l\u00fcm Ba\u015fkan\u0131)<\/span><span data-contrast=\"none\">: Sosyal ve Be\u015feri Bilimler, Y\u00f6netim ve Organizasyon, \u0130\u015fletme Y\u00f6netimi, Giri\u015fimcilik ve Yenilik Y\u00f6netimi<\/span><\/p>\n<p><span data-contrast=\"none\"><strong>Prof. Dr. Murat Yal\u00e7\u0131nta\u015f<\/strong>:<\/span><span data-contrast=\"none\">\u00a0<\/span><span data-contrast=\"none\">Sosyal ve Be\u015feri Bilimler, Sosyoloji, \u0130ktisat, \u00c7al\u0131\u015fma Ekonomisi ve End\u00fcstri \u0130li\u015fkileri, \u00c7al\u0131\u015fma Ekonomisi<\/span>\u200b<\/p>\n<p><span data-contrast=\"none\"><strong>Prof. Dr. Necdet \u015eensoy<\/strong>: <\/span><span data-contrast=\"none\">Sosyal ve Be\u015feri Bilimler, \u0130\u015fletme, Muhasebe, Muhasebe ve Denetim<\/span>\u200b<\/p>\n<p><span data-contrast=\"none\"><strong>Do\u00e7. Dr. Ufuk Ba\u015far<\/strong>: <\/span><span data-contrast=\"none\">Y\u00f6netim, \u00d6rg\u00fctsel Davran\u0131\u015f, Liderlik<\/span>\u200b<\/p>\n<p><span data-contrast=\"none\"><strong>Do\u00e7. Dr. Burak Yaprak<\/strong>: <\/span><span data-contrast=\"none\">Sosyal ve Be\u015feri Bilimler, \u0130\u015fletme, Pazarlama<\/span>\u200b<\/p>\n<p data-ccp-props=\"{&quot;335551550&quot;:1,&quot;335551620&quot;:1,&quot;335559683&quot;:0,&quot;335559685&quot;:0,&quot;335559731&quot;:0,&quot;335559737&quot;:0,&quot;335562764&quot;:2,&quot;335562765&quot;:0.9,&quot;335562766&quot;:4,&quot;335562767&quot;:12,&quot;335562768&quot;:4,&quot;335562769&quot;:2}\"><span data-contrast=\"none\">*<strong>Do\u00e7. Dr. Adnan \u00c7orum<\/strong>: \u00c7evreye Duyarl\u0131 \u00dcretim, Yeniden \u0130malat, <\/span><span data-contrast=\"none\">ERP<\/span><span data-contrast=\"none\"> Sistemleri, M\u00fchendislik Ekonomisi<\/span>\u200b<\/p>\n<p data-ccp-props=\"{&quot;335551550&quot;:1,&quot;335551620&quot;:1,&quot;335559683&quot;:0,&quot;335559685&quot;:0,&quot;335559731&quot;:0,&quot;335559737&quot;:0,&quot;335562764&quot;:2,&quot;335562765&quot;:0.9,&quot;335562766&quot;:4,&quot;335562767&quot;:12,&quot;335562768&quot;:4,&quot;335562769&quot;:2}\">*<strong>Do\u00e7. Dr. Mehmet Emin K\u00f6ro\u011flu: <\/strong>Matematik, Birle\u015fmeli Halkalar ve Cebirler, Cisim Kuram\u0131 ve Polinomlar, Temel Bilimler<\/p>\n","protected":false},"excerpt":{"rendered":"<p>Do\u00e7. Dr. Nurg\u00fcl Kele\u015f Tay\u015fir (B\u00f6l\u00fcm Ba\u015fkan\u0131): Sosyal ve Be\u015feri Bilimler, Y\u00f6netim ve Organizasyon, \u0130\u015fletme Y\u00f6netimi, Giri\u015fimcilik ve Yenilik Y\u00f6netimi Prof. Dr. Murat Yal\u00e7\u0131nta\u015f:\u00a0Sosyal ve Be\u015feri Bilimler, Sosyoloji, \u0130ktisat, \u00c7al\u0131\u015fma Ekonomisi ve End\u00fcstri \u0130li\u015fkileri, \u00c7al\u0131\u015fma Ekonomisi\u200b Prof. Dr. Necdet \u015eensoy: Sosyal ve Be\u015feri Bilimler, \u0130\u015fletme, Muhasebe, Muhasebe ve Denetim\u200b Do\u00e7. Dr. Ufuk Ba\u015far: Y\u00f6netim, \u00d6rg\u00fctsel [&hellip;]<\/p>\n","protected":false},"author":59,"featured_media":0,"parent":0,"menu_order":0,"comment_status":"closed","ping_status":"closed","template":"genel_sayfa.php","meta":{"footnotes":""},"yoast_head":"<!-- This site is optimized with the Yoast SEO Premium plugin v22.1 (Yoast SEO v22.1) - https:\/\/yoast.com\/wordpress\/plugins\/seo\/ -->\n<title>Ara\u015ft\u0131rma Alanlar\u0131 - \u0130\u015fletme (ing)<\/title>\n<meta name=\"robots\" content=\"index, follow, max-snippet:-1, max-image-preview:large, max-video-preview:-1\" \/>\n<link rel=\"canonical\" href=\"http:\/\/ticaret.edu.tr\/isletme-ingilizce\/arastirma-alanlari\/\" \/>\n<meta property=\"og:locale\" content=\"tr_TR\" \/>\n<meta property=\"og:type\" content=\"article\" \/>\n<meta property=\"og:title\" content=\"Ara\u015ft\u0131rma Alanlar\u0131\" \/>\n<meta property=\"og:description\" content=\"Do\u00e7. Dr. Nurg\u00fcl Kele\u015f Tay\u015fir (B\u00f6l\u00fcm Ba\u015fkan\u0131): Sosyal ve Be\u015feri Bilimler, Y\u00f6netim ve Organizasyon, \u0130\u015fletme Y\u00f6netimi, Giri\u015fimcilik ve Yenilik Y\u00f6netimi Prof. Dr. Murat Yal\u00e7\u0131nta\u015f:\u00a0Sosyal ve Be\u015feri Bilimler, Sosyoloji, \u0130ktisat, \u00c7al\u0131\u015fma Ekonomisi ve End\u00fcstri \u0130li\u015fkileri, \u00c7al\u0131\u015fma Ekonomisi\u200b Prof. Dr. Necdet \u015eensoy: Sosyal ve Be\u015feri Bilimler, \u0130\u015fletme, Muhasebe, Muhasebe ve Denetim\u200b Do\u00e7. Dr. Ufuk Ba\u015far: Y\u00f6netim, \u00d6rg\u00fctsel [&hellip;]\" \/>\n<meta property=\"og:url\" content=\"http:\/\/ticaret.edu.tr\/isletme-ingilizce\/arastirma-alanlari\/\" \/>\n<meta property=\"og:site_name\" content=\"\u0130\u015fletme (ing)\" \/>\n<meta property=\"article:publisher\" content=\"https:\/\/www.facebook.com\/ticaretedutr\" \/>\n<meta property=\"article:modified_time\" content=\"2025-10-20T11:03:27+00:00\" \/>\n<meta name=\"twitter:card\" content=\"summary_large_image\" \/>\n<meta name=\"twitter:site\" content=\"@ticaretedutr\" \/>\n<meta name=\"twitter:label1\" content=\"Tahmini okuma s\u00fcresi\" \/>\n\t<meta name=\"twitter:data1\" content=\"1 dakika\" \/>\n<script type=\"application\/ld+json\" class=\"yoast-schema-graph\">{\"@context\":\"https:\/\/schema.org\",\"@graph\":[{\"@type\":\"WebPage\",\"@id\":\"http:\/\/ticaret.edu.tr\/isletme-ingilizce\/arastirma-alanlari\/\",\"url\":\"http:\/\/ticaret.edu.tr\/isletme-ingilizce\/arastirma-alanlari\/\",\"name\":\"Ara\u015ft\u0131rma Alanlar\u0131 - \u0130\u015fletme (ing)\",\"isPartOf\":{\"@id\":\"http:\/\/ticaret.edu.tr\/isletme-ingilizce\/#website\"},\"datePublished\":\"2025-01-23T08:16:38+00:00\",\"dateModified\":\"2025-10-20T11:03:27+00:00\",\"breadcrumb\":{\"@id\":\"http:\/\/ticaret.edu.tr\/isletme-ingilizce\/arastirma-alanlari\/#breadcrumb\"},\"inLanguage\":\"tr\",\"potentialAction\":[{\"@type\":\"ReadAction\",\"target\":[\"http:\/\/ticaret.edu.tr\/isletme-ingilizce\/arastirma-alanlari\/\"]}]},{\"@type\":\"BreadcrumbList\",\"@id\":\"http:\/\/ticaret.edu.tr\/isletme-ingilizce\/arastirma-alanlari\/#breadcrumb\",\"itemListElement\":[{\"@type\":\"ListItem\",\"position\":1,\"name\":\"Ana sayfa\",\"item\":\"http:\/\/ticaret.edu.tr\/isletme-ingilizce\/\"},{\"@type\":\"ListItem\",\"position\":2,\"name\":\"Ara\u015ft\u0131rma Alanlar\u0131\"}]},{\"@type\":\"WebSite\",\"@id\":\"http:\/\/ticaret.edu.tr\/isletme-ingilizce\/#website\",\"url\":\"http:\/\/ticaret.edu.tr\/isletme-ingilizce\/\",\"name\":\"\u0130\u015fletme (ing)\",\"description\":\"\",\"potentialAction\":[{\"@type\":\"SearchAction\",\"target\":{\"@type\":\"EntryPoint\",\"urlTemplate\":\"http:\/\/ticaret.edu.tr\/isletme-ingilizce\/?s={search_term_string}\"},\"query-input\":\"required name=search_term_string\"}],\"inLanguage\":\"tr\"}]}<\/script>\n<!-- \/ Yoast SEO Premium plugin. -->","yoast_head_json":{"title":"Ara\u015ft\u0131rma Alanlar\u0131 - \u0130\u015fletme (ing)","robots":{"index":"index","follow":"follow","max-snippet":"max-snippet:-1","max-image-preview":"max-image-preview:large","max-video-preview":"max-video-preview:-1"},"canonical":"http:\/\/ticaret.edu.tr\/isletme-ingilizce\/arastirma-alanlari\/","og_locale":"tr_TR","og_type":"article","og_title":"Ara\u015ft\u0131rma Alanlar\u0131","og_description":"Do\u00e7. Dr. Nurg\u00fcl Kele\u015f Tay\u015fir (B\u00f6l\u00fcm Ba\u015fkan\u0131): Sosyal ve Be\u015feri Bilimler, Y\u00f6netim ve Organizasyon, \u0130\u015fletme Y\u00f6netimi, Giri\u015fimcilik ve Yenilik Y\u00f6netimi Prof. Dr. Murat Yal\u00e7\u0131nta\u015f:\u00a0Sosyal ve Be\u015feri Bilimler, Sosyoloji, \u0130ktisat, \u00c7al\u0131\u015fma Ekonomisi ve End\u00fcstri \u0130li\u015fkileri, \u00c7al\u0131\u015fma Ekonomisi\u200b Prof. Dr. Necdet \u015eensoy: Sosyal ve Be\u015feri Bilimler, \u0130\u015fletme, Muhasebe, Muhasebe ve Denetim\u200b Do\u00e7. Dr. Ufuk Ba\u015far: Y\u00f6netim, \u00d6rg\u00fctsel [&hellip;]","og_url":"http:\/\/ticaret.edu.tr\/isletme-ingilizce\/arastirma-alanlari\/","og_site_name":"\u0130\u015fletme (ing)","article_publisher":"https:\/\/www.facebook.com\/ticaretedutr","article_modified_time":"2025-10-20T11:03:27+00:00","twitter_card":"summary_large_image","twitter_site":"@ticaretedutr","twitter_misc":{"Tahmini okuma s\u00fcresi":"1 dakika"},"schema":{"@context":"https:\/\/schema.org","@graph":[{"@type":"WebPage","@id":"http:\/\/ticaret.edu.tr\/isletme-ingilizce\/arastirma-alanlari\/","url":"http:\/\/ticaret.edu.tr\/isletme-ingilizce\/arastirma-alanlari\/","name":"Ara\u015ft\u0131rma Alanlar\u0131 - \u0130\u015fletme (ing)","isPartOf":{"@id":"http:\/\/ticaret.edu.tr\/isletme-ingilizce\/#website"},"datePublished":"2025-01-23T08:16:38+00:00","dateModified":"2025-10-20T11:03:27+00:00","breadcrumb":{"@id":"http:\/\/ticaret.edu.tr\/isletme-ingilizce\/arastirma-alanlari\/#breadcrumb"},"inLanguage":"tr","potentialAction":[{"@type":"ReadAction","target":["http:\/\/ticaret.edu.tr\/isletme-ingilizce\/arastirma-alanlari\/"]}]},{"@type":"BreadcrumbList","@id":"http:\/\/ticaret.edu.tr\/isletme-ingilizce\/arastirma-alanlari\/#breadcrumb","itemListElement":[{"@type":"ListItem","position":1,"name":"Ana sayfa","item":"http:\/\/ticaret.edu.tr\/isletme-ingilizce\/"},{"@type":"ListItem","position":2,"name":"Ara\u015ft\u0131rma Alanlar\u0131"}]},{"@type":"WebSite","@id":"http:\/\/ticaret.edu.tr\/isletme-ingilizce\/#website","url":"http:\/\/ticaret.edu.tr\/isletme-ingilizce\/","name":"\u0130\u015fletme (ing)","description":"","potentialAction":[{"@type":"SearchAction","target":{"@type":"EntryPoint","urlTemplate":"http:\/\/ticaret.edu.tr\/isletme-ingilizce\/?s={search_term_string}"},"query-input":"required name=search_term_string"}],"inLanguage":"tr"}]}},"lang":"tr","translations":{"tr":1493,"en":1593},"pll_sync_post":[],"_links":{"self":[{"href":"http:\/\/ticaret.edu.tr\/isletme-ingilizce\/wp-json\/wp\/v2\/pages\/1493"}],"collection":[{"href":"http:\/\/ticaret.edu.tr\/isletme-ingilizce\/wp-json\/wp\/v2\/pages"}],"about":[{"href":"http:\/\/ticaret.edu.tr\/isletme-ingilizce\/wp-json\/wp\/v2\/types\/page"}],"author":[{"embeddable":true,"href":"http:\/\/ticaret.edu.tr\/isletme-ingilizce\/wp-json\/wp\/v2\/users\/59"}],"replies":[{"embeddable":true,"href":"http:\/\/ticaret.edu.tr\/isletme-ingilizce\/wp-json\/wp\/v2\/comments?post=1493"}],"version-history":[{"count":8,"href":"http:\/\/ticaret.edu.tr\/isletme-ingilizce\/wp-json\/wp\/v2\/pages\/1493\/revisions"}],"predecessor-version":[{"id":2098,"href":"http:\/\/ticaret.edu.tr\/isletme-ingilizce\/wp-json\/wp\/v2\/pages\/1493\/revisions\/2098"}],"wp:attachment":[{"href":"http:\/\/ticaret.edu.tr\/isletme-ingilizce\/wp-json\/wp\/v2\/media?parent=1493"}],"curies":[{"name":"wp","href":"https:\/\/api.w.org\/{rel}","templated":true}]}}