{"id":197,"date":"2021-09-17T12:29:31","date_gmt":"2021-09-17T09:29:31","guid":{"rendered":"https:\/\/ticaret.edu.tr\/lguam\/?page_id=197"},"modified":"2025-02-25T16:41:17","modified_gmt":"2025-02-25T13:41:17","slug":"homepage","status":"publish","type":"page","link":"http:\/\/ticaret.edu.tr\/liderlik-ve-girisimcilik-uygulama-ve-arastirma-merkezi\/en\/","title":{"rendered":"Homepage"},"content":{"rendered":"<p><img loading=\"lazy\" decoding=\"async\" class=\"wp-image-749 aligncenter\" src=\"http:\/\/ticaret.edu.tr\/liderlik-ve-girisimcilik-uygulama-ve-arastirma-merkezi\/wp-content\/uploads\/sites\/45\/2024\/05\/bd2e50eb-eeca-4685-9d2c-9f2e5ef1f67b-300x300.jpg\" alt=\"\" width=\"847\" height=\"847\" srcset=\"http:\/\/ticaret.edu.tr\/liderlik-ve-girisimcilik-uygulama-ve-arastirma-merkezi\/wp-content\/uploads\/sites\/45\/2024\/05\/bd2e50eb-eeca-4685-9d2c-9f2e5ef1f67b-300x300.jpg 300w, http:\/\/ticaret.edu.tr\/liderlik-ve-girisimcilik-uygulama-ve-arastirma-merkezi\/wp-content\/uploads\/sites\/45\/2024\/05\/bd2e50eb-eeca-4685-9d2c-9f2e5ef1f67b-1024x1024.jpg 1024w, http:\/\/ticaret.edu.tr\/liderlik-ve-girisimcilik-uygulama-ve-arastirma-merkezi\/wp-content\/uploads\/sites\/45\/2024\/05\/bd2e50eb-eeca-4685-9d2c-9f2e5ef1f67b-150x150.jpg 150w, http:\/\/ticaret.edu.tr\/liderlik-ve-girisimcilik-uygulama-ve-arastirma-merkezi\/wp-content\/uploads\/sites\/45\/2024\/05\/bd2e50eb-eeca-4685-9d2c-9f2e5ef1f67b-768x768.jpg 768w, http:\/\/ticaret.edu.tr\/liderlik-ve-girisimcilik-uygulama-ve-arastirma-merkezi\/wp-content\/uploads\/sites\/45\/2024\/05\/bd2e50eb-eeca-4685-9d2c-9f2e5ef1f67b.jpg 1200w\" sizes=\"(max-width: 847px) 100vw, 847px\" \/><\/p>\n<p style=\"text-align: center\"><strong>I. INTERNATIONAL LEADERSHIP AND ENTREPRENEURSHIP SYMPOSIUM<\/strong><\/p>\n<p style=\"text-align: left\">Dear Sir\/Madam, In today&#8217;s globalizing world, the survival of the business world and countries in a constantly competitive environment depends on the entrepreneurs who are the engine of the economy and their ability to create differences in the businesses. Therefore, it is becoming more and more important for entrepreneurs to reflect their innovative perspectives on the business world and to engage in innovation activities. In this context, entrepreneurship and innovation, which are undoubtedly complementary to each other, are the basic dynamics of development and economic value creation, both regionally and globally.<\/p>\n<p>In this framework, in addition to academic studies, \u0130stanbul Ticaret University, the &#8220;university of the business world&#8221;, which continues its cooperation with the business world and other stakeholders, especially with the Istanbul Chamber of Commerce, will organize the 1st International Leadership and Entrepreneurship Symposium on &#8220;Entrepreneurship and Innovation&#8221; on 20-21 May 2024. The symposium will be held in cooperation with \u0130stanbul Ticaret University \u201cLeadership and Entrepreneurship Application and Research Center\u201d and \u201cInformation Technologies Application and Research Center\u201d.<\/p>\n<p>The aim of the symposium is to contribute to the fields of entrepreneurship and innovation and provide an opportunity for academics, public, private and NGO representatives from T\u00fcrkiye and abroad to share their original and scientific studies and present new perspectives. The full text of accepted papers and approved by the jury will be published in the Special Issue of \u0130stanbul Ticaret University Journal of Social Sciences, which is being scanned in the databases of ULAKB\u0130M-TR Index, EBSCOhost Business Source Ultimate, ProQuest, SOBIAD and OpenAIRE.<\/p>\n<p>We expect you to participate in the 1st International Leadership and Entrepreneurship Symposium with your valuable studies and wish you success in your studies. The themes, explanatory notes and the important dates are mentioned below. You are kindly<br \/>\nrequested to send your abstract and full text papers to the following address:<\/p>\n<p>https:\/\/ulgs.ticaret.edu.tr\/<\/p>\n<p><strong>Contact:<\/strong> ulgs@ticaret.edu.tr<\/p>\n<p><em>Best Regards,<\/em><\/p>\n<p><em><strong>\u0130stanbul Ticaret University <\/strong><\/em><br \/>\n<em><strong>Leadership and Entrepreneurship Application and Research Center &amp; Information Technologies Application and Research Center<\/strong><\/em><\/p>\n<p><strong>SYMPOSIUM THEMES<\/strong><br \/>\nWomen&#8217;s Entrepreneurship Young Entrepreneurship and Innovation<br \/>\nSocial Entrepreneurship Social Innovation<br \/>\nArt Entrepreneurship Sustainable Innovation<br \/>\nStrategic Entrepreneurship Open Innovation<br \/>\nInternal Entrepreneurship Innovation Trends<br \/>\nDigital Entrepreneurship Lean Innovation<br \/>\nCorporate Entrepreneurship Leadership and Innovation<br \/>\nGreen Entrepreneurship University-Industry Cooperation and Innovation<br \/>\nAcademic Entrepreneurship Technological Innovation<br \/>\nInternational Entrepreneurship Digital Innovation<br \/>\nCreative Entrepreneurship Marketing Innovation<br \/>\nEntrepreneurial Flexibility Service Innovation<br \/>\nEntrepreneurial Leadership Innovation and Economy<br \/>\nEntrepreneurship and Regional Development Innovation Studies in Social Sciences<\/p>\n<p><strong>NOTES<\/strong><br \/>\n\u2022 In addition to the above-mentioned themes, the symposium is open to original studies from all<br \/>\ndisciplines related to entrepreneurship and innovation.<br \/>\n\u2022 Abstracts and full-text papers must comply with the spelling rules of \u0130stanbul Ticaret University<br \/>\nJournal of Social Sciences (https:\/\/dergipark.org.tr\/tr\/pub\/iticusbe\/writing-rules).<br \/>\n\u2022 Full-text papers and abstracts can be in English or Turkish. If the text is in Turkish, English abstract;<br \/>\nIf it is in English, a Turkish abstract should be added<\/p>\n","protected":false},"excerpt":{"rendered":"<p>I. INTERNATIONAL LEADERSHIP AND ENTREPRENEURSHIP SYMPOSIUM Dear Sir\/Madam, In today&#8217;s globalizing world, the survival of the business world and countries in a constantly competitive environment depends on the entrepreneurs who are the engine of the economy and their ability to create differences in the businesses. Therefore, it is becoming more and more important for entrepreneurs [&hellip;]<\/p>\n","protected":false},"author":149,"featured_media":0,"parent":0,"menu_order":0,"comment_status":"closed","ping_status":"closed","template":"pages\/homepage.php","meta":{"footnotes":""},"yoast_head":"<!-- This site is optimized with the Yoast SEO Premium plugin v22.1 (Yoast SEO v22.1) - https:\/\/yoast.com\/wordpress\/plugins\/seo\/ -->\n<title>Homepage - Liderlik ve Giri\u015fimcilik Uygulama ve Ara\u015ft\u0131rma Merkezi<\/title>\n<meta name=\"description\" content=\"HOME PAGE\" \/>\n<meta name=\"robots\" content=\"index, follow, max-snippet:-1, max-image-preview:large, max-video-preview:-1\" \/>\n<link rel=\"canonical\" href=\"http:\/\/ticaret.edu.tr\/liderlik-ve-girisimcilik-uygulama-ve-arastirma-merkezi\/en\/\" \/>\n<meta property=\"og:locale\" content=\"tr_TR\" \/>\n<meta property=\"og:type\" content=\"article\" \/>\n<meta property=\"og:title\" content=\"Homepage\" \/>\n<meta property=\"og:description\" content=\"HOME PAGE\" \/>\n<meta property=\"og:url\" content=\"http:\/\/ticaret.edu.tr\/liderlik-ve-girisimcilik-uygulama-ve-arastirma-merkezi\/en\/\" \/>\n<meta property=\"og:site_name\" content=\"Liderlik ve Giri\u015fimcilik Uygulama ve Ara\u015ft\u0131rma Merkezi\" \/>\n<meta property=\"article:publisher\" content=\"https:\/\/www.facebook.com\/ticaretedutr\" \/>\n<meta property=\"article:modified_time\" content=\"2025-02-25T13:41:17+00:00\" \/>\n<meta property=\"og:image\" content=\"http:\/\/ticaret.edu.tr\/liderlik-ve-girisimcilik-uygulama-ve-arastirma-merkezi\/wp-content\/uploads\/sites\/45\/2024\/05\/bd2e50eb-eeca-4685-9d2c-9f2e5ef1f67b-300x300.jpg\" \/>\n<meta name=\"twitter:card\" content=\"summary_large_image\" \/>\n<meta name=\"twitter:site\" content=\"@ticaretedutr\" \/>\n<meta name=\"twitter:label1\" content=\"Tahmini okuma s\u00fcresi\" \/>\n\t<meta name=\"twitter:data1\" content=\"4 dakika\" \/>\n<script type=\"application\/ld+json\" class=\"yoast-schema-graph\">{\"@context\":\"https:\/\/schema.org\",\"@graph\":[{\"@type\":\"WebPage\",\"@id\":\"http:\/\/ticaret.edu.tr\/liderlik-ve-girisimcilik-uygulama-ve-arastirma-merkezi\/en\/\",\"url\":\"http:\/\/ticaret.edu.tr\/liderlik-ve-girisimcilik-uygulama-ve-arastirma-merkezi\/en\/\",\"name\":\"Homepage - Liderlik ve Giri\u015fimcilik Uygulama ve Ara\u015ft\u0131rma Merkezi\",\"isPartOf\":{\"@id\":\"https:\/\/ticaret.edu.tr\/liderlik-ve-girisimcilik-uygulama-ve-arastirma-merkezi\/#website\"},\"datePublished\":\"2021-09-17T09:29:31+00:00\",\"dateModified\":\"2025-02-25T13:41:17+00:00\",\"description\":\"HOME PAGE\",\"breadcrumb\":{\"@id\":\"http:\/\/ticaret.edu.tr\/liderlik-ve-girisimcilik-uygulama-ve-arastirma-merkezi\/en\/#breadcrumb\"},\"inLanguage\":\"tr\",\"potentialAction\":[{\"@type\":\"ReadAction\",\"target\":[\"http:\/\/ticaret.edu.tr\/liderlik-ve-girisimcilik-uygulama-ve-arastirma-merkezi\/en\/\"]}]},{\"@type\":\"BreadcrumbList\",\"@id\":\"http:\/\/ticaret.edu.tr\/liderlik-ve-girisimcilik-uygulama-ve-arastirma-merkezi\/en\/#breadcrumb\",\"itemListElement\":[{\"@type\":\"ListItem\",\"position\":1,\"name\":\"Ana sayfa\",\"item\":\"https:\/\/ticaret.edu.tr\/liderlik-ve-girisimcilik-uygulama-ve-arastirma-merkezi\/\"},{\"@type\":\"ListItem\",\"position\":2,\"name\":\"Homepage\"}]},{\"@type\":\"WebSite\",\"@id\":\"https:\/\/ticaret.edu.tr\/liderlik-ve-girisimcilik-uygulama-ve-arastirma-merkezi\/#website\",\"url\":\"https:\/\/ticaret.edu.tr\/liderlik-ve-girisimcilik-uygulama-ve-arastirma-merkezi\/\",\"name\":\"Liderlik ve Giri\u015fimcilik Uygulama ve Ara\u015ft\u0131rma Merkezi\",\"description\":\"Bir ba\u015fka \u0130stanbul Ticaret \u00dcniversitesi site sitesi\",\"potentialAction\":[{\"@type\":\"SearchAction\",\"target\":{\"@type\":\"EntryPoint\",\"urlTemplate\":\"https:\/\/ticaret.edu.tr\/liderlik-ve-girisimcilik-uygulama-ve-arastirma-merkezi\/?s={search_term_string}\"},\"query-input\":\"required name=search_term_string\"}],\"inLanguage\":\"tr\"}]}<\/script>\n<!-- \/ Yoast SEO Premium plugin. -->","yoast_head_json":{"title":"Homepage - Liderlik ve Giri\u015fimcilik Uygulama ve Ara\u015ft\u0131rma Merkezi","description":"HOME PAGE","robots":{"index":"index","follow":"follow","max-snippet":"max-snippet:-1","max-image-preview":"max-image-preview:large","max-video-preview":"max-video-preview:-1"},"canonical":"http:\/\/ticaret.edu.tr\/liderlik-ve-girisimcilik-uygulama-ve-arastirma-merkezi\/en\/","og_locale":"tr_TR","og_type":"article","og_title":"Homepage","og_description":"HOME PAGE","og_url":"http:\/\/ticaret.edu.tr\/liderlik-ve-girisimcilik-uygulama-ve-arastirma-merkezi\/en\/","og_site_name":"Liderlik ve Giri\u015fimcilik Uygulama ve Ara\u015ft\u0131rma Merkezi","article_publisher":"https:\/\/www.facebook.com\/ticaretedutr","article_modified_time":"2025-02-25T13:41:17+00:00","og_image":[{"url":"http:\/\/ticaret.edu.tr\/liderlik-ve-girisimcilik-uygulama-ve-arastirma-merkezi\/wp-content\/uploads\/sites\/45\/2024\/05\/bd2e50eb-eeca-4685-9d2c-9f2e5ef1f67b-300x300.jpg"}],"twitter_card":"summary_large_image","twitter_site":"@ticaretedutr","twitter_misc":{"Tahmini okuma s\u00fcresi":"4 dakika"},"schema":{"@context":"https:\/\/schema.org","@graph":[{"@type":"WebPage","@id":"http:\/\/ticaret.edu.tr\/liderlik-ve-girisimcilik-uygulama-ve-arastirma-merkezi\/en\/","url":"http:\/\/ticaret.edu.tr\/liderlik-ve-girisimcilik-uygulama-ve-arastirma-merkezi\/en\/","name":"Homepage - Liderlik ve Giri\u015fimcilik Uygulama ve Ara\u015ft\u0131rma Merkezi","isPartOf":{"@id":"https:\/\/ticaret.edu.tr\/liderlik-ve-girisimcilik-uygulama-ve-arastirma-merkezi\/#website"},"datePublished":"2021-09-17T09:29:31+00:00","dateModified":"2025-02-25T13:41:17+00:00","description":"HOME PAGE","breadcrumb":{"@id":"http:\/\/ticaret.edu.tr\/liderlik-ve-girisimcilik-uygulama-ve-arastirma-merkezi\/en\/#breadcrumb"},"inLanguage":"tr","potentialAction":[{"@type":"ReadAction","target":["http:\/\/ticaret.edu.tr\/liderlik-ve-girisimcilik-uygulama-ve-arastirma-merkezi\/en\/"]}]},{"@type":"BreadcrumbList","@id":"http:\/\/ticaret.edu.tr\/liderlik-ve-girisimcilik-uygulama-ve-arastirma-merkezi\/en\/#breadcrumb","itemListElement":[{"@type":"ListItem","position":1,"name":"Ana sayfa","item":"https:\/\/ticaret.edu.tr\/liderlik-ve-girisimcilik-uygulama-ve-arastirma-merkezi\/"},{"@type":"ListItem","position":2,"name":"Homepage"}]},{"@type":"WebSite","@id":"https:\/\/ticaret.edu.tr\/liderlik-ve-girisimcilik-uygulama-ve-arastirma-merkezi\/#website","url":"https:\/\/ticaret.edu.tr\/liderlik-ve-girisimcilik-uygulama-ve-arastirma-merkezi\/","name":"Liderlik ve Giri\u015fimcilik Uygulama ve Ara\u015ft\u0131rma Merkezi","description":"Bir ba\u015fka \u0130stanbul Ticaret \u00dcniversitesi site sitesi","potentialAction":[{"@type":"SearchAction","target":{"@type":"EntryPoint","urlTemplate":"https:\/\/ticaret.edu.tr\/liderlik-ve-girisimcilik-uygulama-ve-arastirma-merkezi\/?s={search_term_string}"},"query-input":"required name=search_term_string"}],"inLanguage":"tr"}]}},"lang":"en","translations":{"en":197,"tr":7},"pll_sync_post":[],"_links":{"self":[{"href":"http:\/\/ticaret.edu.tr\/liderlik-ve-girisimcilik-uygulama-ve-arastirma-merkezi\/wp-json\/wp\/v2\/pages\/197"}],"collection":[{"href":"http:\/\/ticaret.edu.tr\/liderlik-ve-girisimcilik-uygulama-ve-arastirma-merkezi\/wp-json\/wp\/v2\/pages"}],"about":[{"href":"http:\/\/ticaret.edu.tr\/liderlik-ve-girisimcilik-uygulama-ve-arastirma-merkezi\/wp-json\/wp\/v2\/types\/page"}],"author":[{"embeddable":true,"href":"http:\/\/ticaret.edu.tr\/liderlik-ve-girisimcilik-uygulama-ve-arastirma-merkezi\/wp-json\/wp\/v2\/users\/149"}],"replies":[{"embeddable":true,"href":"http:\/\/ticaret.edu.tr\/liderlik-ve-girisimcilik-uygulama-ve-arastirma-merkezi\/wp-json\/wp\/v2\/comments?post=197"}],"version-history":[{"count":21,"href":"http:\/\/ticaret.edu.tr\/liderlik-ve-girisimcilik-uygulama-ve-arastirma-merkezi\/wp-json\/wp\/v2\/pages\/197\/revisions"}],"predecessor-version":[{"id":767,"href":"http:\/\/ticaret.edu.tr\/liderlik-ve-girisimcilik-uygulama-ve-arastirma-merkezi\/wp-json\/wp\/v2\/pages\/197\/revisions\/767"}],"wp:attachment":[{"href":"http:\/\/ticaret.edu.tr\/liderlik-ve-girisimcilik-uygulama-ve-arastirma-merkezi\/wp-json\/wp\/v2\/media?parent=197"}],"curies":[{"name":"wp","href":"https:\/\/api.w.org\/{rel}","templated":true}]}}