{"id":1151,"date":"2025-01-26T23:36:49","date_gmt":"2025-01-26T20:36:49","guid":{"rendered":"https:\/\/ticaret.edu.tr\/lojistik-yonetimi\/?page_id=1151"},"modified":"2025-07-11T12:07:32","modified_gmt":"2025-07-11T09:07:32","slug":"lisans-genel-bilgi","status":"publish","type":"page","link":"http:\/\/ticaret.edu.tr\/lojistik-yonetimi\/lisans-genel-bilgi\/","title":{"rendered":"Genel Bilgi"},"content":{"rendered":"<h2 style=\"text-align: left\">Lojistik Y\u00f6netimi Lisans Program\u0131<\/h2>\n<p><img loading=\"lazy\" decoding=\"async\" class=\"wp-image-1686 alignnone\" src=\"http:\/\/ticaret.edu.tr\/lojistik-yonetimi\/wp-content\/uploads\/sites\/11\/2025\/07\/0J1A4212_compressed_resized.jpg\" alt=\"\" width=\"507\" height=\"337\" srcset=\"http:\/\/ticaret.edu.tr\/lojistik-yonetimi\/wp-content\/uploads\/sites\/11\/2025\/07\/0J1A4212_compressed_resized.jpg 1024w, http:\/\/ticaret.edu.tr\/lojistik-yonetimi\/wp-content\/uploads\/sites\/11\/2025\/07\/0J1A4212_compressed_resized-300x200.jpg 300w, http:\/\/ticaret.edu.tr\/lojistik-yonetimi\/wp-content\/uploads\/sites\/11\/2025\/07\/0J1A4212_compressed_resized-768x512.jpg 768w\" sizes=\"(max-width: 507px) 100vw, 507px\" \/><\/p>\n<p><strong>SEVG\u0130L\u0130 \u00d6\u011eRENC\u0130LER\u0130M\u0130Z<\/strong><\/p>\n<p>Fak\u00fclte ve b\u00f6l\u00fcmlerin \u00f6ncelikli amac\u0131, en \u00f6nemli zenginlik kayna\u011f\u0131 olan siz gen\u00e7lerimizi, ya\u015fayacaklar\u0131 \u00e7a\u011f\u0131n, g\u00fcnlerin gereklerine g\u00f6re e\u011fitmek, rakiplerinden farkl\u0131 k\u0131lmakt\u0131r.<\/p>\n<p>Lojistik Y\u00f6netimi B\u00f6l\u00fcm\u00fcm\u00fcz, h\u0131zla b\u00fcy\u00fcyen lojistik sekt\u00f6r\u00fcn\u00fcn ve hangi alanda olursa olsun i\u015fletmelerin lojistik etkinliklerini y\u00f6netebilecek <strong>etkin planlama ve y\u00f6netim becerilerine sahip <\/strong>insan kaynaklar\u0131n\u0131 yeti\u015ftirmeye odaklanm\u0131\u015ft\u0131r.<\/p>\n<p>Lojistik, sadece \u00fcr\u00fcn ve hizmetlerin de\u011fil, ayn\u0131 zamanda ya\u015fam\u0131n ak\u0131\u015f\u0131n\u0131 y\u00f6neten g\u00f6r\u00fcnmez bir g\u00fc\u00e7t\u00fcr. Acil bir ilac\u0131n zaman\u0131nda hastaya ula\u015fmas\u0131 da \u00fcretim band\u0131n\u0131n ihtiya\u00e7 duydu\u011fu hammaddenin sevkiyat\u0131 da lojisti\u011fin ba\u015far\u0131s\u0131yla m\u00fcmk\u00fcnd\u00fcr. Do\u011fru kaynaklar\u0131n, do\u011fru zamanda, do\u011fru yerde ve istenen kalitede, en uygun maliyetle bulu\u015fmas\u0131 lojisti\u011fin \u00f6z\u00fcd\u00fcr. <strong>\u00d6zetle<\/strong> <strong>lojistik, hayatt\u0131r!<\/strong><\/p>\n<p>G\u00fcn\u00fcm\u00fczde i\u015f d\u00fcnyas\u0131 k\u00fcresel bir d\u00f6n\u00fc\u015f\u00fcm s\u00fcrecinden ge\u00e7erken, lojistik yaln\u0131zca destekleyici bir fonksiyon olmaktan \u00e7\u0131km\u0131\u015f, i\u015fletmelere <strong>stratejik rekabet avantaj\u0131 sa\u011flayan<\/strong> temel bir unsur h\u00e2line gelmi\u015ftir. Bu fark\u0131ndal\u0131kla haz\u0131rlanan <strong>Lojistik Y\u00f6netimi Lisans Program\u0131m\u0131z<\/strong>, \u00e7a\u011f\u0131n dinamiklerine y\u00f6n verecek donan\u0131ml\u0131 bireyler yeti\u015ftirmeyi hedefleyen Fak\u00fcltemizin \u00f6ncelikli programlar\u0131ndand\u0131r.<\/p>\n<p>Lojistik Y\u00f6netimi B\u00f6l\u00fcm\u00fcm\u00fcz\u00fcn m\u00fcfredat\u0131, uluslararas\u0131 standartlarda haz\u0131rlanm\u0131\u015f; teori ile prati\u011fi harmanlayan zengin i\u00e7erikli derslerle donat\u0131lm\u0131\u015ft\u0131r. Uzman akademisyenlerimiz ve sekt\u00f6r profesyonellerinin rehberli\u011finde sunulan e\u011fitimde yo\u011funla\u015ft\u0131\u011f\u0131m\u0131z alanlar:<\/p>\n<ul>\n<li>Lojistik ve Tedarik Zinciri Y\u00f6netimi<\/li>\n<li>Ta\u015f\u0131mac\u0131l\u0131k ve Depolama Sistemleri<\/li>\n<li>D\u0131\u015f Ticaret, G\u00fcmr\u00fck Uygulamalar\u0131<\/li>\n<li>Lojistik Bili\u015fim Sistemleri, Sim\u00fclasyon<\/li>\n<li>Stratejik Lojistik Y\u00f6netimi ve S\u00fcrd\u00fcr\u00fclebilirlik<\/li>\n<li>Ye\u015fil Lojistik ve Yapay Zek\u00e2 Uygulamalar\u0131\u2026<\/li>\n<\/ul>\n<p>De\u011ferli \u00d6\u011frencilerimiz, zengin ders havuzumuzdan ilgi duydu\u011funuz dersleri alabilmektesiniz. B\u00f6l\u00fcm\u00fcm\u00fcze \u00f6zg\u00fc uygulamayla yaln\u0131zca s\u0131n\u0131fta de\u011fil, <strong>sekt\u00f6r\u00fcn i\u00e7inde<\/strong> \u00f6\u011frenmenin bir gere\u011fi olarak ikinci ve \u00fc\u00e7\u00fcnc\u00fc s\u0131n\u0131fta zorunlu stajlar ve bir d\u00f6nemi sekt\u00f6r\u00fcn kalbinde ge\u00e7iren <strong>\u0130\u015fyeri E\u011fitimi<\/strong> m\u00fcfredat\u0131m\u0131z sayesinde mezun olmadan \u00f6nce <strong>istihdam edilerek<\/strong> i\u015f d\u00fcnyas\u0131nda ger\u00e7ek deneyim kazanacak ayr\u0131cal\u0131kl\u0131 ki\u015filerdensiniz.<\/p>\n<p>Mezunlar\u0131m\u0131z; ald\u0131klar\u0131 d\u00fcnya standartlar\u0131ndaki e\u011fitim ve sekt\u00f6r deneyimiyle ulusal ve uluslararas\u0131 lojistik firmalar\u0131nda, \u00fcretim ve perakende \u015firketlerinde, d\u0131\u015f ticaret kurulu\u015flar\u0131nda ve kamu kurumlar\u0131nda <strong>geni\u015f bir kariyer yelpazesini elde ederek<\/strong> sekt\u00f6r\u00fcn lider i\u015fletmelerinde tecr\u00fcbelerini art\u0131rmaktad\u0131rlar.<\/p>\n<p>A<strong>nalitik d\u00fc\u015f\u00fcnebilen, \u00e7\u00f6z\u00fcm odakl\u0131, dinamik, yapay zek\u00e2 uygulamalar\u0131na merakl\u0131 ve giri\u015fimcilik co\u015fkusuna<\/strong> sahip \u00f6\u011frencilerimizle \u00dclkemizi lay\u0131k oldu\u011fu yere ta\u015f\u0131man\u0131n heyecan ve sorumlulu\u011fuyla \u00e7al\u0131\u015f\u0131yor, \u0130stanbul Ticaret Odas\u0131,<strong> <em>Ticaretin \u00dcniversitesinde<\/em> <\/strong>Ayr\u0131cal\u0131klar\u0131 Birlikte Ya\u015f\u0131yoruz!<\/p>\n<p><strong>Prof. Dr. Yahya Fidan<\/strong><\/p>\n","protected":false},"excerpt":{"rendered":"<p>Lojistik Y\u00f6netimi Lisans Program\u0131 SEVG\u0130L\u0130 \u00d6\u011eRENC\u0130LER\u0130M\u0130Z Fak\u00fclte ve b\u00f6l\u00fcmlerin \u00f6ncelikli amac\u0131, en \u00f6nemli zenginlik kayna\u011f\u0131 olan siz gen\u00e7lerimizi, ya\u015fayacaklar\u0131 \u00e7a\u011f\u0131n, g\u00fcnlerin gereklerine g\u00f6re e\u011fitmek, rakiplerinden farkl\u0131 k\u0131lmakt\u0131r. Lojistik Y\u00f6netimi B\u00f6l\u00fcm\u00fcm\u00fcz, h\u0131zla b\u00fcy\u00fcyen lojistik sekt\u00f6r\u00fcn\u00fcn ve hangi alanda olursa olsun i\u015fletmelerin lojistik etkinliklerini y\u00f6netebilecek etkin planlama ve y\u00f6netim becerilerine sahip insan kaynaklar\u0131n\u0131 yeti\u015ftirmeye odaklanm\u0131\u015ft\u0131r. Lojistik, sadece [&hellip;]<\/p>\n","protected":false},"author":63,"featured_media":0,"parent":0,"menu_order":0,"comment_status":"closed","ping_status":"closed","template":"genel_sayfa.php","meta":{"footnotes":""},"yoast_head":"<!-- This site is optimized with the Yoast SEO Premium plugin v22.1 (Yoast SEO v22.1) - https:\/\/yoast.com\/wordpress\/plugins\/seo\/ -->\n<title>Genel Bilgi - Lojistik Y\u00f6netimi<\/title>\n<meta name=\"description\" content=\"\u0130stanbul Ticaret \u00dcniversitesi - \u0130\u015fletme Fak\u00fcltesi - Lojistik Y\u00f6netimi Lisans Program\u0131 - B\u00f6l\u00fcm - Program Hakk\u0131nda Genel Bilgi\" \/>\n<meta name=\"robots\" content=\"index, follow, max-snippet:-1, max-image-preview:large, max-video-preview:-1\" \/>\n<link rel=\"canonical\" href=\"https:\/\/ticaret.edu.tr\/lojistik-yonetimi\/lisans-genel-bilgi\/\" \/>\n<meta property=\"og:locale\" content=\"tr_TR\" \/>\n<meta property=\"og:type\" content=\"article\" \/>\n<meta property=\"og:title\" content=\"Genel Bilgi\" \/>\n<meta property=\"og:description\" content=\"\u0130stanbul Ticaret \u00dcniversitesi - \u0130\u015fletme Fak\u00fcltesi - Lojistik Y\u00f6netimi Lisans Program\u0131 - B\u00f6l\u00fcm - Program Hakk\u0131nda Genel Bilgi\" \/>\n<meta property=\"og:url\" content=\"https:\/\/ticaret.edu.tr\/lojistik-yonetimi\/lisans-genel-bilgi\/\" \/>\n<meta property=\"og:site_name\" content=\"Lojistik Y\u00f6netimi\" \/>\n<meta property=\"article:publisher\" content=\"https:\/\/www.facebook.com\/ticaretedutr\" \/>\n<meta property=\"article:modified_time\" content=\"2025-07-11T09:07:32+00:00\" \/>\n<meta property=\"og:image\" content=\"http:\/\/ticaret.edu.tr\/lojistik-yonetimi\/wp-content\/uploads\/sites\/11\/2025\/07\/0J1A4212_compressed_resized.jpg\" \/>\n<meta name=\"twitter:card\" content=\"summary_large_image\" \/>\n<meta name=\"twitter:site\" content=\"@ticaretedutr\" \/>\n<meta name=\"twitter:label1\" content=\"Tahmini okuma s\u00fcresi\" \/>\n\t<meta name=\"twitter:data1\" content=\"3 dakika\" \/>\n<script type=\"application\/ld+json\" class=\"yoast-schema-graph\">{\"@context\":\"https:\/\/schema.org\",\"@graph\":[{\"@type\":\"WebPage\",\"@id\":\"https:\/\/ticaret.edu.tr\/lojistik-yonetimi\/lisans-genel-bilgi\/\",\"url\":\"https:\/\/ticaret.edu.tr\/lojistik-yonetimi\/lisans-genel-bilgi\/\",\"name\":\"Genel Bilgi - Lojistik Y\u00f6netimi\",\"isPartOf\":{\"@id\":\"http:\/\/ticaret.edu.tr\/lojistik-yonetimi\/#website\"},\"datePublished\":\"2025-01-26T20:36:49+00:00\",\"dateModified\":\"2025-07-11T09:07:32+00:00\",\"description\":\"\u0130stanbul Ticaret \u00dcniversitesi - \u0130\u015fletme Fak\u00fcltesi - Lojistik Y\u00f6netimi Lisans Program\u0131 - B\u00f6l\u00fcm - Program Hakk\u0131nda Genel Bilgi\",\"breadcrumb\":{\"@id\":\"https:\/\/ticaret.edu.tr\/lojistik-yonetimi\/lisans-genel-bilgi\/#breadcrumb\"},\"inLanguage\":\"tr\",\"potentialAction\":[{\"@type\":\"ReadAction\",\"target\":[\"https:\/\/ticaret.edu.tr\/lojistik-yonetimi\/lisans-genel-bilgi\/\"]}]},{\"@type\":\"BreadcrumbList\",\"@id\":\"https:\/\/ticaret.edu.tr\/lojistik-yonetimi\/lisans-genel-bilgi\/#breadcrumb\",\"itemListElement\":[{\"@type\":\"ListItem\",\"position\":1,\"name\":\"Ana sayfa\",\"item\":\"http:\/\/ticaret.edu.tr\/lojistik-yonetimi\/\"},{\"@type\":\"ListItem\",\"position\":2,\"name\":\"Genel Bilgi\"}]},{\"@type\":\"WebSite\",\"@id\":\"http:\/\/ticaret.edu.tr\/lojistik-yonetimi\/#website\",\"url\":\"http:\/\/ticaret.edu.tr\/lojistik-yonetimi\/\",\"name\":\"Lojistik Y\u00f6netimi\",\"description\":\"\",\"potentialAction\":[{\"@type\":\"SearchAction\",\"target\":{\"@type\":\"EntryPoint\",\"urlTemplate\":\"http:\/\/ticaret.edu.tr\/lojistik-yonetimi\/?s={search_term_string}\"},\"query-input\":\"required name=search_term_string\"}],\"inLanguage\":\"tr\"}]}<\/script>\n<!-- \/ Yoast SEO Premium plugin. -->","yoast_head_json":{"title":"Genel Bilgi - Lojistik Y\u00f6netimi","description":"\u0130stanbul Ticaret \u00dcniversitesi - \u0130\u015fletme Fak\u00fcltesi - Lojistik Y\u00f6netimi Lisans Program\u0131 - B\u00f6l\u00fcm - Program Hakk\u0131nda Genel Bilgi","robots":{"index":"index","follow":"follow","max-snippet":"max-snippet:-1","max-image-preview":"max-image-preview:large","max-video-preview":"max-video-preview:-1"},"canonical":"https:\/\/ticaret.edu.tr\/lojistik-yonetimi\/lisans-genel-bilgi\/","og_locale":"tr_TR","og_type":"article","og_title":"Genel Bilgi","og_description":"\u0130stanbul Ticaret \u00dcniversitesi - \u0130\u015fletme Fak\u00fcltesi - Lojistik Y\u00f6netimi Lisans Program\u0131 - B\u00f6l\u00fcm - Program Hakk\u0131nda Genel Bilgi","og_url":"https:\/\/ticaret.edu.tr\/lojistik-yonetimi\/lisans-genel-bilgi\/","og_site_name":"Lojistik Y\u00f6netimi","article_publisher":"https:\/\/www.facebook.com\/ticaretedutr","article_modified_time":"2025-07-11T09:07:32+00:00","og_image":[{"url":"http:\/\/ticaret.edu.tr\/lojistik-yonetimi\/wp-content\/uploads\/sites\/11\/2025\/07\/0J1A4212_compressed_resized.jpg"}],"twitter_card":"summary_large_image","twitter_site":"@ticaretedutr","twitter_misc":{"Tahmini okuma s\u00fcresi":"3 dakika"},"schema":{"@context":"https:\/\/schema.org","@graph":[{"@type":"WebPage","@id":"https:\/\/ticaret.edu.tr\/lojistik-yonetimi\/lisans-genel-bilgi\/","url":"https:\/\/ticaret.edu.tr\/lojistik-yonetimi\/lisans-genel-bilgi\/","name":"Genel Bilgi - Lojistik Y\u00f6netimi","isPartOf":{"@id":"http:\/\/ticaret.edu.tr\/lojistik-yonetimi\/#website"},"datePublished":"2025-01-26T20:36:49+00:00","dateModified":"2025-07-11T09:07:32+00:00","description":"\u0130stanbul Ticaret \u00dcniversitesi - \u0130\u015fletme Fak\u00fcltesi - Lojistik Y\u00f6netimi Lisans Program\u0131 - B\u00f6l\u00fcm - Program Hakk\u0131nda Genel Bilgi","breadcrumb":{"@id":"https:\/\/ticaret.edu.tr\/lojistik-yonetimi\/lisans-genel-bilgi\/#breadcrumb"},"inLanguage":"tr","potentialAction":[{"@type":"ReadAction","target":["https:\/\/ticaret.edu.tr\/lojistik-yonetimi\/lisans-genel-bilgi\/"]}]},{"@type":"BreadcrumbList","@id":"https:\/\/ticaret.edu.tr\/lojistik-yonetimi\/lisans-genel-bilgi\/#breadcrumb","itemListElement":[{"@type":"ListItem","position":1,"name":"Ana sayfa","item":"http:\/\/ticaret.edu.tr\/lojistik-yonetimi\/"},{"@type":"ListItem","position":2,"name":"Genel Bilgi"}]},{"@type":"WebSite","@id":"http:\/\/ticaret.edu.tr\/lojistik-yonetimi\/#website","url":"http:\/\/ticaret.edu.tr\/lojistik-yonetimi\/","name":"Lojistik Y\u00f6netimi","description":"","potentialAction":[{"@type":"SearchAction","target":{"@type":"EntryPoint","urlTemplate":"http:\/\/ticaret.edu.tr\/lojistik-yonetimi\/?s={search_term_string}"},"query-input":"required name=search_term_string"}],"inLanguage":"tr"}]}},"lang":"tr","translations":{"en":1304,"tr":1151},"pll_sync_post":[],"_links":{"self":[{"href":"http:\/\/ticaret.edu.tr\/lojistik-yonetimi\/wp-json\/wp\/v2\/pages\/1151"}],"collection":[{"href":"http:\/\/ticaret.edu.tr\/lojistik-yonetimi\/wp-json\/wp\/v2\/pages"}],"about":[{"href":"http:\/\/ticaret.edu.tr\/lojistik-yonetimi\/wp-json\/wp\/v2\/types\/page"}],"author":[{"embeddable":true,"href":"http:\/\/ticaret.edu.tr\/lojistik-yonetimi\/wp-json\/wp\/v2\/users\/63"}],"replies":[{"embeddable":true,"href":"http:\/\/ticaret.edu.tr\/lojistik-yonetimi\/wp-json\/wp\/v2\/comments?post=1151"}],"version-history":[{"count":9,"href":"http:\/\/ticaret.edu.tr\/lojistik-yonetimi\/wp-json\/wp\/v2\/pages\/1151\/revisions"}],"predecessor-version":[{"id":1690,"href":"http:\/\/ticaret.edu.tr\/lojistik-yonetimi\/wp-json\/wp\/v2\/pages\/1151\/revisions\/1690"}],"wp:attachment":[{"href":"http:\/\/ticaret.edu.tr\/lojistik-yonetimi\/wp-json\/wp\/v2\/media?parent=1151"}],"curies":[{"name":"wp","href":"https:\/\/api.w.org\/{rel}","templated":true}]}}