{"id":1045,"date":"2025-01-26T19:32:28","date_gmt":"2025-01-26T16:32:28","guid":{"rendered":"https:\/\/ticaret.edu.tr\/matematik\/?page_id=1045"},"modified":"2025-07-23T11:15:27","modified_gmt":"2025-07-23T08:15:27","slug":"vizyon-misyon","status":"publish","type":"page","link":"http:\/\/ticaret.edu.tr\/matematik\/vizyon-misyon\/","title":{"rendered":"Vizyon &#8211; Misyon"},"content":{"rendered":"<p style=\"text-align: left\"><strong>Vizyon<\/strong><br \/>\n\u0130stanbul Ticaret \u00dcniversitesi Matematik B\u00f6l\u00fcm\u00fc olarak, matematik biliminin temel ve uygulamal\u0131 alanlar\u0131nda ulusal ve uluslararas\u0131 d\u00fczeyde lider bir akademik merkez olmay\u0131 hedefliyoruz. Bilimsel ara\u015ft\u0131rmalar, yenilik\u00e7i projeler ve i\u015f d\u00fcnyas\u0131yla kurdu\u011fumuz g\u00fc\u00e7l\u00fc ba\u011flarla, matematiksel bilgi birikimini toplumsal faydaya d\u00f6n\u00fc\u015ft\u00fcrmeyi ama\u00e7l\u0131yoruz. Gelece\u011fin bilim insanlar\u0131n\u0131 ve sekt\u00f6r profesyonellerini yeti\u015ftirerek, veri bilimi, finans, m\u00fchendislik ve yapay zeka gibi disiplinlere katk\u0131 sa\u011flayan \u00e7\u00f6z\u00fcmler geli\u015ftiren bir b\u00f6l\u00fcm olmay\u0131 hedefliyoruz.<\/p>\n<p><strong>Misyon<\/strong><br \/>\nMatematik B\u00f6l\u00fcm\u00fc olarak misyonumuz, \u00f6\u011frencilerimize g\u00fc\u00e7l\u00fc bir matematiksel altyap\u0131 sa\u011flayarak analitik d\u00fc\u015f\u00fcnme ve problem \u00e7\u00f6zme becerilerini geli\u015ftirmektir. E\u011fitim s\u00fcrecinde, \u00f6\u011frencilere temel matematiksel bilgiler ile, veri analiti\u011fi, finansal matematik ve yapay zeka gibi \u00e7a\u011fda\u015f alanlarda uygulamal\u0131 bilgiler sunarak, onlar\u0131 sekt\u00f6r ihtiya\u00e7lar\u0131na uygun hale getirmeyi ama\u00e7l\u0131yoruz. Ayr\u0131ca, matematiksel modelleme ve sim\u00fclasyon konular\u0131nda uzmanla\u015fmalar\u0131n\u0131 sa\u011flayarak, \u00f6\u011frencilerimizi bilimsel ara\u015ft\u0131rmalar yapabilecek ve sekt\u00f6rel projelerde yer alabilecek \u015fekilde yeti\u015ftirmeyi hedefliyoruz. \u00dcniversitemiz, sanayi kurulu\u015flar\u0131 ve akademik \u00e7evrelerle i\u015f birli\u011fi yaparak, \u00f6\u011frencilere staj ve kariyer f\u0131rsatlar\u0131 sunmay\u0131 ve mezunlar\u0131m\u0131z\u0131, matematiksel bilgilerini toplum ve i\u015f d\u00fcnyas\u0131nda etkin bir \u015fekilde kullanabilen profesyoneller olarak yeti\u015ftirmeyi ama\u00e7lamaktad\u0131r.<\/p>\n","protected":false},"excerpt":{"rendered":"<p>Vizyon \u0130stanbul Ticaret \u00dcniversitesi Matematik B\u00f6l\u00fcm\u00fc olarak, matematik biliminin temel ve uygulamal\u0131 alanlar\u0131nda ulusal ve uluslararas\u0131 d\u00fczeyde lider bir akademik merkez olmay\u0131 hedefliyoruz. Bilimsel ara\u015ft\u0131rmalar, yenilik\u00e7i projeler ve i\u015f d\u00fcnyas\u0131yla kurdu\u011fumuz g\u00fc\u00e7l\u00fc ba\u011flarla, matematiksel bilgi birikimini toplumsal faydaya d\u00f6n\u00fc\u015ft\u00fcrmeyi ama\u00e7l\u0131yoruz. Gelece\u011fin bilim insanlar\u0131n\u0131 ve sekt\u00f6r profesyonellerini yeti\u015ftirerek, veri bilimi, finans, m\u00fchendislik ve yapay zeka gibi [&hellip;]<\/p>\n","protected":false},"author":211,"featured_media":0,"parent":0,"menu_order":0,"comment_status":"closed","ping_status":"closed","template":"genel_sayfa.php","meta":{"footnotes":""},"yoast_head":"<!-- This site is optimized with the Yoast SEO Premium plugin v22.1 (Yoast SEO v22.1) - https:\/\/yoast.com\/wordpress\/plugins\/seo\/ -->\n<title>Vizyon - Misyon - Matematik<\/title>\n<meta name=\"robots\" content=\"index, follow, max-snippet:-1, max-image-preview:large, max-video-preview:-1\" \/>\n<link rel=\"canonical\" href=\"http:\/\/ticaret.edu.tr\/matematik\/vizyon-misyon\/\" \/>\n<meta property=\"og:locale\" content=\"tr_TR\" \/>\n<meta property=\"og:type\" content=\"article\" \/>\n<meta property=\"og:title\" content=\"Vizyon - Misyon\" \/>\n<meta property=\"og:description\" content=\"Vizyon \u0130stanbul Ticaret \u00dcniversitesi Matematik B\u00f6l\u00fcm\u00fc olarak, matematik biliminin temel ve uygulamal\u0131 alanlar\u0131nda ulusal ve uluslararas\u0131 d\u00fczeyde lider bir akademik merkez olmay\u0131 hedefliyoruz. Bilimsel ara\u015ft\u0131rmalar, yenilik\u00e7i projeler ve i\u015f d\u00fcnyas\u0131yla kurdu\u011fumuz g\u00fc\u00e7l\u00fc ba\u011flarla, matematiksel bilgi birikimini toplumsal faydaya d\u00f6n\u00fc\u015ft\u00fcrmeyi ama\u00e7l\u0131yoruz. Gelece\u011fin bilim insanlar\u0131n\u0131 ve sekt\u00f6r profesyonellerini yeti\u015ftirerek, veri bilimi, finans, m\u00fchendislik ve yapay zeka gibi [&hellip;]\" \/>\n<meta property=\"og:url\" content=\"http:\/\/ticaret.edu.tr\/matematik\/vizyon-misyon\/\" \/>\n<meta property=\"og:site_name\" content=\"Matematik\" \/>\n<meta property=\"article:publisher\" content=\"https:\/\/www.facebook.com\/ticaretedutr\" \/>\n<meta property=\"article:modified_time\" content=\"2025-07-23T08:15:27+00:00\" \/>\n<meta property=\"og:image\" content=\"http:\/\/ticaret.edu.tr\/matematik\/wp-content\/uploads\/sites\/29\/2021\/11\/web_logo-01.jpg\" \/>\n\t<meta property=\"og:image:width\" content=\"1250\" \/>\n\t<meta property=\"og:image:height\" content=\"833\" \/>\n\t<meta property=\"og:image:type\" content=\"image\/jpeg\" \/>\n<meta name=\"twitter:card\" content=\"summary_large_image\" \/>\n<meta name=\"twitter:site\" content=\"@ticaretedutr\" \/>\n<meta name=\"twitter:label1\" content=\"Tahmini okuma s\u00fcresi\" \/>\n\t<meta name=\"twitter:data1\" content=\"1 dakika\" \/>\n<script type=\"application\/ld+json\" class=\"yoast-schema-graph\">{\"@context\":\"https:\/\/schema.org\",\"@graph\":[{\"@type\":\"WebPage\",\"@id\":\"http:\/\/ticaret.edu.tr\/matematik\/vizyon-misyon\/\",\"url\":\"http:\/\/ticaret.edu.tr\/matematik\/vizyon-misyon\/\",\"name\":\"Vizyon - Misyon - Matematik\",\"isPartOf\":{\"@id\":\"https:\/\/ticaret.edu.tr\/matematik\/#website\"},\"datePublished\":\"2025-01-26T16:32:28+00:00\",\"dateModified\":\"2025-07-23T08:15:27+00:00\",\"breadcrumb\":{\"@id\":\"http:\/\/ticaret.edu.tr\/matematik\/vizyon-misyon\/#breadcrumb\"},\"inLanguage\":\"tr\",\"potentialAction\":[{\"@type\":\"ReadAction\",\"target\":[\"http:\/\/ticaret.edu.tr\/matematik\/vizyon-misyon\/\"]}]},{\"@type\":\"BreadcrumbList\",\"@id\":\"http:\/\/ticaret.edu.tr\/matematik\/vizyon-misyon\/#breadcrumb\",\"itemListElement\":[{\"@type\":\"ListItem\",\"position\":1,\"name\":\"Ana sayfa\",\"item\":\"https:\/\/ticaret.edu.tr\/matematik\/\"},{\"@type\":\"ListItem\",\"position\":2,\"name\":\"Vizyon &#8211; Misyon\"}]},{\"@type\":\"WebSite\",\"@id\":\"https:\/\/ticaret.edu.tr\/matematik\/#website\",\"url\":\"https:\/\/ticaret.edu.tr\/matematik\/\",\"name\":\"Matematik\",\"description\":\"\",\"potentialAction\":[{\"@type\":\"SearchAction\",\"target\":{\"@type\":\"EntryPoint\",\"urlTemplate\":\"https:\/\/ticaret.edu.tr\/matematik\/?s={search_term_string}\"},\"query-input\":\"required name=search_term_string\"}],\"inLanguage\":\"tr\"}]}<\/script>\n<!-- \/ Yoast SEO Premium plugin. -->","yoast_head_json":{"title":"Vizyon - Misyon - Matematik","robots":{"index":"index","follow":"follow","max-snippet":"max-snippet:-1","max-image-preview":"max-image-preview:large","max-video-preview":"max-video-preview:-1"},"canonical":"http:\/\/ticaret.edu.tr\/matematik\/vizyon-misyon\/","og_locale":"tr_TR","og_type":"article","og_title":"Vizyon - Misyon","og_description":"Vizyon \u0130stanbul Ticaret \u00dcniversitesi Matematik B\u00f6l\u00fcm\u00fc olarak, matematik biliminin temel ve uygulamal\u0131 alanlar\u0131nda ulusal ve uluslararas\u0131 d\u00fczeyde lider bir akademik merkez olmay\u0131 hedefliyoruz. Bilimsel ara\u015ft\u0131rmalar, yenilik\u00e7i projeler ve i\u015f d\u00fcnyas\u0131yla kurdu\u011fumuz g\u00fc\u00e7l\u00fc ba\u011flarla, matematiksel bilgi birikimini toplumsal faydaya d\u00f6n\u00fc\u015ft\u00fcrmeyi ama\u00e7l\u0131yoruz. Gelece\u011fin bilim insanlar\u0131n\u0131 ve sekt\u00f6r profesyonellerini yeti\u015ftirerek, veri bilimi, finans, m\u00fchendislik ve yapay zeka gibi [&hellip;]","og_url":"http:\/\/ticaret.edu.tr\/matematik\/vizyon-misyon\/","og_site_name":"Matematik","article_publisher":"https:\/\/www.facebook.com\/ticaretedutr","article_modified_time":"2025-07-23T08:15:27+00:00","og_image":[{"width":1250,"height":833,"url":"http:\/\/ticaret.edu.tr\/matematik\/wp-content\/uploads\/sites\/29\/2021\/11\/web_logo-01.jpg","type":"image\/jpeg"}],"twitter_card":"summary_large_image","twitter_site":"@ticaretedutr","twitter_misc":{"Tahmini okuma s\u00fcresi":"1 dakika"},"schema":{"@context":"https:\/\/schema.org","@graph":[{"@type":"WebPage","@id":"http:\/\/ticaret.edu.tr\/matematik\/vizyon-misyon\/","url":"http:\/\/ticaret.edu.tr\/matematik\/vizyon-misyon\/","name":"Vizyon - Misyon - Matematik","isPartOf":{"@id":"https:\/\/ticaret.edu.tr\/matematik\/#website"},"datePublished":"2025-01-26T16:32:28+00:00","dateModified":"2025-07-23T08:15:27+00:00","breadcrumb":{"@id":"http:\/\/ticaret.edu.tr\/matematik\/vizyon-misyon\/#breadcrumb"},"inLanguage":"tr","potentialAction":[{"@type":"ReadAction","target":["http:\/\/ticaret.edu.tr\/matematik\/vizyon-misyon\/"]}]},{"@type":"BreadcrumbList","@id":"http:\/\/ticaret.edu.tr\/matematik\/vizyon-misyon\/#breadcrumb","itemListElement":[{"@type":"ListItem","position":1,"name":"Ana sayfa","item":"https:\/\/ticaret.edu.tr\/matematik\/"},{"@type":"ListItem","position":2,"name":"Vizyon &#8211; Misyon"}]},{"@type":"WebSite","@id":"https:\/\/ticaret.edu.tr\/matematik\/#website","url":"https:\/\/ticaret.edu.tr\/matematik\/","name":"Matematik","description":"","potentialAction":[{"@type":"SearchAction","target":{"@type":"EntryPoint","urlTemplate":"https:\/\/ticaret.edu.tr\/matematik\/?s={search_term_string}"},"query-input":"required name=search_term_string"}],"inLanguage":"tr"}]}},"lang":"tr","translations":{"en":1047,"tr":1045},"pll_sync_post":[],"_links":{"self":[{"href":"http:\/\/ticaret.edu.tr\/matematik\/wp-json\/wp\/v2\/pages\/1045"}],"collection":[{"href":"http:\/\/ticaret.edu.tr\/matematik\/wp-json\/wp\/v2\/pages"}],"about":[{"href":"http:\/\/ticaret.edu.tr\/matematik\/wp-json\/wp\/v2\/types\/page"}],"author":[{"embeddable":true,"href":"http:\/\/ticaret.edu.tr\/matematik\/wp-json\/wp\/v2\/users\/211"}],"replies":[{"embeddable":true,"href":"http:\/\/ticaret.edu.tr\/matematik\/wp-json\/wp\/v2\/comments?post=1045"}],"version-history":[{"count":7,"href":"http:\/\/ticaret.edu.tr\/matematik\/wp-json\/wp\/v2\/pages\/1045\/revisions"}],"predecessor-version":[{"id":1664,"href":"http:\/\/ticaret.edu.tr\/matematik\/wp-json\/wp\/v2\/pages\/1045\/revisions\/1664"}],"wp:attachment":[{"href":"http:\/\/ticaret.edu.tr\/matematik\/wp-json\/wp\/v2\/media?parent=1045"}],"curies":[{"name":"wp","href":"https:\/\/api.w.org\/{rel}","templated":true}]}}