{"id":1063,"date":"2025-01-26T19:34:56","date_gmt":"2025-01-26T16:34:56","guid":{"rendered":"https:\/\/ticaret.edu.tr\/matematik\/?page_id=1063"},"modified":"2025-12-22T10:42:20","modified_gmt":"2025-12-22T07:42:20","slug":"department-boards-and-committees","status":"publish","type":"page","link":"http:\/\/ticaret.edu.tr\/matematik\/en\/department-boards-and-committees\/","title":{"rendered":"Department Boards and Committees"},"content":{"rendered":"<h2>Internship Committee<\/h2>\n<table>\n<thead>\n<tr>\n<th>Faculty Member<\/th>\n<th>Duty<\/th>\n<\/tr>\n<\/thead>\n<tbody>\n<tr>\n<td>Assoc. Prof. Dr. Abdullah YENER<\/td>\n<td>Chair of the Internship Committee<\/td>\n<\/tr>\n<tr>\n<td>Assist. Prof. Dr. G\u00fclistan \u0130SKENDERO\u011eLU<\/td>\n<td>Committee Member<\/td>\n<\/tr>\n<tr>\n<td>Assist. Prof. Dr. Elif NURAY YILDIRIM<\/td>\n<td>Committee Member<\/td>\n<\/tr>\n<\/tbody>\n<\/table>\n<hr \/>\n<h2>FEDEK Committee<\/h2>\n<table>\n<thead>\n<tr>\n<th>Faculty Member<\/th>\n<th>Duty<\/th>\n<\/tr>\n<\/thead>\n<tbody>\n<tr>\n<td>Assoc. Prof. Dr. Abdullah YENER<\/td>\n<td>Committee Chair<\/td>\n<\/tr>\n<tr>\n<td>Assist. Prof. Dr. Elif NURAY YILDIRIM<\/td>\n<td>Member<\/td>\n<\/tr>\n<tr>\n<td>Res. Asst. Pelin DURSUN<\/td>\n<td>Member<\/td>\n<\/tr>\n<\/tbody>\n<\/table>\n<hr \/>\n<h2>Department of Mathematics Advisory Board<\/h2>\n<table>\n<thead>\n<tr>\n<th>Member<\/th>\n<th>Institution<\/th>\n<th>E-mail<\/th>\n<\/tr>\n<\/thead>\n<tbody>\n<tr>\n<td>Prof. Dr. Necip \u015e\u0130M\u015eEK<\/td>\n<td>Istanbul Commerce University<\/td>\n<td><a href=\"mailto:nsimsek@ticaret.edu.tr\">nsimsek@ticaret.edu.tr<\/a><\/td>\n<\/tr>\n<tr>\n<td>Prof. Dr. Abdullah AVEY<\/td>\n<td>Istanbul Commerce University<\/td>\n<td><a href=\"mailto:aavey@ticaret.edu.tr\">aavey@ticaret.edu.tr<\/a><\/td>\n<\/tr>\n<tr>\n<td>Assoc. Prof. Dr. Abdullah YENER<\/td>\n<td>Istanbul Commerce University<\/td>\n<td><a href=\"mailto:ayener@ticaret.edu.tr\">ayener@ticaret.edu.tr<\/a><\/td>\n<\/tr>\n<tr>\n<td>Assist. Prof. Dr. G\u00fclistan \u0130SKENDERO\u011eLU<\/td>\n<td>Istanbul Commerce University<\/td>\n<td><a href=\"mailto:giskenderoglu@ticaret.edu.tr\">giskenderoglu@ticaret.edu.tr<\/a><\/td>\n<\/tr>\n<tr>\n<td>Assist. Prof. Dr. Elif NURAY YILDIRIM<\/td>\n<td>Istanbul Commerce University<\/td>\n<td><a href=\"mailto:enuray@ticaret.edu.tr\">enuray@ticaret.edu.tr<\/a><\/td>\n<\/tr>\n<tr>\n<td>Assist. Prof. Dr. Muhammad Abubakar ISAH<\/td>\n<td>Istanbul Commerce University<\/td>\n<td><a href=\"mailto:maisah@ticaret.edu.tr\">maisah@ticaret.edu.tr<\/a><\/td>\n<\/tr>\n<tr>\n<td>Res. Asst. Pelin DURSUN<\/td>\n<td>Istanbul Commerce University (Quality Ambassador)<\/td>\n<td><a href=\"mailto:pdursun@ticaret.edu.tr\">pdursun@ticaret.edu.tr<\/a><\/td>\n<\/tr>\n<tr>\n<td>Prof. Dr. Yusuf ZEREN<\/td>\n<td>Y\u0131ld\u0131z Technical University<\/td>\n<td><a href=\"mailto:yzeren@yildiz.edu.tr\">yzeren@yildiz.edu.tr<\/a><\/td>\n<\/tr>\n<tr>\n<td>Assoc. Prof. Dr. Selim BAHADIR<\/td>\n<td>Ankara Y\u0131ld\u0131r\u0131m Beyaz\u0131t University<\/td>\n<td><a href=\"mailto:selim.bahadir@aybu.edu.tr\">selim.bahadir@aybu.edu.tr<\/a><\/td>\n<\/tr>\n<tr>\n<td>Assoc. Prof. Dr. Emrah AYDEM\u0130R<\/td>\n<td>Sakarya University<\/td>\n<td><a href=\"mailto:emrahaydemir@sakarya.edu.tr\">emrahaydemir@sakarya.edu.tr<\/a><\/td>\n<\/tr>\n<tr>\n<td>Assoc. Prof. Dr. As\u0131f YOKU\u015e<\/td>\n<td>F\u0131rat University<\/td>\n<td><a href=\"mailto:asfyokus@firat.edu.tr\">asfyokus@firat.edu.tr<\/a><\/td>\n<\/tr>\n<tr>\n<td>Hasan TUN\u00c7<\/td>\n<td>An Education Institutions \/ An Publications<\/td>\n<td><a href=\"mailto:tunchasanmat@gmail.com\">tunchasanmat@gmail.com<\/a><\/td>\n<\/tr>\n<tr>\n<td>Melda AB\u0130K<\/td>\n<td>Istanbul Commerce University (Student Representative)<\/td>\n<td><a href=\"mailto:24lmte010@istanbulticaret.edu.tr\">24lmte010@istanbulticaret.edu.tr<\/a><\/td>\n<\/tr>\n<tr>\n<td>Melike BAL<\/td>\n<td>Istanbul Commerce University (Alumni)<\/td>\n<td><a href=\"mailto:mbal@ticaret.edu.tr\">mbal@ticaret.edu.tr<\/a><\/td>\n<\/tr>\n<\/tbody>\n<\/table>\n<p>&nbsp;<\/p>\n","protected":false},"excerpt":{"rendered":"<p>Internship Committee Faculty Member Duty Assoc. Prof. Dr. Abdullah YENER Chair of the Internship Committee Assist. Prof. Dr. G\u00fclistan \u0130SKENDERO\u011eLU Committee Member Assist. Prof. Dr. Elif NURAY YILDIRIM Committee Member FEDEK Committee Faculty Member Duty Assoc. Prof. Dr. Abdullah YENER Committee Chair Assist. Prof. Dr. Elif NURAY YILDIRIM Member Res. Asst. Pelin DURSUN Member Department [&hellip;]<\/p>\n","protected":false},"author":211,"featured_media":0,"parent":0,"menu_order":0,"comment_status":"closed","ping_status":"closed","template":"genel_sayfa.php","meta":{"footnotes":""},"yoast_head":"<!-- This site is optimized with the Yoast SEO Premium plugin v22.1 (Yoast SEO v22.1) - https:\/\/yoast.com\/wordpress\/plugins\/seo\/ -->\n<title>Department Boards and Committees - Matematik<\/title>\n<meta name=\"robots\" content=\"index, follow, max-snippet:-1, max-image-preview:large, max-video-preview:-1\" \/>\n<link rel=\"canonical\" href=\"https:\/\/ticaret.edu.tr\/matematik\/en\/department-boards-and-committees\/\" \/>\n<meta property=\"og:locale\" content=\"tr_TR\" \/>\n<meta property=\"og:type\" content=\"article\" \/>\n<meta property=\"og:title\" content=\"Department Boards and Committees\" \/>\n<meta property=\"og:description\" content=\"Internship Committee Faculty Member Duty Assoc. Prof. Dr. Abdullah YENER Chair of the Internship Committee Assist. Prof. Dr. G\u00fclistan \u0130SKENDERO\u011eLU Committee Member Assist. Prof. Dr. Elif NURAY YILDIRIM Committee Member FEDEK Committee Faculty Member Duty Assoc. Prof. Dr. Abdullah YENER Committee Chair Assist. Prof. Dr. Elif NURAY YILDIRIM Member Res. Asst. Pelin DURSUN Member Department [&hellip;]\" \/>\n<meta property=\"og:url\" content=\"https:\/\/ticaret.edu.tr\/matematik\/en\/department-boards-and-committees\/\" \/>\n<meta property=\"og:site_name\" content=\"Matematik\" \/>\n<meta property=\"article:publisher\" content=\"https:\/\/www.facebook.com\/ticaretedutr\" \/>\n<meta property=\"article:modified_time\" content=\"2025-12-22T07:42:20+00:00\" \/>\n<meta property=\"og:image\" content=\"http:\/\/ticaret.edu.tr\/matematik\/wp-content\/uploads\/sites\/29\/2021\/11\/web_logo-01.jpg\" \/>\n\t<meta property=\"og:image:width\" content=\"1250\" \/>\n\t<meta property=\"og:image:height\" content=\"833\" \/>\n\t<meta property=\"og:image:type\" content=\"image\/jpeg\" \/>\n<meta name=\"twitter:card\" content=\"summary_large_image\" \/>\n<meta name=\"twitter:site\" content=\"@ticaretedutr\" \/>\n<meta name=\"twitter:label1\" content=\"Tahmini okuma s\u00fcresi\" \/>\n\t<meta name=\"twitter:data1\" content=\"2 dakika\" \/>\n<script type=\"application\/ld+json\" class=\"yoast-schema-graph\">{\"@context\":\"https:\/\/schema.org\",\"@graph\":[{\"@type\":\"WebPage\",\"@id\":\"https:\/\/ticaret.edu.tr\/matematik\/en\/department-boards-and-committees\/\",\"url\":\"https:\/\/ticaret.edu.tr\/matematik\/en\/department-boards-and-committees\/\",\"name\":\"Department Boards and Committees - Matematik\",\"isPartOf\":{\"@id\":\"https:\/\/ticaret.edu.tr\/matematik\/#website\"},\"datePublished\":\"2025-01-26T16:34:56+00:00\",\"dateModified\":\"2025-12-22T07:42:20+00:00\",\"breadcrumb\":{\"@id\":\"https:\/\/ticaret.edu.tr\/matematik\/en\/department-boards-and-committees\/#breadcrumb\"},\"inLanguage\":\"tr\",\"potentialAction\":[{\"@type\":\"ReadAction\",\"target\":[\"https:\/\/ticaret.edu.tr\/matematik\/en\/department-boards-and-committees\/\"]}]},{\"@type\":\"BreadcrumbList\",\"@id\":\"https:\/\/ticaret.edu.tr\/matematik\/en\/department-boards-and-committees\/#breadcrumb\",\"itemListElement\":[{\"@type\":\"ListItem\",\"position\":1,\"name\":\"Ana sayfa\",\"item\":\"https:\/\/ticaret.edu.tr\/matematik\/\"},{\"@type\":\"ListItem\",\"position\":2,\"name\":\"Department Boards and Committees\"}]},{\"@type\":\"WebSite\",\"@id\":\"https:\/\/ticaret.edu.tr\/matematik\/#website\",\"url\":\"https:\/\/ticaret.edu.tr\/matematik\/\",\"name\":\"Matematik\",\"description\":\"\",\"potentialAction\":[{\"@type\":\"SearchAction\",\"target\":{\"@type\":\"EntryPoint\",\"urlTemplate\":\"https:\/\/ticaret.edu.tr\/matematik\/?s={search_term_string}\"},\"query-input\":\"required name=search_term_string\"}],\"inLanguage\":\"tr\"}]}<\/script>\n<!-- \/ Yoast SEO Premium plugin. -->","yoast_head_json":{"title":"Department Boards and Committees - Matematik","robots":{"index":"index","follow":"follow","max-snippet":"max-snippet:-1","max-image-preview":"max-image-preview:large","max-video-preview":"max-video-preview:-1"},"canonical":"https:\/\/ticaret.edu.tr\/matematik\/en\/department-boards-and-committees\/","og_locale":"tr_TR","og_type":"article","og_title":"Department Boards and Committees","og_description":"Internship Committee Faculty Member Duty Assoc. Prof. Dr. Abdullah YENER Chair of the Internship Committee Assist. Prof. Dr. G\u00fclistan \u0130SKENDERO\u011eLU Committee Member Assist. Prof. Dr. Elif NURAY YILDIRIM Committee Member FEDEK Committee Faculty Member Duty Assoc. Prof. Dr. Abdullah YENER Committee Chair Assist. Prof. Dr. Elif NURAY YILDIRIM Member Res. Asst. Pelin DURSUN Member Department [&hellip;]","og_url":"https:\/\/ticaret.edu.tr\/matematik\/en\/department-boards-and-committees\/","og_site_name":"Matematik","article_publisher":"https:\/\/www.facebook.com\/ticaretedutr","article_modified_time":"2025-12-22T07:42:20+00:00","og_image":[{"width":1250,"height":833,"url":"http:\/\/ticaret.edu.tr\/matematik\/wp-content\/uploads\/sites\/29\/2021\/11\/web_logo-01.jpg","type":"image\/jpeg"}],"twitter_card":"summary_large_image","twitter_site":"@ticaretedutr","twitter_misc":{"Tahmini okuma s\u00fcresi":"2 dakika"},"schema":{"@context":"https:\/\/schema.org","@graph":[{"@type":"WebPage","@id":"https:\/\/ticaret.edu.tr\/matematik\/en\/department-boards-and-committees\/","url":"https:\/\/ticaret.edu.tr\/matematik\/en\/department-boards-and-committees\/","name":"Department Boards and Committees - Matematik","isPartOf":{"@id":"https:\/\/ticaret.edu.tr\/matematik\/#website"},"datePublished":"2025-01-26T16:34:56+00:00","dateModified":"2025-12-22T07:42:20+00:00","breadcrumb":{"@id":"https:\/\/ticaret.edu.tr\/matematik\/en\/department-boards-and-committees\/#breadcrumb"},"inLanguage":"tr","potentialAction":[{"@type":"ReadAction","target":["https:\/\/ticaret.edu.tr\/matematik\/en\/department-boards-and-committees\/"]}]},{"@type":"BreadcrumbList","@id":"https:\/\/ticaret.edu.tr\/matematik\/en\/department-boards-and-committees\/#breadcrumb","itemListElement":[{"@type":"ListItem","position":1,"name":"Ana sayfa","item":"https:\/\/ticaret.edu.tr\/matematik\/"},{"@type":"ListItem","position":2,"name":"Department Boards and Committees"}]},{"@type":"WebSite","@id":"https:\/\/ticaret.edu.tr\/matematik\/#website","url":"https:\/\/ticaret.edu.tr\/matematik\/","name":"Matematik","description":"","potentialAction":[{"@type":"SearchAction","target":{"@type":"EntryPoint","urlTemplate":"https:\/\/ticaret.edu.tr\/matematik\/?s={search_term_string}"},"query-input":"required name=search_term_string"}],"inLanguage":"tr"}]}},"lang":"en","translations":{"en":1063,"tr":1061},"pll_sync_post":[],"_links":{"self":[{"href":"http:\/\/ticaret.edu.tr\/matematik\/wp-json\/wp\/v2\/pages\/1063"}],"collection":[{"href":"http:\/\/ticaret.edu.tr\/matematik\/wp-json\/wp\/v2\/pages"}],"about":[{"href":"http:\/\/ticaret.edu.tr\/matematik\/wp-json\/wp\/v2\/types\/page"}],"author":[{"embeddable":true,"href":"http:\/\/ticaret.edu.tr\/matematik\/wp-json\/wp\/v2\/users\/211"}],"replies":[{"embeddable":true,"href":"http:\/\/ticaret.edu.tr\/matematik\/wp-json\/wp\/v2\/comments?post=1063"}],"version-history":[{"count":3,"href":"http:\/\/ticaret.edu.tr\/matematik\/wp-json\/wp\/v2\/pages\/1063\/revisions"}],"predecessor-version":[{"id":2001,"href":"http:\/\/ticaret.edu.tr\/matematik\/wp-json\/wp\/v2\/pages\/1063\/revisions\/2001"}],"wp:attachment":[{"href":"http:\/\/ticaret.edu.tr\/matematik\/wp-json\/wp\/v2\/media?parent=1063"}],"curies":[{"name":"wp","href":"https:\/\/api.w.org\/{rel}","templated":true}]}}