{"id":1106,"date":"2025-01-26T19:41:26","date_gmt":"2025-01-26T16:41:26","guid":{"rendered":"https:\/\/ticaret.edu.tr\/matematik\/?page_id=1106"},"modified":"2025-10-15T15:54:29","modified_gmt":"2025-10-15T12:54:29","slug":"kazanilan-derece-gereklilikleri-ve-kurallar","status":"publish","type":"page","link":"http:\/\/ticaret.edu.tr\/matematik\/kazanilan-derece-gereklilikleri-ve-kurallar\/","title":{"rendered":"Kazan\u0131lan Derece  Gereklilikleri ve Kurallar"},"content":{"rendered":"<p>Mezuniyet i\u00e7in \u00f6\u011frencilerin program\u0131n ders plan\u0131ndaki t\u00fcm zorunlu ve se\u00e7meli dersleri (\u00fcniversite ortak\/se\u00e7meli dersleri d\u00e2hil) ba\u015far\u0131yla tamamlayarak toplam 240 AKTS\u2019yi sa\u011flamas\u0131, A\u011f\u0131rl\u0131kl\u0131 Genel Not Ortalamas\u0131n\u0131n (AGNO) en az 2,00\/4,00 olmas\u0131 ve varsa bitirme \u00e7al\u0131\u015fmas\u0131n\u0131n ilgili y\u00f6nerge h\u00fck\u00fcmlerine uygun bi\u00e7imde tamamlanmas\u0131 gerekir.<\/p>\n","protected":false},"excerpt":{"rendered":"<p>Mezuniyet i\u00e7in \u00f6\u011frencilerin program\u0131n ders plan\u0131ndaki t\u00fcm zorunlu ve se\u00e7meli dersleri (\u00fcniversite ortak\/se\u00e7meli dersleri d\u00e2hil) ba\u015far\u0131yla tamamlayarak toplam 240 AKTS\u2019yi sa\u011flamas\u0131, A\u011f\u0131rl\u0131kl\u0131 Genel Not Ortalamas\u0131n\u0131n (AGNO) en az 2,00\/4,00 olmas\u0131 ve varsa bitirme \u00e7al\u0131\u015fmas\u0131n\u0131n ilgili y\u00f6nerge h\u00fck\u00fcmlerine uygun bi\u00e7imde tamamlanmas\u0131 gerekir.<\/p>\n","protected":false},"author":211,"featured_media":0,"parent":0,"menu_order":0,"comment_status":"closed","ping_status":"closed","template":"genel_sayfa.php","meta":{"footnotes":""},"yoast_head":"<!-- This site is optimized with the Yoast SEO Premium plugin v22.1 (Yoast SEO v22.1) - https:\/\/yoast.com\/wordpress\/plugins\/seo\/ -->\n<title>Kazan\u0131lan Derece Gereklilikleri ve Kurallar - Matematik<\/title>\n<meta name=\"robots\" content=\"index, follow, max-snippet:-1, max-image-preview:large, max-video-preview:-1\" \/>\n<link rel=\"canonical\" href=\"http:\/\/ticaret.edu.tr\/matematik\/kazanilan-derece-gereklilikleri-ve-kurallar\/\" \/>\n<meta property=\"og:locale\" content=\"tr_TR\" \/>\n<meta property=\"og:type\" content=\"article\" \/>\n<meta property=\"og:title\" content=\"Kazan\u0131lan Derece Gereklilikleri ve Kurallar\" \/>\n<meta property=\"og:description\" content=\"Mezuniyet i\u00e7in \u00f6\u011frencilerin program\u0131n ders plan\u0131ndaki t\u00fcm zorunlu ve se\u00e7meli dersleri (\u00fcniversite ortak\/se\u00e7meli dersleri d\u00e2hil) ba\u015far\u0131yla tamamlayarak toplam 240 AKTS\u2019yi sa\u011flamas\u0131, A\u011f\u0131rl\u0131kl\u0131 Genel Not Ortalamas\u0131n\u0131n (AGNO) en az 2,00\/4,00 olmas\u0131 ve varsa bitirme \u00e7al\u0131\u015fmas\u0131n\u0131n ilgili y\u00f6nerge h\u00fck\u00fcmlerine uygun bi\u00e7imde tamamlanmas\u0131 gerekir.\" \/>\n<meta property=\"og:url\" content=\"http:\/\/ticaret.edu.tr\/matematik\/kazanilan-derece-gereklilikleri-ve-kurallar\/\" \/>\n<meta property=\"og:site_name\" content=\"Matematik\" \/>\n<meta property=\"article:publisher\" content=\"https:\/\/www.facebook.com\/ticaretedutr\" \/>\n<meta property=\"article:modified_time\" content=\"2025-10-15T12:54:29+00:00\" \/>\n<meta property=\"og:image\" content=\"http:\/\/ticaret.edu.tr\/matematik\/wp-content\/uploads\/sites\/29\/2021\/11\/web_logo-01.jpg\" \/>\n\t<meta property=\"og:image:width\" content=\"1250\" \/>\n\t<meta property=\"og:image:height\" content=\"833\" \/>\n\t<meta property=\"og:image:type\" content=\"image\/jpeg\" \/>\n<meta name=\"twitter:card\" content=\"summary_large_image\" \/>\n<meta name=\"twitter:site\" content=\"@ticaretedutr\" \/>\n<meta name=\"twitter:label1\" content=\"Tahmini okuma s\u00fcresi\" \/>\n\t<meta name=\"twitter:data1\" content=\"1 dakika\" \/>\n<script type=\"application\/ld+json\" class=\"yoast-schema-graph\">{\"@context\":\"https:\/\/schema.org\",\"@graph\":[{\"@type\":\"WebPage\",\"@id\":\"http:\/\/ticaret.edu.tr\/matematik\/kazanilan-derece-gereklilikleri-ve-kurallar\/\",\"url\":\"http:\/\/ticaret.edu.tr\/matematik\/kazanilan-derece-gereklilikleri-ve-kurallar\/\",\"name\":\"Kazan\u0131lan Derece Gereklilikleri ve Kurallar - Matematik\",\"isPartOf\":{\"@id\":\"https:\/\/ticaret.edu.tr\/matematik\/#website\"},\"datePublished\":\"2025-01-26T16:41:26+00:00\",\"dateModified\":\"2025-10-15T12:54:29+00:00\",\"breadcrumb\":{\"@id\":\"http:\/\/ticaret.edu.tr\/matematik\/kazanilan-derece-gereklilikleri-ve-kurallar\/#breadcrumb\"},\"inLanguage\":\"tr\",\"potentialAction\":[{\"@type\":\"ReadAction\",\"target\":[\"http:\/\/ticaret.edu.tr\/matematik\/kazanilan-derece-gereklilikleri-ve-kurallar\/\"]}]},{\"@type\":\"BreadcrumbList\",\"@id\":\"http:\/\/ticaret.edu.tr\/matematik\/kazanilan-derece-gereklilikleri-ve-kurallar\/#breadcrumb\",\"itemListElement\":[{\"@type\":\"ListItem\",\"position\":1,\"name\":\"Ana sayfa\",\"item\":\"https:\/\/ticaret.edu.tr\/matematik\/\"},{\"@type\":\"ListItem\",\"position\":2,\"name\":\"Kazan\u0131lan Derece Gereklilikleri ve Kurallar\"}]},{\"@type\":\"WebSite\",\"@id\":\"https:\/\/ticaret.edu.tr\/matematik\/#website\",\"url\":\"https:\/\/ticaret.edu.tr\/matematik\/\",\"name\":\"Matematik\",\"description\":\"\",\"potentialAction\":[{\"@type\":\"SearchAction\",\"target\":{\"@type\":\"EntryPoint\",\"urlTemplate\":\"https:\/\/ticaret.edu.tr\/matematik\/?s={search_term_string}\"},\"query-input\":\"required name=search_term_string\"}],\"inLanguage\":\"tr\"}]}<\/script>\n<!-- \/ Yoast SEO Premium plugin. -->","yoast_head_json":{"title":"Kazan\u0131lan Derece Gereklilikleri ve Kurallar - Matematik","robots":{"index":"index","follow":"follow","max-snippet":"max-snippet:-1","max-image-preview":"max-image-preview:large","max-video-preview":"max-video-preview:-1"},"canonical":"http:\/\/ticaret.edu.tr\/matematik\/kazanilan-derece-gereklilikleri-ve-kurallar\/","og_locale":"tr_TR","og_type":"article","og_title":"Kazan\u0131lan Derece Gereklilikleri ve Kurallar","og_description":"Mezuniyet i\u00e7in \u00f6\u011frencilerin program\u0131n ders plan\u0131ndaki t\u00fcm zorunlu ve se\u00e7meli dersleri (\u00fcniversite ortak\/se\u00e7meli dersleri d\u00e2hil) ba\u015far\u0131yla tamamlayarak toplam 240 AKTS\u2019yi sa\u011flamas\u0131, A\u011f\u0131rl\u0131kl\u0131 Genel Not Ortalamas\u0131n\u0131n (AGNO) en az 2,00\/4,00 olmas\u0131 ve varsa bitirme \u00e7al\u0131\u015fmas\u0131n\u0131n ilgili y\u00f6nerge h\u00fck\u00fcmlerine uygun bi\u00e7imde tamamlanmas\u0131 gerekir.","og_url":"http:\/\/ticaret.edu.tr\/matematik\/kazanilan-derece-gereklilikleri-ve-kurallar\/","og_site_name":"Matematik","article_publisher":"https:\/\/www.facebook.com\/ticaretedutr","article_modified_time":"2025-10-15T12:54:29+00:00","og_image":[{"width":1250,"height":833,"url":"http:\/\/ticaret.edu.tr\/matematik\/wp-content\/uploads\/sites\/29\/2021\/11\/web_logo-01.jpg","type":"image\/jpeg"}],"twitter_card":"summary_large_image","twitter_site":"@ticaretedutr","twitter_misc":{"Tahmini okuma s\u00fcresi":"1 dakika"},"schema":{"@context":"https:\/\/schema.org","@graph":[{"@type":"WebPage","@id":"http:\/\/ticaret.edu.tr\/matematik\/kazanilan-derece-gereklilikleri-ve-kurallar\/","url":"http:\/\/ticaret.edu.tr\/matematik\/kazanilan-derece-gereklilikleri-ve-kurallar\/","name":"Kazan\u0131lan Derece Gereklilikleri ve Kurallar - Matematik","isPartOf":{"@id":"https:\/\/ticaret.edu.tr\/matematik\/#website"},"datePublished":"2025-01-26T16:41:26+00:00","dateModified":"2025-10-15T12:54:29+00:00","breadcrumb":{"@id":"http:\/\/ticaret.edu.tr\/matematik\/kazanilan-derece-gereklilikleri-ve-kurallar\/#breadcrumb"},"inLanguage":"tr","potentialAction":[{"@type":"ReadAction","target":["http:\/\/ticaret.edu.tr\/matematik\/kazanilan-derece-gereklilikleri-ve-kurallar\/"]}]},{"@type":"BreadcrumbList","@id":"http:\/\/ticaret.edu.tr\/matematik\/kazanilan-derece-gereklilikleri-ve-kurallar\/#breadcrumb","itemListElement":[{"@type":"ListItem","position":1,"name":"Ana sayfa","item":"https:\/\/ticaret.edu.tr\/matematik\/"},{"@type":"ListItem","position":2,"name":"Kazan\u0131lan Derece Gereklilikleri ve Kurallar"}]},{"@type":"WebSite","@id":"https:\/\/ticaret.edu.tr\/matematik\/#website","url":"https:\/\/ticaret.edu.tr\/matematik\/","name":"Matematik","description":"","potentialAction":[{"@type":"SearchAction","target":{"@type":"EntryPoint","urlTemplate":"https:\/\/ticaret.edu.tr\/matematik\/?s={search_term_string}"},"query-input":"required name=search_term_string"}],"inLanguage":"tr"}]}},"lang":"tr","translations":{"en":1108,"tr":1106},"pll_sync_post":[],"_links":{"self":[{"href":"http:\/\/ticaret.edu.tr\/matematik\/wp-json\/wp\/v2\/pages\/1106"}],"collection":[{"href":"http:\/\/ticaret.edu.tr\/matematik\/wp-json\/wp\/v2\/pages"}],"about":[{"href":"http:\/\/ticaret.edu.tr\/matematik\/wp-json\/wp\/v2\/types\/page"}],"author":[{"embeddable":true,"href":"http:\/\/ticaret.edu.tr\/matematik\/wp-json\/wp\/v2\/users\/211"}],"replies":[{"embeddable":true,"href":"http:\/\/ticaret.edu.tr\/matematik\/wp-json\/wp\/v2\/comments?post=1106"}],"version-history":[{"count":2,"href":"http:\/\/ticaret.edu.tr\/matematik\/wp-json\/wp\/v2\/pages\/1106\/revisions"}],"predecessor-version":[{"id":1893,"href":"http:\/\/ticaret.edu.tr\/matematik\/wp-json\/wp\/v2\/pages\/1106\/revisions\/1893"}],"wp:attachment":[{"href":"http:\/\/ticaret.edu.tr\/matematik\/wp-json\/wp\/v2\/media?parent=1106"}],"curies":[{"name":"wp","href":"https:\/\/api.w.org\/{rel}","templated":true}]}}