{"id":1143,"date":"2025-01-26T19:48:05","date_gmt":"2025-01-26T16:48:05","guid":{"rendered":"https:\/\/ticaret.edu.tr\/matematik\/?page_id=1143"},"modified":"2025-10-11T15:56:57","modified_gmt":"2025-10-11T12:56:57","slug":"lisansustu-ogrenci-degisim-programlari-erasmus","status":"publish","type":"page","link":"http:\/\/ticaret.edu.tr\/matematik\/lisansustu-ogrenci-degisim-programlari-erasmus\/","title":{"rendered":"\u00d6\u011frenci De\u011fi\u015fim Programlar\u0131 \/ Erasmus"},"content":{"rendered":"<p><strong>ERASMUS DE\u011e\u0130\u015e\u0130M PROGRAMI<\/strong><\/p>\n<p>Erasmus ile ilgili g\u00fcncel bilgilere a\u015fa\u011f\u0131daki ba\u011flant\u0131lardan ula\u015fabilirsiniz.<\/p>\n<p><strong>Matematik B\u00f6l\u00fcm\u00fc Erasmus Koordinat\u00f6r\u00fc:<\/strong> Dr. \u00d6\u011fretim \u00dcyesi Elif NURAY YILDIRIM<\/p>\n<p><strong>Erasmus Ofisi Web Sitesi:<\/strong> <a href=\"https:\/\/erasmusoffice.ticaret.edu.tr\/\" target=\"_blank\" rel=\"noopener\">erasmusoffice.ticaret.edu.tr<\/a><\/p>\n<p><strong>Dok\u00fcman Listesi:<\/strong> <a href=\"https:\/\/erasmusoffice.ticaret.edu.tr\/\">https:\/\/erasmusoffice.ticaret.edu.tr<\/a><\/p>\n<p><strong>G\u00fcncel Anla\u015fmalar:<\/strong> <a href=\"https:\/\/erasmus.ticaret.edu.tr\/KION.UI.Web.ExchangeProgram\/Public\/AgreementList.aspx?pId=7317\">T\u0131klay\u0131n\u0131z<\/a><\/p>\n<hr \/>\n<p><strong>ORHUN DE\u011e\u0130\u015e\u0130M PROGRAMI<\/strong><\/p>\n<p>Orhun De\u011fi\u015fim Program\u0131 i\u00e7in g\u00fcncel bilgilere a\u015fa\u011f\u0131daki ba\u011flant\u0131dan ula\u015fabilirsiniz.<\/p>\n<p><strong>Matematik B\u00f6l\u00fcm\u00fc Orhun Koordinat\u00f6r\u00fc:<\/strong> Prof. Dr. Abdullah AVEY<\/p>\n<p><strong>Orhun Web Sayfas\u0131:<\/strong>\u00a0<a href=\"https:\/\/orhun.ticaret.edu.tr\/\">https:\/\/orhun.ticaret.edu.tr<\/a><\/p>\n","protected":false},"excerpt":{"rendered":"<p>ERASMUS DE\u011e\u0130\u015e\u0130M PROGRAMI Erasmus ile ilgili g\u00fcncel bilgilere a\u015fa\u011f\u0131daki ba\u011flant\u0131lardan ula\u015fabilirsiniz. Matematik B\u00f6l\u00fcm\u00fc Erasmus Koordinat\u00f6r\u00fc: Dr. \u00d6\u011fretim \u00dcyesi Elif NURAY YILDIRIM Erasmus Ofisi Web Sitesi: erasmusoffice.ticaret.edu.tr Dok\u00fcman Listesi: https:\/\/erasmusoffice.ticaret.edu.tr G\u00fcncel Anla\u015fmalar: T\u0131klay\u0131n\u0131z ORHUN DE\u011e\u0130\u015e\u0130M PROGRAMI Orhun De\u011fi\u015fim Program\u0131 i\u00e7in g\u00fcncel bilgilere a\u015fa\u011f\u0131daki ba\u011flant\u0131dan ula\u015fabilirsiniz. Matematik B\u00f6l\u00fcm\u00fc Orhun Koordinat\u00f6r\u00fc: Prof. Dr. Abdullah AVEY Orhun Web Sayfas\u0131:\u00a0https:\/\/orhun.ticaret.edu.tr<\/p>\n","protected":false},"author":211,"featured_media":0,"parent":0,"menu_order":0,"comment_status":"closed","ping_status":"closed","template":"genel_sayfa.php","meta":{"footnotes":""},"yoast_head":"<!-- This site is optimized with the Yoast SEO Premium plugin v22.1 (Yoast SEO v22.1) - https:\/\/yoast.com\/wordpress\/plugins\/seo\/ -->\n<title>\u00d6\u011frenci De\u011fi\u015fim Programlar\u0131 \/ Erasmus - Matematik<\/title>\n<meta name=\"robots\" content=\"index, follow, max-snippet:-1, max-image-preview:large, max-video-preview:-1\" \/>\n<link rel=\"canonical\" href=\"https:\/\/ticaret.edu.tr\/matematik\/lisansustu-ogrenci-degisim-programlari-erasmus\/\" \/>\n<meta property=\"og:locale\" content=\"tr_TR\" \/>\n<meta property=\"og:type\" content=\"article\" \/>\n<meta property=\"og:title\" content=\"\u00d6\u011frenci De\u011fi\u015fim Programlar\u0131 \/ Erasmus\" \/>\n<meta property=\"og:description\" content=\"ERASMUS DE\u011e\u0130\u015e\u0130M PROGRAMI Erasmus ile ilgili g\u00fcncel bilgilere a\u015fa\u011f\u0131daki ba\u011flant\u0131lardan ula\u015fabilirsiniz. Matematik B\u00f6l\u00fcm\u00fc Erasmus Koordinat\u00f6r\u00fc: Dr. \u00d6\u011fretim \u00dcyesi Elif NURAY YILDIRIM Erasmus Ofisi Web Sitesi: erasmusoffice.ticaret.edu.tr Dok\u00fcman Listesi: https:\/\/erasmusoffice.ticaret.edu.tr G\u00fcncel Anla\u015fmalar: T\u0131klay\u0131n\u0131z ORHUN DE\u011e\u0130\u015e\u0130M PROGRAMI Orhun De\u011fi\u015fim Program\u0131 i\u00e7in g\u00fcncel bilgilere a\u015fa\u011f\u0131daki ba\u011flant\u0131dan ula\u015fabilirsiniz. Matematik B\u00f6l\u00fcm\u00fc Orhun Koordinat\u00f6r\u00fc: Prof. Dr. Abdullah AVEY Orhun Web Sayfas\u0131:\u00a0https:\/\/orhun.ticaret.edu.tr\" \/>\n<meta property=\"og:url\" content=\"https:\/\/ticaret.edu.tr\/matematik\/lisansustu-ogrenci-degisim-programlari-erasmus\/\" \/>\n<meta property=\"og:site_name\" content=\"Matematik\" \/>\n<meta property=\"article:publisher\" content=\"https:\/\/www.facebook.com\/ticaretedutr\" \/>\n<meta property=\"article:modified_time\" content=\"2025-10-11T12:56:57+00:00\" \/>\n<meta property=\"og:image\" content=\"http:\/\/ticaret.edu.tr\/matematik\/wp-content\/uploads\/sites\/29\/2021\/11\/web_logo-01.jpg\" \/>\n\t<meta property=\"og:image:width\" content=\"1250\" \/>\n\t<meta property=\"og:image:height\" content=\"833\" \/>\n\t<meta property=\"og:image:type\" content=\"image\/jpeg\" \/>\n<meta name=\"twitter:card\" content=\"summary_large_image\" \/>\n<meta name=\"twitter:site\" content=\"@ticaretedutr\" \/>\n<meta name=\"twitter:label1\" content=\"Tahmini okuma s\u00fcresi\" \/>\n\t<meta name=\"twitter:data1\" content=\"1 dakika\" \/>\n<script type=\"application\/ld+json\" class=\"yoast-schema-graph\">{\"@context\":\"https:\/\/schema.org\",\"@graph\":[{\"@type\":\"WebPage\",\"@id\":\"https:\/\/ticaret.edu.tr\/matematik\/lisansustu-ogrenci-degisim-programlari-erasmus\/\",\"url\":\"https:\/\/ticaret.edu.tr\/matematik\/lisansustu-ogrenci-degisim-programlari-erasmus\/\",\"name\":\"\u00d6\u011frenci De\u011fi\u015fim Programlar\u0131 \/ Erasmus - Matematik\",\"isPartOf\":{\"@id\":\"https:\/\/ticaret.edu.tr\/matematik\/#website\"},\"datePublished\":\"2025-01-26T16:48:05+00:00\",\"dateModified\":\"2025-10-11T12:56:57+00:00\",\"breadcrumb\":{\"@id\":\"https:\/\/ticaret.edu.tr\/matematik\/lisansustu-ogrenci-degisim-programlari-erasmus\/#breadcrumb\"},\"inLanguage\":\"tr\",\"potentialAction\":[{\"@type\":\"ReadAction\",\"target\":[\"https:\/\/ticaret.edu.tr\/matematik\/lisansustu-ogrenci-degisim-programlari-erasmus\/\"]}]},{\"@type\":\"BreadcrumbList\",\"@id\":\"https:\/\/ticaret.edu.tr\/matematik\/lisansustu-ogrenci-degisim-programlari-erasmus\/#breadcrumb\",\"itemListElement\":[{\"@type\":\"ListItem\",\"position\":1,\"name\":\"Ana sayfa\",\"item\":\"https:\/\/ticaret.edu.tr\/matematik\/\"},{\"@type\":\"ListItem\",\"position\":2,\"name\":\"\u00d6\u011frenci De\u011fi\u015fim Programlar\u0131 \/ Erasmus\"}]},{\"@type\":\"WebSite\",\"@id\":\"https:\/\/ticaret.edu.tr\/matematik\/#website\",\"url\":\"https:\/\/ticaret.edu.tr\/matematik\/\",\"name\":\"Matematik\",\"description\":\"\",\"potentialAction\":[{\"@type\":\"SearchAction\",\"target\":{\"@type\":\"EntryPoint\",\"urlTemplate\":\"https:\/\/ticaret.edu.tr\/matematik\/?s={search_term_string}\"},\"query-input\":\"required name=search_term_string\"}],\"inLanguage\":\"tr\"}]}<\/script>\n<!-- \/ Yoast SEO Premium plugin. -->","yoast_head_json":{"title":"\u00d6\u011frenci De\u011fi\u015fim Programlar\u0131 \/ Erasmus - Matematik","robots":{"index":"index","follow":"follow","max-snippet":"max-snippet:-1","max-image-preview":"max-image-preview:large","max-video-preview":"max-video-preview:-1"},"canonical":"https:\/\/ticaret.edu.tr\/matematik\/lisansustu-ogrenci-degisim-programlari-erasmus\/","og_locale":"tr_TR","og_type":"article","og_title":"\u00d6\u011frenci De\u011fi\u015fim Programlar\u0131 \/ Erasmus","og_description":"ERASMUS DE\u011e\u0130\u015e\u0130M PROGRAMI Erasmus ile ilgili g\u00fcncel bilgilere a\u015fa\u011f\u0131daki ba\u011flant\u0131lardan ula\u015fabilirsiniz. Matematik B\u00f6l\u00fcm\u00fc Erasmus Koordinat\u00f6r\u00fc: Dr. \u00d6\u011fretim \u00dcyesi Elif NURAY YILDIRIM Erasmus Ofisi Web Sitesi: erasmusoffice.ticaret.edu.tr Dok\u00fcman Listesi: https:\/\/erasmusoffice.ticaret.edu.tr G\u00fcncel Anla\u015fmalar: T\u0131klay\u0131n\u0131z ORHUN DE\u011e\u0130\u015e\u0130M PROGRAMI Orhun De\u011fi\u015fim Program\u0131 i\u00e7in g\u00fcncel bilgilere a\u015fa\u011f\u0131daki ba\u011flant\u0131dan ula\u015fabilirsiniz. Matematik B\u00f6l\u00fcm\u00fc Orhun Koordinat\u00f6r\u00fc: Prof. Dr. Abdullah AVEY Orhun Web Sayfas\u0131:\u00a0https:\/\/orhun.ticaret.edu.tr","og_url":"https:\/\/ticaret.edu.tr\/matematik\/lisansustu-ogrenci-degisim-programlari-erasmus\/","og_site_name":"Matematik","article_publisher":"https:\/\/www.facebook.com\/ticaretedutr","article_modified_time":"2025-10-11T12:56:57+00:00","og_image":[{"width":1250,"height":833,"url":"http:\/\/ticaret.edu.tr\/matematik\/wp-content\/uploads\/sites\/29\/2021\/11\/web_logo-01.jpg","type":"image\/jpeg"}],"twitter_card":"summary_large_image","twitter_site":"@ticaretedutr","twitter_misc":{"Tahmini okuma s\u00fcresi":"1 dakika"},"schema":{"@context":"https:\/\/schema.org","@graph":[{"@type":"WebPage","@id":"https:\/\/ticaret.edu.tr\/matematik\/lisansustu-ogrenci-degisim-programlari-erasmus\/","url":"https:\/\/ticaret.edu.tr\/matematik\/lisansustu-ogrenci-degisim-programlari-erasmus\/","name":"\u00d6\u011frenci De\u011fi\u015fim Programlar\u0131 \/ Erasmus - Matematik","isPartOf":{"@id":"https:\/\/ticaret.edu.tr\/matematik\/#website"},"datePublished":"2025-01-26T16:48:05+00:00","dateModified":"2025-10-11T12:56:57+00:00","breadcrumb":{"@id":"https:\/\/ticaret.edu.tr\/matematik\/lisansustu-ogrenci-degisim-programlari-erasmus\/#breadcrumb"},"inLanguage":"tr","potentialAction":[{"@type":"ReadAction","target":["https:\/\/ticaret.edu.tr\/matematik\/lisansustu-ogrenci-degisim-programlari-erasmus\/"]}]},{"@type":"BreadcrumbList","@id":"https:\/\/ticaret.edu.tr\/matematik\/lisansustu-ogrenci-degisim-programlari-erasmus\/#breadcrumb","itemListElement":[{"@type":"ListItem","position":1,"name":"Ana sayfa","item":"https:\/\/ticaret.edu.tr\/matematik\/"},{"@type":"ListItem","position":2,"name":"\u00d6\u011frenci De\u011fi\u015fim Programlar\u0131 \/ Erasmus"}]},{"@type":"WebSite","@id":"https:\/\/ticaret.edu.tr\/matematik\/#website","url":"https:\/\/ticaret.edu.tr\/matematik\/","name":"Matematik","description":"","potentialAction":[{"@type":"SearchAction","target":{"@type":"EntryPoint","urlTemplate":"https:\/\/ticaret.edu.tr\/matematik\/?s={search_term_string}"},"query-input":"required name=search_term_string"}],"inLanguage":"tr"}]}},"lang":"tr","translations":{"en":1145,"tr":1143},"pll_sync_post":[],"_links":{"self":[{"href":"http:\/\/ticaret.edu.tr\/matematik\/wp-json\/wp\/v2\/pages\/1143"}],"collection":[{"href":"http:\/\/ticaret.edu.tr\/matematik\/wp-json\/wp\/v2\/pages"}],"about":[{"href":"http:\/\/ticaret.edu.tr\/matematik\/wp-json\/wp\/v2\/types\/page"}],"author":[{"embeddable":true,"href":"http:\/\/ticaret.edu.tr\/matematik\/wp-json\/wp\/v2\/users\/211"}],"replies":[{"embeddable":true,"href":"http:\/\/ticaret.edu.tr\/matematik\/wp-json\/wp\/v2\/comments?post=1143"}],"version-history":[{"count":9,"href":"http:\/\/ticaret.edu.tr\/matematik\/wp-json\/wp\/v2\/pages\/1143\/revisions"}],"predecessor-version":[{"id":1846,"href":"http:\/\/ticaret.edu.tr\/matematik\/wp-json\/wp\/v2\/pages\/1143\/revisions\/1846"}],"wp:attachment":[{"href":"http:\/\/ticaret.edu.tr\/matematik\/wp-json\/wp\/v2\/media?parent=1143"}],"curies":[{"name":"wp","href":"https:\/\/api.w.org\/{rel}","templated":true}]}}