{"id":1195,"date":"2025-01-26T20:24:23","date_gmt":"2025-01-26T17:24:23","guid":{"rendered":"https:\/\/ticaret.edu.tr\/matematik\/?page_id=1195"},"modified":"2025-12-22T11:14:55","modified_gmt":"2025-12-22T08:14:55","slug":"undergraduate-student-exchange-programs-erasmus","status":"publish","type":"page","link":"http:\/\/ticaret.edu.tr\/matematik\/en\/undergraduate-student-exchange-programs-erasmus\/","title":{"rendered":"Student Exchange Programs \/ Erasmus"},"content":{"rendered":"<h2>ERASMUS EXCHANGE PROGRAM<\/h2>\n<p>You can access the latest information about Erasmus through the links below.<\/p>\n<p><strong>Erasmus Department Coordinator:<\/strong><br \/>\nDr. Instructor (Dr. \u00d6\u011fretim \u00dcyesi) <strong>Elif NURAY YILDIRIM<\/strong><\/p>\n<p><strong>Erasmus Office Website:<\/strong> erasmusoffice.ticaret.edu.tr<\/p>\n<p><strong>Document List:<\/strong> <a href=\"https:\/\/erasmusoffice.ticaret.edu.tr\/\">https:\/\/erasmusoffice.ticaret.edu.tr<\/a><\/p>\n<p><strong>Current Agreements:<\/strong> Click here<\/p>\n<h3>Erasmus+<\/h3>\n<p>Undergraduate Mathematics Program (Turkish)<\/p>\n<p><strong>Poland<\/strong><\/p>\n<p><strong>UNIWERSYTET \u0141\u00d3DZKI<\/strong><br \/>\nCode: PL LODZ01<br \/>\nAgreement Period: <strong>2014\u20132029<\/strong><br \/>\nLanguage Requirement: <strong>EN or PL or TR<\/strong><br \/>\nApplicable to: <strong>All<\/strong><br \/>\nLanguage Level: <strong>B2, C1, C2<\/strong><\/p>\n<hr \/>\n<h2>ORHUN EXCHANGE PROGRAM<\/h2>\n<p>For up-to-date information on the Orhun Exchange Program, you can access the link below.<\/p>\n<p><strong>Mathematics Department Orhun Coordinator:<\/strong><br \/>\nProf. Dr. <strong>Abdullah AVEY<\/strong><\/p>\n<p><strong>Orhun Website:<\/strong> <a href=\"https:\/\/orhun.ticaret.edu.tr\/\">https:\/\/orhun.ticaret.edu.tr<\/a><\/p>\n<p>Partners: <a href=\"https:\/\/orhun.ticaret.edu.tr\/partnerlerimiz\/\">https:\/\/orhun.ticaret.edu.tr\/partnerlerimiz\/<\/a><\/p>\n<p>&nbsp;<\/p>\n","protected":false},"excerpt":{"rendered":"<p>ERASMUS EXCHANGE PROGRAM You can access the latest information about Erasmus through the links below. Erasmus Department Coordinator: Dr. Instructor (Dr. \u00d6\u011fretim \u00dcyesi) Elif NURAY YILDIRIM Erasmus Office Website: erasmusoffice.ticaret.edu.tr Document List: https:\/\/erasmusoffice.ticaret.edu.tr Current Agreements: Click here Erasmus+ Undergraduate Mathematics Program (Turkish) Poland UNIWERSYTET \u0141\u00d3DZKI Code: PL LODZ01 Agreement Period: 2014\u20132029 Language Requirement: EN or [&hellip;]<\/p>\n","protected":false},"author":211,"featured_media":0,"parent":0,"menu_order":0,"comment_status":"closed","ping_status":"closed","template":"genel_sayfa.php","meta":{"footnotes":""},"yoast_head":"<!-- This site is optimized with the Yoast SEO Premium plugin v22.1 (Yoast SEO v22.1) - https:\/\/yoast.com\/wordpress\/plugins\/seo\/ -->\n<title>Student Exchange Programs \/ Erasmus - Matematik<\/title>\n<meta name=\"robots\" content=\"index, follow, max-snippet:-1, max-image-preview:large, max-video-preview:-1\" \/>\n<link rel=\"canonical\" href=\"https:\/\/ticaret.edu.tr\/matematik\/en\/undergraduate-student-exchange-programs-erasmus\/\" \/>\n<meta property=\"og:locale\" content=\"tr_TR\" \/>\n<meta property=\"og:type\" content=\"article\" \/>\n<meta property=\"og:title\" content=\"Student Exchange Programs \/ Erasmus\" \/>\n<meta property=\"og:description\" content=\"ERASMUS EXCHANGE PROGRAM You can access the latest information about Erasmus through the links below. Erasmus Department Coordinator: Dr. Instructor (Dr. \u00d6\u011fretim \u00dcyesi) Elif NURAY YILDIRIM Erasmus Office Website: erasmusoffice.ticaret.edu.tr Document List: https:\/\/erasmusoffice.ticaret.edu.tr Current Agreements: Click here Erasmus+ Undergraduate Mathematics Program (Turkish) Poland UNIWERSYTET \u0141\u00d3DZKI Code: PL LODZ01 Agreement Period: 2014\u20132029 Language Requirement: EN or [&hellip;]\" \/>\n<meta property=\"og:url\" content=\"https:\/\/ticaret.edu.tr\/matematik\/en\/undergraduate-student-exchange-programs-erasmus\/\" \/>\n<meta property=\"og:site_name\" content=\"Matematik\" \/>\n<meta property=\"article:publisher\" content=\"https:\/\/www.facebook.com\/ticaretedutr\" \/>\n<meta property=\"article:modified_time\" content=\"2025-12-22T08:14:55+00:00\" \/>\n<meta property=\"og:image\" content=\"http:\/\/ticaret.edu.tr\/matematik\/wp-content\/uploads\/sites\/29\/2021\/11\/web_logo-01.jpg\" \/>\n\t<meta property=\"og:image:width\" content=\"1250\" \/>\n\t<meta property=\"og:image:height\" content=\"833\" \/>\n\t<meta property=\"og:image:type\" content=\"image\/jpeg\" \/>\n<meta name=\"twitter:card\" content=\"summary_large_image\" \/>\n<meta name=\"twitter:site\" content=\"@ticaretedutr\" \/>\n<meta name=\"twitter:label1\" content=\"Tahmini okuma s\u00fcresi\" \/>\n\t<meta name=\"twitter:data1\" content=\"1 dakika\" \/>\n<script type=\"application\/ld+json\" class=\"yoast-schema-graph\">{\"@context\":\"https:\/\/schema.org\",\"@graph\":[{\"@type\":\"WebPage\",\"@id\":\"https:\/\/ticaret.edu.tr\/matematik\/en\/undergraduate-student-exchange-programs-erasmus\/\",\"url\":\"https:\/\/ticaret.edu.tr\/matematik\/en\/undergraduate-student-exchange-programs-erasmus\/\",\"name\":\"Student Exchange Programs \/ Erasmus - Matematik\",\"isPartOf\":{\"@id\":\"https:\/\/ticaret.edu.tr\/matematik\/#website\"},\"datePublished\":\"2025-01-26T17:24:23+00:00\",\"dateModified\":\"2025-12-22T08:14:55+00:00\",\"breadcrumb\":{\"@id\":\"https:\/\/ticaret.edu.tr\/matematik\/en\/undergraduate-student-exchange-programs-erasmus\/#breadcrumb\"},\"inLanguage\":\"tr\",\"potentialAction\":[{\"@type\":\"ReadAction\",\"target\":[\"https:\/\/ticaret.edu.tr\/matematik\/en\/undergraduate-student-exchange-programs-erasmus\/\"]}]},{\"@type\":\"BreadcrumbList\",\"@id\":\"https:\/\/ticaret.edu.tr\/matematik\/en\/undergraduate-student-exchange-programs-erasmus\/#breadcrumb\",\"itemListElement\":[{\"@type\":\"ListItem\",\"position\":1,\"name\":\"Ana sayfa\",\"item\":\"https:\/\/ticaret.edu.tr\/matematik\/\"},{\"@type\":\"ListItem\",\"position\":2,\"name\":\"Student Exchange Programs \/ Erasmus\"}]},{\"@type\":\"WebSite\",\"@id\":\"https:\/\/ticaret.edu.tr\/matematik\/#website\",\"url\":\"https:\/\/ticaret.edu.tr\/matematik\/\",\"name\":\"Matematik\",\"description\":\"\",\"potentialAction\":[{\"@type\":\"SearchAction\",\"target\":{\"@type\":\"EntryPoint\",\"urlTemplate\":\"https:\/\/ticaret.edu.tr\/matematik\/?s={search_term_string}\"},\"query-input\":\"required name=search_term_string\"}],\"inLanguage\":\"tr\"}]}<\/script>\n<!-- \/ Yoast SEO Premium plugin. -->","yoast_head_json":{"title":"Student Exchange Programs \/ Erasmus - Matematik","robots":{"index":"index","follow":"follow","max-snippet":"max-snippet:-1","max-image-preview":"max-image-preview:large","max-video-preview":"max-video-preview:-1"},"canonical":"https:\/\/ticaret.edu.tr\/matematik\/en\/undergraduate-student-exchange-programs-erasmus\/","og_locale":"tr_TR","og_type":"article","og_title":"Student Exchange Programs \/ Erasmus","og_description":"ERASMUS EXCHANGE PROGRAM You can access the latest information about Erasmus through the links below. Erasmus Department Coordinator: Dr. Instructor (Dr. \u00d6\u011fretim \u00dcyesi) Elif NURAY YILDIRIM Erasmus Office Website: erasmusoffice.ticaret.edu.tr Document List: https:\/\/erasmusoffice.ticaret.edu.tr Current Agreements: Click here Erasmus+ Undergraduate Mathematics Program (Turkish) Poland UNIWERSYTET \u0141\u00d3DZKI Code: PL LODZ01 Agreement Period: 2014\u20132029 Language Requirement: EN or [&hellip;]","og_url":"https:\/\/ticaret.edu.tr\/matematik\/en\/undergraduate-student-exchange-programs-erasmus\/","og_site_name":"Matematik","article_publisher":"https:\/\/www.facebook.com\/ticaretedutr","article_modified_time":"2025-12-22T08:14:55+00:00","og_image":[{"width":1250,"height":833,"url":"http:\/\/ticaret.edu.tr\/matematik\/wp-content\/uploads\/sites\/29\/2021\/11\/web_logo-01.jpg","type":"image\/jpeg"}],"twitter_card":"summary_large_image","twitter_site":"@ticaretedutr","twitter_misc":{"Tahmini okuma s\u00fcresi":"1 dakika"},"schema":{"@context":"https:\/\/schema.org","@graph":[{"@type":"WebPage","@id":"https:\/\/ticaret.edu.tr\/matematik\/en\/undergraduate-student-exchange-programs-erasmus\/","url":"https:\/\/ticaret.edu.tr\/matematik\/en\/undergraduate-student-exchange-programs-erasmus\/","name":"Student Exchange Programs \/ Erasmus - Matematik","isPartOf":{"@id":"https:\/\/ticaret.edu.tr\/matematik\/#website"},"datePublished":"2025-01-26T17:24:23+00:00","dateModified":"2025-12-22T08:14:55+00:00","breadcrumb":{"@id":"https:\/\/ticaret.edu.tr\/matematik\/en\/undergraduate-student-exchange-programs-erasmus\/#breadcrumb"},"inLanguage":"tr","potentialAction":[{"@type":"ReadAction","target":["https:\/\/ticaret.edu.tr\/matematik\/en\/undergraduate-student-exchange-programs-erasmus\/"]}]},{"@type":"BreadcrumbList","@id":"https:\/\/ticaret.edu.tr\/matematik\/en\/undergraduate-student-exchange-programs-erasmus\/#breadcrumb","itemListElement":[{"@type":"ListItem","position":1,"name":"Ana sayfa","item":"https:\/\/ticaret.edu.tr\/matematik\/"},{"@type":"ListItem","position":2,"name":"Student Exchange Programs \/ Erasmus"}]},{"@type":"WebSite","@id":"https:\/\/ticaret.edu.tr\/matematik\/#website","url":"https:\/\/ticaret.edu.tr\/matematik\/","name":"Matematik","description":"","potentialAction":[{"@type":"SearchAction","target":{"@type":"EntryPoint","urlTemplate":"https:\/\/ticaret.edu.tr\/matematik\/?s={search_term_string}"},"query-input":"required name=search_term_string"}],"inLanguage":"tr"}]}},"lang":"en","translations":{"en":1195,"tr":1193},"pll_sync_post":[],"_links":{"self":[{"href":"http:\/\/ticaret.edu.tr\/matematik\/wp-json\/wp\/v2\/pages\/1195"}],"collection":[{"href":"http:\/\/ticaret.edu.tr\/matematik\/wp-json\/wp\/v2\/pages"}],"about":[{"href":"http:\/\/ticaret.edu.tr\/matematik\/wp-json\/wp\/v2\/types\/page"}],"author":[{"embeddable":true,"href":"http:\/\/ticaret.edu.tr\/matematik\/wp-json\/wp\/v2\/users\/211"}],"replies":[{"embeddable":true,"href":"http:\/\/ticaret.edu.tr\/matematik\/wp-json\/wp\/v2\/comments?post=1195"}],"version-history":[{"count":4,"href":"http:\/\/ticaret.edu.tr\/matematik\/wp-json\/wp\/v2\/pages\/1195\/revisions"}],"predecessor-version":[{"id":2027,"href":"http:\/\/ticaret.edu.tr\/matematik\/wp-json\/wp\/v2\/pages\/1195\/revisions\/2027"}],"wp:attachment":[{"href":"http:\/\/ticaret.edu.tr\/matematik\/wp-json\/wp\/v2\/media?parent=1195"}],"curies":[{"name":"wp","href":"https:\/\/api.w.org\/{rel}","templated":true}]}}