{"id":1209,"date":"2025-01-26T20:26:21","date_gmt":"2025-01-26T17:26:21","guid":{"rendered":"https:\/\/ticaret.edu.tr\/matematik\/?page_id=1209"},"modified":"2025-10-11T14:11:18","modified_gmt":"2025-10-11T11:11:18","slug":"laboratuvarlar","status":"publish","type":"page","link":"http:\/\/ticaret.edu.tr\/matematik\/laboratuvarlar\/","title":{"rendered":"Laboratuvarlar"},"content":{"rendered":"<h3 data-start=\"155\" data-end=\"228\"><strong data-start=\"159\" data-end=\"228\">Matematik B\u00f6l\u00fcm\u00fc Bilgisayar Laboratuvarlar\u0131 ve Donan\u0131m Olanaklar\u0131<\/strong><\/h3>\n<p data-start=\"230\" data-end=\"498\">\u0130stanbul Ticaret \u00dcniversitesi S\u00fctl\u00fcce S\u00e2d\u00e2b\u00e2d Kamp\u00fcs\u00fc\u2019nde, Matematik B\u00f6l\u00fcm\u00fc \u00f6\u011frencilerinin faydalanabilece\u011fi <strong data-start=\"339\" data-end=\"373\">3 adet bilgisayar laboratuvar\u0131<\/strong> bulunmaktad\u0131r. Bu laboratuvarlar, hem derslerde hem de proje ve ara\u015ft\u0131rmalarda aktif olarak kullan\u0131lmak \u00fczere donat\u0131lm\u0131\u015ft\u0131r.<\/p>\n<p data-start=\"500\" data-end=\"517\">Laboratuvarlarda:<\/p>\n<ul data-start=\"519\" data-end=\"880\">\n<li data-start=\"519\" data-end=\"569\">\n<p data-start=\"521\" data-end=\"569\">\ud83d\udcbb <strong data-start=\"524\" data-end=\"566\">G\u00fcncel teknolojiye sahip bilgisayarlar<\/strong>,<\/p>\n<\/li>\n<li data-start=\"570\" data-end=\"641\">\n<p data-start=\"572\" data-end=\"641\">\ud83d\udcca <strong data-start=\"575\" data-end=\"614\">SPSS, SAS, R, Python, MATLAB ve SQL<\/strong> gibi analiz yaz\u0131l\u0131mlar\u0131,<\/p>\n<\/li>\n<li data-start=\"642\" data-end=\"723\">\n<p data-start=\"644\" data-end=\"723\">\ud83d\udce1 <strong data-start=\"647\" data-end=\"683\">Y\u00fcksek h\u0131zl\u0131 internet ba\u011flant\u0131s\u0131<\/strong> ve <strong data-start=\"687\" data-end=\"720\">bulut tabanl\u0131 analiz ara\u00e7lar\u0131<\/strong>,<\/p>\n<\/li>\n<li data-start=\"724\" data-end=\"800\">\n<p data-start=\"726\" data-end=\"800\">\ud83d\udcd1 <strong data-start=\"729\" data-end=\"797\">Akademik ara\u015ft\u0131rmalar ve projeler i\u00e7in veri setleri ve kaynaklar<\/strong>,<\/p>\n<\/li>\n<li data-start=\"801\" data-end=\"880\">\n<p data-start=\"803\" data-end=\"880\">\ud83c\udf93 <strong data-start=\"806\" data-end=\"828\">Uygulamal\u0131 dersler<\/strong> ve <strong data-start=\"832\" data-end=\"865\">interaktif at\u00f6lye \u00e7al\u0131\u015fmalar\u0131<\/strong><\/p>\n<\/li>\n<\/ul>\n<p data-start=\"803\" data-end=\"880\">bulunmaktad\u0131r. Bu olanaklar sayesinde \u00f6\u011frenciler, teorik bilgilerini uygulamaya d\u00f6kme, veri analizi yapma ve yaz\u0131l\u0131m becerilerini geli\u015ftirme f\u0131rsat\u0131 bulurlar.<\/p>\n<p data-start=\"1027\" data-end=\"1175\">Matematik B\u00f6l\u00fcm\u00fc, teknolojik altyap\u0131s\u0131yla \u00f6\u011frencilerine analitik d\u00fc\u015f\u00fcnme, problem \u00e7\u00f6zme ve ara\u015ft\u0131rma yapma konular\u0131nda g\u00fc\u00e7l\u00fc bir destek sunmaktad\u0131r.<\/p>\n","protected":false},"excerpt":{"rendered":"<p>Matematik B\u00f6l\u00fcm\u00fc Bilgisayar Laboratuvarlar\u0131 ve Donan\u0131m Olanaklar\u0131 \u0130stanbul Ticaret \u00dcniversitesi S\u00fctl\u00fcce S\u00e2d\u00e2b\u00e2d Kamp\u00fcs\u00fc\u2019nde, Matematik B\u00f6l\u00fcm\u00fc \u00f6\u011frencilerinin faydalanabilece\u011fi 3 adet bilgisayar laboratuvar\u0131 bulunmaktad\u0131r. Bu laboratuvarlar, hem derslerde hem de proje ve ara\u015ft\u0131rmalarda aktif olarak kullan\u0131lmak \u00fczere donat\u0131lm\u0131\u015ft\u0131r. Laboratuvarlarda: \ud83d\udcbb G\u00fcncel teknolojiye sahip bilgisayarlar, \ud83d\udcca SPSS, SAS, R, Python, MATLAB ve SQL gibi analiz yaz\u0131l\u0131mlar\u0131, \ud83d\udce1 Y\u00fcksek [&hellip;]<\/p>\n","protected":false},"author":211,"featured_media":0,"parent":0,"menu_order":0,"comment_status":"closed","ping_status":"closed","template":"genel_sayfa.php","meta":{"footnotes":""},"yoast_head":"<!-- This site is optimized with the Yoast SEO Premium plugin v22.1 (Yoast SEO v22.1) - https:\/\/yoast.com\/wordpress\/plugins\/seo\/ -->\n<title>Laboratuvarlar - Matematik<\/title>\n<meta name=\"robots\" content=\"index, follow, max-snippet:-1, max-image-preview:large, max-video-preview:-1\" \/>\n<link rel=\"canonical\" href=\"https:\/\/ticaret.edu.tr\/matematik\/laboratuvarlar\/\" \/>\n<meta property=\"og:locale\" content=\"tr_TR\" \/>\n<meta property=\"og:type\" content=\"article\" \/>\n<meta property=\"og:title\" content=\"Laboratuvarlar\" \/>\n<meta property=\"og:description\" content=\"Matematik B\u00f6l\u00fcm\u00fc Bilgisayar Laboratuvarlar\u0131 ve Donan\u0131m Olanaklar\u0131 \u0130stanbul Ticaret \u00dcniversitesi S\u00fctl\u00fcce S\u00e2d\u00e2b\u00e2d Kamp\u00fcs\u00fc\u2019nde, Matematik B\u00f6l\u00fcm\u00fc \u00f6\u011frencilerinin faydalanabilece\u011fi 3 adet bilgisayar laboratuvar\u0131 bulunmaktad\u0131r. Bu laboratuvarlar, hem derslerde hem de proje ve ara\u015ft\u0131rmalarda aktif olarak kullan\u0131lmak \u00fczere donat\u0131lm\u0131\u015ft\u0131r. Laboratuvarlarda: \ud83d\udcbb G\u00fcncel teknolojiye sahip bilgisayarlar, \ud83d\udcca SPSS, SAS, R, Python, MATLAB ve SQL gibi analiz yaz\u0131l\u0131mlar\u0131, \ud83d\udce1 Y\u00fcksek [&hellip;]\" \/>\n<meta property=\"og:url\" content=\"https:\/\/ticaret.edu.tr\/matematik\/laboratuvarlar\/\" \/>\n<meta property=\"og:site_name\" content=\"Matematik\" \/>\n<meta property=\"article:publisher\" content=\"https:\/\/www.facebook.com\/ticaretedutr\" \/>\n<meta property=\"article:modified_time\" content=\"2025-10-11T11:11:18+00:00\" \/>\n<meta property=\"og:image\" content=\"http:\/\/ticaret.edu.tr\/matematik\/wp-content\/uploads\/sites\/29\/2021\/11\/web_logo-01.jpg\" \/>\n\t<meta property=\"og:image:width\" content=\"1250\" \/>\n\t<meta property=\"og:image:height\" content=\"833\" \/>\n\t<meta property=\"og:image:type\" content=\"image\/jpeg\" \/>\n<meta name=\"twitter:card\" content=\"summary_large_image\" \/>\n<meta name=\"twitter:site\" content=\"@ticaretedutr\" \/>\n<meta name=\"twitter:label1\" content=\"Tahmini okuma s\u00fcresi\" \/>\n\t<meta name=\"twitter:data1\" content=\"1 dakika\" \/>\n<script type=\"application\/ld+json\" class=\"yoast-schema-graph\">{\"@context\":\"https:\/\/schema.org\",\"@graph\":[{\"@type\":\"WebPage\",\"@id\":\"https:\/\/ticaret.edu.tr\/matematik\/laboratuvarlar\/\",\"url\":\"https:\/\/ticaret.edu.tr\/matematik\/laboratuvarlar\/\",\"name\":\"Laboratuvarlar - Matematik\",\"isPartOf\":{\"@id\":\"https:\/\/ticaret.edu.tr\/matematik\/#website\"},\"datePublished\":\"2025-01-26T17:26:21+00:00\",\"dateModified\":\"2025-10-11T11:11:18+00:00\",\"breadcrumb\":{\"@id\":\"https:\/\/ticaret.edu.tr\/matematik\/laboratuvarlar\/#breadcrumb\"},\"inLanguage\":\"tr\",\"potentialAction\":[{\"@type\":\"ReadAction\",\"target\":[\"https:\/\/ticaret.edu.tr\/matematik\/laboratuvarlar\/\"]}]},{\"@type\":\"BreadcrumbList\",\"@id\":\"https:\/\/ticaret.edu.tr\/matematik\/laboratuvarlar\/#breadcrumb\",\"itemListElement\":[{\"@type\":\"ListItem\",\"position\":1,\"name\":\"Ana sayfa\",\"item\":\"https:\/\/ticaret.edu.tr\/matematik\/\"},{\"@type\":\"ListItem\",\"position\":2,\"name\":\"Laboratuvarlar\"}]},{\"@type\":\"WebSite\",\"@id\":\"https:\/\/ticaret.edu.tr\/matematik\/#website\",\"url\":\"https:\/\/ticaret.edu.tr\/matematik\/\",\"name\":\"Matematik\",\"description\":\"\",\"potentialAction\":[{\"@type\":\"SearchAction\",\"target\":{\"@type\":\"EntryPoint\",\"urlTemplate\":\"https:\/\/ticaret.edu.tr\/matematik\/?s={search_term_string}\"},\"query-input\":\"required name=search_term_string\"}],\"inLanguage\":\"tr\"}]}<\/script>\n<!-- \/ Yoast SEO Premium plugin. -->","yoast_head_json":{"title":"Laboratuvarlar - Matematik","robots":{"index":"index","follow":"follow","max-snippet":"max-snippet:-1","max-image-preview":"max-image-preview:large","max-video-preview":"max-video-preview:-1"},"canonical":"https:\/\/ticaret.edu.tr\/matematik\/laboratuvarlar\/","og_locale":"tr_TR","og_type":"article","og_title":"Laboratuvarlar","og_description":"Matematik B\u00f6l\u00fcm\u00fc Bilgisayar Laboratuvarlar\u0131 ve Donan\u0131m Olanaklar\u0131 \u0130stanbul Ticaret \u00dcniversitesi S\u00fctl\u00fcce S\u00e2d\u00e2b\u00e2d Kamp\u00fcs\u00fc\u2019nde, Matematik B\u00f6l\u00fcm\u00fc \u00f6\u011frencilerinin faydalanabilece\u011fi 3 adet bilgisayar laboratuvar\u0131 bulunmaktad\u0131r. Bu laboratuvarlar, hem derslerde hem de proje ve ara\u015ft\u0131rmalarda aktif olarak kullan\u0131lmak \u00fczere donat\u0131lm\u0131\u015ft\u0131r. Laboratuvarlarda: \ud83d\udcbb G\u00fcncel teknolojiye sahip bilgisayarlar, \ud83d\udcca SPSS, SAS, R, Python, MATLAB ve SQL gibi analiz yaz\u0131l\u0131mlar\u0131, \ud83d\udce1 Y\u00fcksek [&hellip;]","og_url":"https:\/\/ticaret.edu.tr\/matematik\/laboratuvarlar\/","og_site_name":"Matematik","article_publisher":"https:\/\/www.facebook.com\/ticaretedutr","article_modified_time":"2025-10-11T11:11:18+00:00","og_image":[{"width":1250,"height":833,"url":"http:\/\/ticaret.edu.tr\/matematik\/wp-content\/uploads\/sites\/29\/2021\/11\/web_logo-01.jpg","type":"image\/jpeg"}],"twitter_card":"summary_large_image","twitter_site":"@ticaretedutr","twitter_misc":{"Tahmini okuma s\u00fcresi":"1 dakika"},"schema":{"@context":"https:\/\/schema.org","@graph":[{"@type":"WebPage","@id":"https:\/\/ticaret.edu.tr\/matematik\/laboratuvarlar\/","url":"https:\/\/ticaret.edu.tr\/matematik\/laboratuvarlar\/","name":"Laboratuvarlar - Matematik","isPartOf":{"@id":"https:\/\/ticaret.edu.tr\/matematik\/#website"},"datePublished":"2025-01-26T17:26:21+00:00","dateModified":"2025-10-11T11:11:18+00:00","breadcrumb":{"@id":"https:\/\/ticaret.edu.tr\/matematik\/laboratuvarlar\/#breadcrumb"},"inLanguage":"tr","potentialAction":[{"@type":"ReadAction","target":["https:\/\/ticaret.edu.tr\/matematik\/laboratuvarlar\/"]}]},{"@type":"BreadcrumbList","@id":"https:\/\/ticaret.edu.tr\/matematik\/laboratuvarlar\/#breadcrumb","itemListElement":[{"@type":"ListItem","position":1,"name":"Ana sayfa","item":"https:\/\/ticaret.edu.tr\/matematik\/"},{"@type":"ListItem","position":2,"name":"Laboratuvarlar"}]},{"@type":"WebSite","@id":"https:\/\/ticaret.edu.tr\/matematik\/#website","url":"https:\/\/ticaret.edu.tr\/matematik\/","name":"Matematik","description":"","potentialAction":[{"@type":"SearchAction","target":{"@type":"EntryPoint","urlTemplate":"https:\/\/ticaret.edu.tr\/matematik\/?s={search_term_string}"},"query-input":"required name=search_term_string"}],"inLanguage":"tr"}]}},"lang":"tr","translations":{"en":1211,"tr":1209},"pll_sync_post":[],"_links":{"self":[{"href":"http:\/\/ticaret.edu.tr\/matematik\/wp-json\/wp\/v2\/pages\/1209"}],"collection":[{"href":"http:\/\/ticaret.edu.tr\/matematik\/wp-json\/wp\/v2\/pages"}],"about":[{"href":"http:\/\/ticaret.edu.tr\/matematik\/wp-json\/wp\/v2\/types\/page"}],"author":[{"embeddable":true,"href":"http:\/\/ticaret.edu.tr\/matematik\/wp-json\/wp\/v2\/users\/211"}],"replies":[{"embeddable":true,"href":"http:\/\/ticaret.edu.tr\/matematik\/wp-json\/wp\/v2\/comments?post=1209"}],"version-history":[{"count":4,"href":"http:\/\/ticaret.edu.tr\/matematik\/wp-json\/wp\/v2\/pages\/1209\/revisions"}],"predecessor-version":[{"id":1815,"href":"http:\/\/ticaret.edu.tr\/matematik\/wp-json\/wp\/v2\/pages\/1209\/revisions\/1815"}],"wp:attachment":[{"href":"http:\/\/ticaret.edu.tr\/matematik\/wp-json\/wp\/v2\/media?parent=1209"}],"curies":[{"name":"wp","href":"https:\/\/api.w.org\/{rel}","templated":true}]}}