{"id":1211,"date":"2025-01-26T20:26:39","date_gmt":"2025-01-26T17:26:39","guid":{"rendered":"https:\/\/ticaret.edu.tr\/matematik\/?page_id=1211"},"modified":"2025-12-23T13:41:10","modified_gmt":"2025-12-23T10:41:10","slug":"laboratories","status":"publish","type":"page","link":"http:\/\/ticaret.edu.tr\/matematik\/en\/laboratories\/","title":{"rendered":"Laboratories"},"content":{"rendered":"<p data-start=\"0\" data-end=\"82\"><strong data-start=\"0\" data-end=\"82\">Computer Laboratories and Hardware Facilities of the Department of Mathematics<\/strong><\/p>\n<p data-start=\"84\" data-end=\"347\">At Istanbul Commerce University S\u00fctl\u00fcce S\u00e2d\u00e2b\u00e2d Campus, there are <strong data-start=\"150\" data-end=\"181\">three computer laboratories<\/strong> available for the use of students of the Department of Mathematics. These laboratories are equipped to be actively used both in courses and in projects and research.<\/p>\n<p data-start=\"349\" data-end=\"374\">The laboratories include:<\/p>\n<p data-start=\"376\" data-end=\"677\">\ud83d\udcbb Computers with up-to-date technology,<br data-start=\"416\" data-end=\"419\" \/>\ud83d\udcca Analysis software such as SPSS, SAS, R, Python, MATLAB, and SQL,<br data-start=\"486\" data-end=\"489\" \/>\ud83d\udce1 High-speed internet connection and cloud-based analysis tools,<br data-start=\"554\" data-end=\"557\" \/>\ud83d\udcd1 Data sets and resources for academic research and projects,<br data-start=\"619\" data-end=\"622\" data-is-only-node=\"\" \/>\ud83c\udf93 Applied courses and interactive workshop activities.<\/p>\n<p data-start=\"679\" data-end=\"844\">Thanks to these facilities, students have the opportunity to put their theoretical knowledge into practice, perform data analysis, and improve their software skills.<\/p>\n<p data-start=\"846\" data-end=\"1020\" data-is-last-node=\"\" data-is-only-node=\"\">With its technological infrastructure, the Department of Mathematics provides strong support to its students in analytical thinking, problem solving, and conducting research.<\/p>\n","protected":false},"excerpt":{"rendered":"<p>Computer Laboratories and Hardware Facilities of the Department of Mathematics At Istanbul Commerce University S\u00fctl\u00fcce S\u00e2d\u00e2b\u00e2d Campus, there are three computer laboratories available for the use of students of the Department of Mathematics. These laboratories are equipped to be actively used both in courses and in projects and research. The laboratories include: \ud83d\udcbb Computers with [&hellip;]<\/p>\n","protected":false},"author":211,"featured_media":0,"parent":0,"menu_order":0,"comment_status":"closed","ping_status":"closed","template":"genel_sayfa.php","meta":{"footnotes":""},"yoast_head":"<!-- This site is optimized with the Yoast SEO Premium plugin v22.1 (Yoast SEO v22.1) - https:\/\/yoast.com\/wordpress\/plugins\/seo\/ -->\n<title>Laboratories - Matematik<\/title>\n<meta name=\"robots\" content=\"index, follow, max-snippet:-1, max-image-preview:large, max-video-preview:-1\" \/>\n<link rel=\"canonical\" href=\"https:\/\/ticaret.edu.tr\/matematik\/en\/laboratories\/\" \/>\n<meta property=\"og:locale\" content=\"tr_TR\" \/>\n<meta property=\"og:type\" content=\"article\" \/>\n<meta property=\"og:title\" content=\"Laboratories\" \/>\n<meta property=\"og:description\" content=\"Computer Laboratories and Hardware Facilities of the Department of Mathematics At Istanbul Commerce University S\u00fctl\u00fcce S\u00e2d\u00e2b\u00e2d Campus, there are three computer laboratories available for the use of students of the Department of Mathematics. These laboratories are equipped to be actively used both in courses and in projects and research. The laboratories include: \ud83d\udcbb Computers with [&hellip;]\" \/>\n<meta property=\"og:url\" content=\"https:\/\/ticaret.edu.tr\/matematik\/en\/laboratories\/\" \/>\n<meta property=\"og:site_name\" content=\"Matematik\" \/>\n<meta property=\"article:publisher\" content=\"https:\/\/www.facebook.com\/ticaretedutr\" \/>\n<meta property=\"article:modified_time\" content=\"2025-12-23T10:41:10+00:00\" \/>\n<meta property=\"og:image\" content=\"http:\/\/ticaret.edu.tr\/matematik\/wp-content\/uploads\/sites\/29\/2021\/11\/web_logo-01.jpg\" \/>\n\t<meta property=\"og:image:width\" content=\"1250\" \/>\n\t<meta property=\"og:image:height\" content=\"833\" \/>\n\t<meta property=\"og:image:type\" content=\"image\/jpeg\" \/>\n<meta name=\"twitter:card\" content=\"summary_large_image\" \/>\n<meta name=\"twitter:site\" content=\"@ticaretedutr\" \/>\n<meta name=\"twitter:label1\" content=\"Tahmini okuma s\u00fcresi\" \/>\n\t<meta name=\"twitter:data1\" content=\"1 dakika\" \/>\n<script type=\"application\/ld+json\" class=\"yoast-schema-graph\">{\"@context\":\"https:\/\/schema.org\",\"@graph\":[{\"@type\":\"WebPage\",\"@id\":\"https:\/\/ticaret.edu.tr\/matematik\/en\/laboratories\/\",\"url\":\"https:\/\/ticaret.edu.tr\/matematik\/en\/laboratories\/\",\"name\":\"Laboratories - Matematik\",\"isPartOf\":{\"@id\":\"https:\/\/ticaret.edu.tr\/matematik\/#website\"},\"datePublished\":\"2025-01-26T17:26:39+00:00\",\"dateModified\":\"2025-12-23T10:41:10+00:00\",\"breadcrumb\":{\"@id\":\"https:\/\/ticaret.edu.tr\/matematik\/en\/laboratories\/#breadcrumb\"},\"inLanguage\":\"tr\",\"potentialAction\":[{\"@type\":\"ReadAction\",\"target\":[\"https:\/\/ticaret.edu.tr\/matematik\/en\/laboratories\/\"]}]},{\"@type\":\"BreadcrumbList\",\"@id\":\"https:\/\/ticaret.edu.tr\/matematik\/en\/laboratories\/#breadcrumb\",\"itemListElement\":[{\"@type\":\"ListItem\",\"position\":1,\"name\":\"Ana sayfa\",\"item\":\"https:\/\/ticaret.edu.tr\/matematik\/\"},{\"@type\":\"ListItem\",\"position\":2,\"name\":\"Laboratories\"}]},{\"@type\":\"WebSite\",\"@id\":\"https:\/\/ticaret.edu.tr\/matematik\/#website\",\"url\":\"https:\/\/ticaret.edu.tr\/matematik\/\",\"name\":\"Matematik\",\"description\":\"\",\"potentialAction\":[{\"@type\":\"SearchAction\",\"target\":{\"@type\":\"EntryPoint\",\"urlTemplate\":\"https:\/\/ticaret.edu.tr\/matematik\/?s={search_term_string}\"},\"query-input\":\"required name=search_term_string\"}],\"inLanguage\":\"tr\"}]}<\/script>\n<!-- \/ Yoast SEO Premium plugin. -->","yoast_head_json":{"title":"Laboratories - Matematik","robots":{"index":"index","follow":"follow","max-snippet":"max-snippet:-1","max-image-preview":"max-image-preview:large","max-video-preview":"max-video-preview:-1"},"canonical":"https:\/\/ticaret.edu.tr\/matematik\/en\/laboratories\/","og_locale":"tr_TR","og_type":"article","og_title":"Laboratories","og_description":"Computer Laboratories and Hardware Facilities of the Department of Mathematics At Istanbul Commerce University S\u00fctl\u00fcce S\u00e2d\u00e2b\u00e2d Campus, there are three computer laboratories available for the use of students of the Department of Mathematics. These laboratories are equipped to be actively used both in courses and in projects and research. The laboratories include: \ud83d\udcbb Computers with [&hellip;]","og_url":"https:\/\/ticaret.edu.tr\/matematik\/en\/laboratories\/","og_site_name":"Matematik","article_publisher":"https:\/\/www.facebook.com\/ticaretedutr","article_modified_time":"2025-12-23T10:41:10+00:00","og_image":[{"width":1250,"height":833,"url":"http:\/\/ticaret.edu.tr\/matematik\/wp-content\/uploads\/sites\/29\/2021\/11\/web_logo-01.jpg","type":"image\/jpeg"}],"twitter_card":"summary_large_image","twitter_site":"@ticaretedutr","twitter_misc":{"Tahmini okuma s\u00fcresi":"1 dakika"},"schema":{"@context":"https:\/\/schema.org","@graph":[{"@type":"WebPage","@id":"https:\/\/ticaret.edu.tr\/matematik\/en\/laboratories\/","url":"https:\/\/ticaret.edu.tr\/matematik\/en\/laboratories\/","name":"Laboratories - Matematik","isPartOf":{"@id":"https:\/\/ticaret.edu.tr\/matematik\/#website"},"datePublished":"2025-01-26T17:26:39+00:00","dateModified":"2025-12-23T10:41:10+00:00","breadcrumb":{"@id":"https:\/\/ticaret.edu.tr\/matematik\/en\/laboratories\/#breadcrumb"},"inLanguage":"tr","potentialAction":[{"@type":"ReadAction","target":["https:\/\/ticaret.edu.tr\/matematik\/en\/laboratories\/"]}]},{"@type":"BreadcrumbList","@id":"https:\/\/ticaret.edu.tr\/matematik\/en\/laboratories\/#breadcrumb","itemListElement":[{"@type":"ListItem","position":1,"name":"Ana sayfa","item":"https:\/\/ticaret.edu.tr\/matematik\/"},{"@type":"ListItem","position":2,"name":"Laboratories"}]},{"@type":"WebSite","@id":"https:\/\/ticaret.edu.tr\/matematik\/#website","url":"https:\/\/ticaret.edu.tr\/matematik\/","name":"Matematik","description":"","potentialAction":[{"@type":"SearchAction","target":{"@type":"EntryPoint","urlTemplate":"https:\/\/ticaret.edu.tr\/matematik\/?s={search_term_string}"},"query-input":"required name=search_term_string"}],"inLanguage":"tr"}]}},"lang":"en","translations":{"en":1211,"tr":1209},"pll_sync_post":[],"_links":{"self":[{"href":"http:\/\/ticaret.edu.tr\/matematik\/wp-json\/wp\/v2\/pages\/1211"}],"collection":[{"href":"http:\/\/ticaret.edu.tr\/matematik\/wp-json\/wp\/v2\/pages"}],"about":[{"href":"http:\/\/ticaret.edu.tr\/matematik\/wp-json\/wp\/v2\/types\/page"}],"author":[{"embeddable":true,"href":"http:\/\/ticaret.edu.tr\/matematik\/wp-json\/wp\/v2\/users\/211"}],"replies":[{"embeddable":true,"href":"http:\/\/ticaret.edu.tr\/matematik\/wp-json\/wp\/v2\/comments?post=1211"}],"version-history":[{"count":2,"href":"http:\/\/ticaret.edu.tr\/matematik\/wp-json\/wp\/v2\/pages\/1211\/revisions"}],"predecessor-version":[{"id":2034,"href":"http:\/\/ticaret.edu.tr\/matematik\/wp-json\/wp\/v2\/pages\/1211\/revisions\/2034"}],"wp:attachment":[{"href":"http:\/\/ticaret.edu.tr\/matematik\/wp-json\/wp\/v2\/media?parent=1211"}],"curies":[{"name":"wp","href":"https:\/\/api.w.org\/{rel}","templated":true}]}}