{"id":1224,"date":"2025-01-26T20:28:23","date_gmt":"2025-01-26T17:28:23","guid":{"rendered":"https:\/\/ticaret.edu.tr\/matematik\/?page_id=1224"},"modified":"2025-12-23T13:44:52","modified_gmt":"2025-12-23T10:44:52","slug":"publications","status":"publish","type":"page","link":"http:\/\/ticaret.edu.tr\/matematik\/en\/publications\/","title":{"rendered":"Publications"},"content":{"rendered":"<p>You can access the publication information of the department\u2019s academic staff through the links below.<\/p>\n<table>\n<thead>\n<tr>\n<th>Academic Staff Member<\/th>\n<th>Publication Information<\/th>\n<\/tr>\n<\/thead>\n<tbody>\n<tr>\n<td>Prof. Dr. Abdullah AVEY<\/td>\n<td><a href=\"https:\/\/avesis.ticaret.edu.tr\/aavey\/yayinlar\">https:\/\/avesis.ticaret.edu.tr\/aavey\/yayinlar<\/a><\/td>\n<\/tr>\n<tr>\n<td>Prof. Dr. Necip \u015e\u0130M\u015eEK<\/td>\n<td><a href=\"https:\/\/avesis.ticaret.edu.tr\/nsimsek\/yayinlar\">https:\/\/avesis.ticaret.edu.tr\/nsimsek\/yayinlar<\/a><\/td>\n<\/tr>\n<tr>\n<td>Assoc. Prof. Dr. Abdullah YENER<\/td>\n<td><a href=\"https:\/\/avesis.ticaret.edu.tr\/ayener\/yayinlar\">https:\/\/avesis.ticaret.edu.tr\/ayener\/yayinlar<\/a><\/td>\n<\/tr>\n<tr>\n<td>Asst. Prof. Dr. Elif NURAY YILDIRIM<\/td>\n<td><a href=\"https:\/\/avesis.ticaret.edu.tr\/enuray\/yayinlar\">https:\/\/avesis.ticaret.edu.tr\/enuray\/yayinlar<\/a><\/td>\n<\/tr>\n<tr>\n<td>Asst. Prof. Dr. G\u00fclistan \u0130SKENDERO\u011eLU<\/td>\n<td><a href=\"https:\/\/avesis.ticaret.edu.tr\/giskenderoglu\/yayinlar\">https:\/\/avesis.ticaret.edu.tr\/giskenderoglu\/yayinlar<\/a><\/td>\n<\/tr>\n<tr>\n<td>Asst. Prof. Dr. Muhammad Abubakar ISAH<\/td>\n<td><a href=\"https:\/\/avesis.ticaret.edu.tr\/maisah\/yayinlar\">https:\/\/avesis.ticaret.edu.tr\/maisah\/yayinlar<\/a><\/td>\n<\/tr>\n<tr>\n<td>Res. Asst. Pelin DURSUN<\/td>\n<td><a href=\"https:\/\/avesis.ticaret.edu.tr\/pdursun\/yayinlar\">https:\/\/avesis.ticaret.edu.tr\/pdursun\/yayinlar<\/a><\/td>\n<\/tr>\n<tr>\n<td>Res. Asst. Ramazan PEHL\u0130VAN<\/td>\n<td><a href=\"https:\/\/avesis.ticaret.edu.tr\/rpehlivan\/yayinlar\">https:\/\/avesis.ticaret.edu.tr\/rpehlivan\/yayinlar<\/a><\/td>\n<\/tr>\n<\/tbody>\n<\/table>\n<p>&nbsp;<\/p>\n","protected":false},"excerpt":{"rendered":"<p>You can access the publication information of the department\u2019s academic staff through the links below. Academic Staff Member Publication Information Prof. Dr. Abdullah AVEY https:\/\/avesis.ticaret.edu.tr\/aavey\/yayinlar Prof. Dr. Necip \u015e\u0130M\u015eEK https:\/\/avesis.ticaret.edu.tr\/nsimsek\/yayinlar Assoc. Prof. Dr. Abdullah YENER https:\/\/avesis.ticaret.edu.tr\/ayener\/yayinlar Asst. Prof. Dr. Elif NURAY YILDIRIM https:\/\/avesis.ticaret.edu.tr\/enuray\/yayinlar Asst. Prof. Dr. G\u00fclistan \u0130SKENDERO\u011eLU https:\/\/avesis.ticaret.edu.tr\/giskenderoglu\/yayinlar Asst. Prof. Dr. Muhammad Abubakar ISAH [&hellip;]<\/p>\n","protected":false},"author":211,"featured_media":0,"parent":0,"menu_order":0,"comment_status":"closed","ping_status":"closed","template":"genel_sayfa.php","meta":{"footnotes":""},"yoast_head":"<!-- This site is optimized with the Yoast SEO Premium plugin v22.1 (Yoast SEO v22.1) - https:\/\/yoast.com\/wordpress\/plugins\/seo\/ -->\n<title>Publications - Matematik<\/title>\n<meta name=\"robots\" content=\"index, follow, max-snippet:-1, max-image-preview:large, max-video-preview:-1\" \/>\n<link rel=\"canonical\" href=\"https:\/\/ticaret.edu.tr\/matematik\/en\/publications\/\" \/>\n<meta property=\"og:locale\" content=\"tr_TR\" \/>\n<meta property=\"og:type\" content=\"article\" \/>\n<meta property=\"og:title\" content=\"Publications\" \/>\n<meta property=\"og:description\" content=\"You can access the publication information of the department\u2019s academic staff through the links below. Academic Staff Member Publication Information Prof. Dr. Abdullah AVEY https:\/\/avesis.ticaret.edu.tr\/aavey\/yayinlar Prof. Dr. Necip \u015e\u0130M\u015eEK https:\/\/avesis.ticaret.edu.tr\/nsimsek\/yayinlar Assoc. Prof. Dr. Abdullah YENER https:\/\/avesis.ticaret.edu.tr\/ayener\/yayinlar Asst. Prof. Dr. Elif NURAY YILDIRIM https:\/\/avesis.ticaret.edu.tr\/enuray\/yayinlar Asst. Prof. Dr. G\u00fclistan \u0130SKENDERO\u011eLU https:\/\/avesis.ticaret.edu.tr\/giskenderoglu\/yayinlar Asst. Prof. Dr. Muhammad Abubakar ISAH [&hellip;]\" \/>\n<meta property=\"og:url\" content=\"https:\/\/ticaret.edu.tr\/matematik\/en\/publications\/\" \/>\n<meta property=\"og:site_name\" content=\"Matematik\" \/>\n<meta property=\"article:publisher\" content=\"https:\/\/www.facebook.com\/ticaretedutr\" \/>\n<meta property=\"article:modified_time\" content=\"2025-12-23T10:44:52+00:00\" \/>\n<meta property=\"og:image\" content=\"http:\/\/ticaret.edu.tr\/matematik\/wp-content\/uploads\/sites\/29\/2021\/11\/web_logo-01.jpg\" \/>\n\t<meta property=\"og:image:width\" content=\"1250\" \/>\n\t<meta property=\"og:image:height\" content=\"833\" \/>\n\t<meta property=\"og:image:type\" content=\"image\/jpeg\" \/>\n<meta name=\"twitter:card\" content=\"summary_large_image\" \/>\n<meta name=\"twitter:site\" content=\"@ticaretedutr\" \/>\n<meta name=\"twitter:label1\" content=\"Tahmini okuma s\u00fcresi\" \/>\n\t<meta name=\"twitter:data1\" content=\"1 dakika\" \/>\n<script type=\"application\/ld+json\" class=\"yoast-schema-graph\">{\"@context\":\"https:\/\/schema.org\",\"@graph\":[{\"@type\":\"WebPage\",\"@id\":\"https:\/\/ticaret.edu.tr\/matematik\/en\/publications\/\",\"url\":\"https:\/\/ticaret.edu.tr\/matematik\/en\/publications\/\",\"name\":\"Publications - Matematik\",\"isPartOf\":{\"@id\":\"https:\/\/ticaret.edu.tr\/matematik\/#website\"},\"datePublished\":\"2025-01-26T17:28:23+00:00\",\"dateModified\":\"2025-12-23T10:44:52+00:00\",\"breadcrumb\":{\"@id\":\"https:\/\/ticaret.edu.tr\/matematik\/en\/publications\/#breadcrumb\"},\"inLanguage\":\"tr\",\"potentialAction\":[{\"@type\":\"ReadAction\",\"target\":[\"https:\/\/ticaret.edu.tr\/matematik\/en\/publications\/\"]}]},{\"@type\":\"BreadcrumbList\",\"@id\":\"https:\/\/ticaret.edu.tr\/matematik\/en\/publications\/#breadcrumb\",\"itemListElement\":[{\"@type\":\"ListItem\",\"position\":1,\"name\":\"Ana sayfa\",\"item\":\"https:\/\/ticaret.edu.tr\/matematik\/\"},{\"@type\":\"ListItem\",\"position\":2,\"name\":\"Publications\"}]},{\"@type\":\"WebSite\",\"@id\":\"https:\/\/ticaret.edu.tr\/matematik\/#website\",\"url\":\"https:\/\/ticaret.edu.tr\/matematik\/\",\"name\":\"Matematik\",\"description\":\"\",\"potentialAction\":[{\"@type\":\"SearchAction\",\"target\":{\"@type\":\"EntryPoint\",\"urlTemplate\":\"https:\/\/ticaret.edu.tr\/matematik\/?s={search_term_string}\"},\"query-input\":\"required name=search_term_string\"}],\"inLanguage\":\"tr\"}]}<\/script>\n<!-- \/ Yoast SEO Premium plugin. -->","yoast_head_json":{"title":"Publications - Matematik","robots":{"index":"index","follow":"follow","max-snippet":"max-snippet:-1","max-image-preview":"max-image-preview:large","max-video-preview":"max-video-preview:-1"},"canonical":"https:\/\/ticaret.edu.tr\/matematik\/en\/publications\/","og_locale":"tr_TR","og_type":"article","og_title":"Publications","og_description":"You can access the publication information of the department\u2019s academic staff through the links below. Academic Staff Member Publication Information Prof. Dr. Abdullah AVEY https:\/\/avesis.ticaret.edu.tr\/aavey\/yayinlar Prof. Dr. Necip \u015e\u0130M\u015eEK https:\/\/avesis.ticaret.edu.tr\/nsimsek\/yayinlar Assoc. Prof. Dr. Abdullah YENER https:\/\/avesis.ticaret.edu.tr\/ayener\/yayinlar Asst. Prof. Dr. Elif NURAY YILDIRIM https:\/\/avesis.ticaret.edu.tr\/enuray\/yayinlar Asst. Prof. Dr. G\u00fclistan \u0130SKENDERO\u011eLU https:\/\/avesis.ticaret.edu.tr\/giskenderoglu\/yayinlar Asst. Prof. Dr. Muhammad Abubakar ISAH [&hellip;]","og_url":"https:\/\/ticaret.edu.tr\/matematik\/en\/publications\/","og_site_name":"Matematik","article_publisher":"https:\/\/www.facebook.com\/ticaretedutr","article_modified_time":"2025-12-23T10:44:52+00:00","og_image":[{"width":1250,"height":833,"url":"http:\/\/ticaret.edu.tr\/matematik\/wp-content\/uploads\/sites\/29\/2021\/11\/web_logo-01.jpg","type":"image\/jpeg"}],"twitter_card":"summary_large_image","twitter_site":"@ticaretedutr","twitter_misc":{"Tahmini okuma s\u00fcresi":"1 dakika"},"schema":{"@context":"https:\/\/schema.org","@graph":[{"@type":"WebPage","@id":"https:\/\/ticaret.edu.tr\/matematik\/en\/publications\/","url":"https:\/\/ticaret.edu.tr\/matematik\/en\/publications\/","name":"Publications - Matematik","isPartOf":{"@id":"https:\/\/ticaret.edu.tr\/matematik\/#website"},"datePublished":"2025-01-26T17:28:23+00:00","dateModified":"2025-12-23T10:44:52+00:00","breadcrumb":{"@id":"https:\/\/ticaret.edu.tr\/matematik\/en\/publications\/#breadcrumb"},"inLanguage":"tr","potentialAction":[{"@type":"ReadAction","target":["https:\/\/ticaret.edu.tr\/matematik\/en\/publications\/"]}]},{"@type":"BreadcrumbList","@id":"https:\/\/ticaret.edu.tr\/matematik\/en\/publications\/#breadcrumb","itemListElement":[{"@type":"ListItem","position":1,"name":"Ana sayfa","item":"https:\/\/ticaret.edu.tr\/matematik\/"},{"@type":"ListItem","position":2,"name":"Publications"}]},{"@type":"WebSite","@id":"https:\/\/ticaret.edu.tr\/matematik\/#website","url":"https:\/\/ticaret.edu.tr\/matematik\/","name":"Matematik","description":"","potentialAction":[{"@type":"SearchAction","target":{"@type":"EntryPoint","urlTemplate":"https:\/\/ticaret.edu.tr\/matematik\/?s={search_term_string}"},"query-input":"required name=search_term_string"}],"inLanguage":"tr"}]}},"lang":"en","translations":{"en":1224,"tr":1222},"pll_sync_post":[],"_links":{"self":[{"href":"http:\/\/ticaret.edu.tr\/matematik\/wp-json\/wp\/v2\/pages\/1224"}],"collection":[{"href":"http:\/\/ticaret.edu.tr\/matematik\/wp-json\/wp\/v2\/pages"}],"about":[{"href":"http:\/\/ticaret.edu.tr\/matematik\/wp-json\/wp\/v2\/types\/page"}],"author":[{"embeddable":true,"href":"http:\/\/ticaret.edu.tr\/matematik\/wp-json\/wp\/v2\/users\/211"}],"replies":[{"embeddable":true,"href":"http:\/\/ticaret.edu.tr\/matematik\/wp-json\/wp\/v2\/comments?post=1224"}],"version-history":[{"count":2,"href":"http:\/\/ticaret.edu.tr\/matematik\/wp-json\/wp\/v2\/pages\/1224\/revisions"}],"predecessor-version":[{"id":2038,"href":"http:\/\/ticaret.edu.tr\/matematik\/wp-json\/wp\/v2\/pages\/1224\/revisions\/2038"}],"wp:attachment":[{"href":"http:\/\/ticaret.edu.tr\/matematik\/wp-json\/wp\/v2\/media?parent=1224"}],"curies":[{"name":"wp","href":"https:\/\/api.w.org\/{rel}","templated":true}]}}