{"id":1239,"date":"2025-01-26T20:31:05","date_gmt":"2025-01-26T17:31:05","guid":{"rendered":"https:\/\/ticaret.edu.tr\/matematik\/?page_id=1239"},"modified":"2025-10-17T13:15:47","modified_gmt":"2025-10-17T10:15:47","slug":"bolum-kalite-guvence-politikasi","status":"publish","type":"page","link":"http:\/\/ticaret.edu.tr\/matematik\/bolum-kalite-guvence-politikasi\/","title":{"rendered":"B\u00f6l\u00fcm Kalite G\u00fcvence Politikas\u0131"},"content":{"rendered":"<p>\u0130stanbul Ticaret \u00dcniversitesi Matematik B\u00f6l\u00fcm\u00fc, \u00fcniversitenin kalite politikas\u0131 ve stratejik hedefleriyle uyumlu olarak e\u011fitim-\u00f6\u011fretim, ara\u015ft\u0131rma ve topluma hizmet alanlar\u0131nda s\u00fcrekli iyile\u015ftirmeyi esas al\u0131r. B\u00f6l\u00fcm\u00fcn kalite g\u00fcvence politikas\u0131; \u00f6\u011frenci merkezli, yenilik\u00e7i ve ara\u015ft\u0131rma temelli bir \u00f6\u011frenme ortam\u0131 olu\u015fturarak nitelikli mezunlar yeti\u015ftirmeyi hedefler. Bu kapsamda, program \u00e7\u0131kt\u0131lar\u0131, ders i\u00e7erikleri ve \u00f6\u011fretim y\u00f6ntemleri d\u00fczenli olarak de\u011ferlendirilir; \u00f6\u011frenciler, mezunlar, \u00f6\u011fretim elemanlar\u0131 ve d\u0131\u015f payda\u015flardan al\u0131nan geri bildirimler do\u011frultusunda s\u00fcrekli g\u00fcncellenir.<\/p>\n<p><br data-start=\"874\" data-end=\"877\" \/>B\u00f6l\u00fcm, \u00f6\u011fretim faaliyetlerinde akademik d\u00fcr\u00fcstl\u00fck, \u015feffafl\u0131k ve hesap verebilirlik ilkelerini g\u00f6zetir; \u00f6l\u00e7me-de\u011ferlendirme s\u00fcre\u00e7lerinde adalet ve objektifli\u011fi esas al\u0131r. Ara\u015ft\u0131rma ve toplumsal katk\u0131 alanlar\u0131nda ise bilimsel etik kurallara ba\u011fl\u0131, s\u00fcrd\u00fcr\u00fclebilir ve topluma de\u011fer katan \u00e7al\u0131\u015fmalar y\u00fcr\u00fct\u00fcl\u00fcr. Matematik B\u00f6l\u00fcm\u00fc, kalite y\u00f6netim sisteminin etkin bi\u00e7imde uygulanmas\u0131 ve s\u00fcrekli geli\u015ftirilmesi amac\u0131yla \u0130stanbul Ticaret \u00dcniversitesi Kalite Komisyonu\u2019nun belirledi\u011fi ilkelerle tam uyum i\u00e7inde hareket eder.<\/p>\n","protected":false},"excerpt":{"rendered":"<p>\u0130stanbul Ticaret \u00dcniversitesi Matematik B\u00f6l\u00fcm\u00fc, \u00fcniversitenin kalite politikas\u0131 ve stratejik hedefleriyle uyumlu olarak e\u011fitim-\u00f6\u011fretim, ara\u015ft\u0131rma ve topluma hizmet alanlar\u0131nda s\u00fcrekli iyile\u015ftirmeyi esas al\u0131r. B\u00f6l\u00fcm\u00fcn kalite g\u00fcvence politikas\u0131; \u00f6\u011frenci merkezli, yenilik\u00e7i ve ara\u015ft\u0131rma temelli bir \u00f6\u011frenme ortam\u0131 olu\u015fturarak nitelikli mezunlar yeti\u015ftirmeyi hedefler. Bu kapsamda, program \u00e7\u0131kt\u0131lar\u0131, ders i\u00e7erikleri ve \u00f6\u011fretim y\u00f6ntemleri d\u00fczenli olarak de\u011ferlendirilir; \u00f6\u011frenciler, mezunlar, [&hellip;]<\/p>\n","protected":false},"author":211,"featured_media":0,"parent":0,"menu_order":0,"comment_status":"closed","ping_status":"closed","template":"genel_sayfa.php","meta":{"footnotes":""},"yoast_head":"<!-- This site is optimized with the Yoast SEO Premium plugin v22.1 (Yoast SEO v22.1) - https:\/\/yoast.com\/wordpress\/plugins\/seo\/ -->\n<title>B\u00f6l\u00fcm Kalite G\u00fcvence Politikas\u0131 - Matematik<\/title>\n<meta name=\"robots\" content=\"index, follow, max-snippet:-1, max-image-preview:large, max-video-preview:-1\" \/>\n<link rel=\"canonical\" href=\"https:\/\/ticaret.edu.tr\/matematik\/bolum-kalite-guvence-politikasi\/\" \/>\n<meta property=\"og:locale\" content=\"tr_TR\" \/>\n<meta property=\"og:type\" content=\"article\" \/>\n<meta property=\"og:title\" content=\"B\u00f6l\u00fcm Kalite G\u00fcvence Politikas\u0131\" \/>\n<meta property=\"og:description\" content=\"\u0130stanbul Ticaret \u00dcniversitesi Matematik B\u00f6l\u00fcm\u00fc, \u00fcniversitenin kalite politikas\u0131 ve stratejik hedefleriyle uyumlu olarak e\u011fitim-\u00f6\u011fretim, ara\u015ft\u0131rma ve topluma hizmet alanlar\u0131nda s\u00fcrekli iyile\u015ftirmeyi esas al\u0131r. B\u00f6l\u00fcm\u00fcn kalite g\u00fcvence politikas\u0131; \u00f6\u011frenci merkezli, yenilik\u00e7i ve ara\u015ft\u0131rma temelli bir \u00f6\u011frenme ortam\u0131 olu\u015fturarak nitelikli mezunlar yeti\u015ftirmeyi hedefler. Bu kapsamda, program \u00e7\u0131kt\u0131lar\u0131, ders i\u00e7erikleri ve \u00f6\u011fretim y\u00f6ntemleri d\u00fczenli olarak de\u011ferlendirilir; \u00f6\u011frenciler, mezunlar, [&hellip;]\" \/>\n<meta property=\"og:url\" content=\"https:\/\/ticaret.edu.tr\/matematik\/bolum-kalite-guvence-politikasi\/\" \/>\n<meta property=\"og:site_name\" content=\"Matematik\" \/>\n<meta property=\"article:publisher\" content=\"https:\/\/www.facebook.com\/ticaretedutr\" \/>\n<meta property=\"article:modified_time\" content=\"2025-10-17T10:15:47+00:00\" \/>\n<meta property=\"og:image\" content=\"http:\/\/ticaret.edu.tr\/matematik\/wp-content\/uploads\/sites\/29\/2021\/11\/web_logo-01.jpg\" \/>\n\t<meta property=\"og:image:width\" content=\"1250\" \/>\n\t<meta property=\"og:image:height\" content=\"833\" \/>\n\t<meta property=\"og:image:type\" content=\"image\/jpeg\" \/>\n<meta name=\"twitter:card\" content=\"summary_large_image\" \/>\n<meta name=\"twitter:site\" content=\"@ticaretedutr\" \/>\n<meta name=\"twitter:label1\" content=\"Tahmini okuma s\u00fcresi\" \/>\n\t<meta name=\"twitter:data1\" content=\"1 dakika\" \/>\n<script type=\"application\/ld+json\" class=\"yoast-schema-graph\">{\"@context\":\"https:\/\/schema.org\",\"@graph\":[{\"@type\":\"WebPage\",\"@id\":\"https:\/\/ticaret.edu.tr\/matematik\/bolum-kalite-guvence-politikasi\/\",\"url\":\"https:\/\/ticaret.edu.tr\/matematik\/bolum-kalite-guvence-politikasi\/\",\"name\":\"B\u00f6l\u00fcm Kalite G\u00fcvence Politikas\u0131 - Matematik\",\"isPartOf\":{\"@id\":\"https:\/\/ticaret.edu.tr\/matematik\/#website\"},\"datePublished\":\"2025-01-26T17:31:05+00:00\",\"dateModified\":\"2025-10-17T10:15:47+00:00\",\"breadcrumb\":{\"@id\":\"https:\/\/ticaret.edu.tr\/matematik\/bolum-kalite-guvence-politikasi\/#breadcrumb\"},\"inLanguage\":\"tr\",\"potentialAction\":[{\"@type\":\"ReadAction\",\"target\":[\"https:\/\/ticaret.edu.tr\/matematik\/bolum-kalite-guvence-politikasi\/\"]}]},{\"@type\":\"BreadcrumbList\",\"@id\":\"https:\/\/ticaret.edu.tr\/matematik\/bolum-kalite-guvence-politikasi\/#breadcrumb\",\"itemListElement\":[{\"@type\":\"ListItem\",\"position\":1,\"name\":\"Ana sayfa\",\"item\":\"https:\/\/ticaret.edu.tr\/matematik\/\"},{\"@type\":\"ListItem\",\"position\":2,\"name\":\"B\u00f6l\u00fcm Kalite G\u00fcvence Politikas\u0131\"}]},{\"@type\":\"WebSite\",\"@id\":\"https:\/\/ticaret.edu.tr\/matematik\/#website\",\"url\":\"https:\/\/ticaret.edu.tr\/matematik\/\",\"name\":\"Matematik\",\"description\":\"\",\"potentialAction\":[{\"@type\":\"SearchAction\",\"target\":{\"@type\":\"EntryPoint\",\"urlTemplate\":\"https:\/\/ticaret.edu.tr\/matematik\/?s={search_term_string}\"},\"query-input\":\"required name=search_term_string\"}],\"inLanguage\":\"tr\"}]}<\/script>\n<!-- \/ Yoast SEO Premium plugin. -->","yoast_head_json":{"title":"B\u00f6l\u00fcm Kalite G\u00fcvence Politikas\u0131 - Matematik","robots":{"index":"index","follow":"follow","max-snippet":"max-snippet:-1","max-image-preview":"max-image-preview:large","max-video-preview":"max-video-preview:-1"},"canonical":"https:\/\/ticaret.edu.tr\/matematik\/bolum-kalite-guvence-politikasi\/","og_locale":"tr_TR","og_type":"article","og_title":"B\u00f6l\u00fcm Kalite G\u00fcvence Politikas\u0131","og_description":"\u0130stanbul Ticaret \u00dcniversitesi Matematik B\u00f6l\u00fcm\u00fc, \u00fcniversitenin kalite politikas\u0131 ve stratejik hedefleriyle uyumlu olarak e\u011fitim-\u00f6\u011fretim, ara\u015ft\u0131rma ve topluma hizmet alanlar\u0131nda s\u00fcrekli iyile\u015ftirmeyi esas al\u0131r. B\u00f6l\u00fcm\u00fcn kalite g\u00fcvence politikas\u0131; \u00f6\u011frenci merkezli, yenilik\u00e7i ve ara\u015ft\u0131rma temelli bir \u00f6\u011frenme ortam\u0131 olu\u015fturarak nitelikli mezunlar yeti\u015ftirmeyi hedefler. Bu kapsamda, program \u00e7\u0131kt\u0131lar\u0131, ders i\u00e7erikleri ve \u00f6\u011fretim y\u00f6ntemleri d\u00fczenli olarak de\u011ferlendirilir; \u00f6\u011frenciler, mezunlar, [&hellip;]","og_url":"https:\/\/ticaret.edu.tr\/matematik\/bolum-kalite-guvence-politikasi\/","og_site_name":"Matematik","article_publisher":"https:\/\/www.facebook.com\/ticaretedutr","article_modified_time":"2025-10-17T10:15:47+00:00","og_image":[{"width":1250,"height":833,"url":"http:\/\/ticaret.edu.tr\/matematik\/wp-content\/uploads\/sites\/29\/2021\/11\/web_logo-01.jpg","type":"image\/jpeg"}],"twitter_card":"summary_large_image","twitter_site":"@ticaretedutr","twitter_misc":{"Tahmini okuma s\u00fcresi":"1 dakika"},"schema":{"@context":"https:\/\/schema.org","@graph":[{"@type":"WebPage","@id":"https:\/\/ticaret.edu.tr\/matematik\/bolum-kalite-guvence-politikasi\/","url":"https:\/\/ticaret.edu.tr\/matematik\/bolum-kalite-guvence-politikasi\/","name":"B\u00f6l\u00fcm Kalite G\u00fcvence Politikas\u0131 - Matematik","isPartOf":{"@id":"https:\/\/ticaret.edu.tr\/matematik\/#website"},"datePublished":"2025-01-26T17:31:05+00:00","dateModified":"2025-10-17T10:15:47+00:00","breadcrumb":{"@id":"https:\/\/ticaret.edu.tr\/matematik\/bolum-kalite-guvence-politikasi\/#breadcrumb"},"inLanguage":"tr","potentialAction":[{"@type":"ReadAction","target":["https:\/\/ticaret.edu.tr\/matematik\/bolum-kalite-guvence-politikasi\/"]}]},{"@type":"BreadcrumbList","@id":"https:\/\/ticaret.edu.tr\/matematik\/bolum-kalite-guvence-politikasi\/#breadcrumb","itemListElement":[{"@type":"ListItem","position":1,"name":"Ana sayfa","item":"https:\/\/ticaret.edu.tr\/matematik\/"},{"@type":"ListItem","position":2,"name":"B\u00f6l\u00fcm Kalite G\u00fcvence Politikas\u0131"}]},{"@type":"WebSite","@id":"https:\/\/ticaret.edu.tr\/matematik\/#website","url":"https:\/\/ticaret.edu.tr\/matematik\/","name":"Matematik","description":"","potentialAction":[{"@type":"SearchAction","target":{"@type":"EntryPoint","urlTemplate":"https:\/\/ticaret.edu.tr\/matematik\/?s={search_term_string}"},"query-input":"required name=search_term_string"}],"inLanguage":"tr"}]}},"lang":"tr","translations":{"en":1241,"tr":1239},"pll_sync_post":[],"_links":{"self":[{"href":"http:\/\/ticaret.edu.tr\/matematik\/wp-json\/wp\/v2\/pages\/1239"}],"collection":[{"href":"http:\/\/ticaret.edu.tr\/matematik\/wp-json\/wp\/v2\/pages"}],"about":[{"href":"http:\/\/ticaret.edu.tr\/matematik\/wp-json\/wp\/v2\/types\/page"}],"author":[{"embeddable":true,"href":"http:\/\/ticaret.edu.tr\/matematik\/wp-json\/wp\/v2\/users\/211"}],"replies":[{"embeddable":true,"href":"http:\/\/ticaret.edu.tr\/matematik\/wp-json\/wp\/v2\/comments?post=1239"}],"version-history":[{"count":2,"href":"http:\/\/ticaret.edu.tr\/matematik\/wp-json\/wp\/v2\/pages\/1239\/revisions"}],"predecessor-version":[{"id":1904,"href":"http:\/\/ticaret.edu.tr\/matematik\/wp-json\/wp\/v2\/pages\/1239\/revisions\/1904"}],"wp:attachment":[{"href":"http:\/\/ticaret.edu.tr\/matematik\/wp-json\/wp\/v2\/media?parent=1239"}],"curies":[{"name":"wp","href":"https:\/\/api.w.org\/{rel}","templated":true}]}}