{"id":1798,"date":"2025-01-27T00:14:15","date_gmt":"2025-01-26T21:14:15","guid":{"rendered":"https:\/\/ticaret.edu.tr\/medya-ve-iletisim\/?page_id=1798"},"modified":"2025-12-26T18:44:42","modified_gmt":"2025-12-26T15:44:42","slug":"bolum-danisma-kurulu","status":"publish","type":"page","link":"http:\/\/ticaret.edu.tr\/medya-ve-iletisim\/bolum-danisma-kurulu\/","title":{"rendered":"B\u00f6l\u00fcm Dan\u0131\u015fma Kurulu"},"content":{"rendered":"<p>&nbsp;<\/p>\n<table style=\"height: 686px;\" width=\"613\">\n<tbody>\n<tr>\n<td colspan=\"3\" width=\"614\">\n<p style=\"text-align: center;\"><strong>MEDYA VE \u0130LET\u0130\u015e\u0130M B\u00d6L\u00dcM\u00dc DANI\u015eMA KURULU \u00dcYELER\u0130<\/strong><\/p>\n<\/td>\n<\/tr>\n<tr>\n<td width=\"227\">Do\u00e7. Dr. G\u00f6zde Sunal KIZIL<\/td>\n<td width=\"224\">\u0130stanbul Ticaret \u00dcniversitesi<\/td>\n<td width=\"164\">B\u00f6l\u00fcm Ba\u015fkan\u0131<\/td>\n<\/tr>\n<tr>\n<td width=\"227\">Prof. Dr. Celalettin AKTA\u015e<\/td>\n<td width=\"224\">\u0130stanbul Ticaret \u00dcniversitesi<\/td>\n<td width=\"164\">B\u00f6l\u00fcm \u00d6\u011fretim \u00dcyesi<\/td>\n<\/tr>\n<tr>\n<td width=\"227\">Do\u00e7. Dr. Berk \u00c7AYCI<\/td>\n<td width=\"224\">\u00a0\u0130stanbul Ticaret \u00dcniversitesi<\/td>\n<td width=\"164\">B\u00f6l\u00fcm \u00d6\u011fretim \u00dcyesi<\/td>\n<\/tr>\n<tr>\n<td width=\"227\">Do\u00e7. Dr. Kenan DUMAN<\/td>\n<td width=\"224\">\u0130stanbul Ticaret \u00dcniversitesi<\/td>\n<td width=\"164\">Kalite El\u00e7isi<\/td>\n<\/tr>\n<tr>\n<td width=\"227\">\u00d6\u011fr. G\u00f6r. Dr. Erkan TURAN<\/td>\n<td width=\"224\">\u0130stanbul Ticaret \u00dcniversitesi<\/td>\n<td width=\"164\">B\u00f6l\u00fcm \u00d6\u011fretim \u00dcyesi<\/td>\n<\/tr>\n<tr>\n<td width=\"227\">Dr. \u00d6\u011fr. \u00dcyesi Sena AYDIN<\/td>\n<td width=\"224\">\u0130stanbul Ticaret \u00dcniversitesi<\/td>\n<td width=\"164\">B\u00f6l\u00fcm \u00d6\u011fretim \u00dcyesi<\/td>\n<\/tr>\n<tr>\n<td width=\"227\">Ozan Cem DURDU<\/td>\n<td width=\"224\">\u00a0B\u00f6l\u00fcm \u00d6\u011frenci Temsilcisi<\/td>\n<td width=\"164\">\u00a03.S\u0131n\u0131f \u00d6\u011frencisi<\/td>\n<\/tr>\n<tr>\n<td width=\"227\">\u015eevval \u00d6ZDEM\u0130R<\/td>\n<td width=\"224\">Mezun \u00d6\u011frenci<\/td>\n<td width=\"164\">\u00a0YL \u00d6\u011frencisi<\/td>\n<\/tr>\n<tr>\n<td width=\"227\">Do\u00e7. Dr. Onur AKYOL<\/td>\n<td width=\"224\">\u0130stanbul \u00dcniversitesi \u0130leti\u015fim Fak\u00fcltesi<\/td>\n<td width=\"164\">\u00d6\u011fr. \u00dcyesi<\/td>\n<\/tr>\n<tr>\n<td width=\"227\">\u0130brahim KONAR<\/td>\n<td width=\"224\">Kanal D<\/td>\n<td width=\"164\">Muhabir<\/td>\n<\/tr>\n<tr>\n<td width=\"227\">Ahmet F\u0130SUNO\u011eLU<\/td>\n<td width=\"224\">T\u00fcrkiye Spor Yazarlar\u0131 Derne\u011fi<\/td>\n<td width=\"164\">Y\u00f6netim Kurulu \u00dcyesi<\/td>\n<\/tr>\n<tr>\n<td width=\"227\">Bekir YILDIZCI<\/td>\n<td width=\"224\">TRT<\/td>\n<td width=\"164\">TRT \u00c7ocuk Kanal Koordinat\u00f6r\u00fc<\/td>\n<\/tr>\n<tr>\n<td width=\"227\">O\u011fuz KOLO\u011eLU<\/td>\n<td width=\"224\">Genel Yay\u0131n Y\u00f6netmeni<\/td>\n<td width=\"164\">Y\u00f6netici<\/td>\n<\/tr>\n<tr>\n<td width=\"227\">Semih KAYA<\/td>\n<td width=\"224\">HaberT\u00fcrk<\/td>\n<td width=\"164\">Haber T\u00fcrk Teknik Genel M\u00fcd\u00fcr ve Spor Kanal\u0131 M\u00fcd\u00fcr\u00fc<\/td>\n<\/tr>\n<tr>\n<td width=\"227\"><\/td>\n<td width=\"224\"><\/td>\n<td width=\"164\"><\/td>\n<\/tr>\n<tr>\n<td width=\"227\"><\/td>\n<td width=\"224\"><\/td>\n<td width=\"164\"><\/td>\n<\/tr>\n<\/tbody>\n<\/table>\n<p>&nbsp;<\/p>\n<p>Medya ve \u0130leti\u015fim B\u00f6l\u00fcm\u00fc e\u011fitim-\u00f6\u011fretim kalitemizi geli\u015ftirmek ve sekt\u00f6r\u00a0 beklentilerini daha iyi kar\u015f\u0131layabilmek amac\u0131yla d\u0131\u015f payda\u015flar\u0131m\u0131zdan geri bildirim toplamaktay\u0131z. Bu <strong><a href=\"https:\/\/anket.ticaret.edu.tr\/index.php\/463662?lang=tr\">anket<\/a><\/strong> arac\u0131l\u0131\u011f\u0131yla sunaca\u011f\u0131n\u0131z g\u00f6r\u00fc\u015f ve de\u011ferlendirmeler, tamamen gizli tutulacak ve yaln\u0131zca kalite iyile\u015ftirme \u00e7al\u0131\u015fmalar\u0131nda kullan\u0131lacakt\u0131r. Katk\u0131lar\u0131n\u0131z i\u00e7in \u015fimdiden te\u015fekk\u00fcr eder, zaman ay\u0131rd\u0131\u011f\u0131n\u0131z i\u00e7in te\u015fekk\u00fcr ederiz.<\/p>\n<p><a href=\"http:\/\/ticaret.edu.tr\/medya-ve-iletisim\/wp-content\/uploads\/sites\/14\/2025\/12\/Danisma-Kurulu-Toplanti-Tutanagi-08.10.2025.pdf\">Dan\u0131\u015fma Kurulu Toplant\u0131 Tutana\u011f\u0131 08.10.2025<\/a><\/p>\n<p><a href=\"http:\/\/ticaret.edu.tr\/medya-ve-iletisim\/wp-content\/uploads\/sites\/14\/2025\/12\/Danisma-Kurulu-Toplanti-Tutanagi-10.03.2025.pdf\">Dan\u0131\u015fma Kurulu Toplant\u0131 Tutana\u011f\u0131 10.03.2025<\/a><\/p>\n<p><a href=\"http:\/\/ticaret.edu.tr\/medya-ve-iletisim\/wp-content\/uploads\/sites\/14\/2025\/12\/Danisma-Kurulu-Toplanti-Tutanagi-10.07.2024.pdf\">Dan\u0131\u015fma Kurulu Toplant\u0131 Tutana\u011f\u0131 10.07.2024<\/a><\/p>\n<p><a href=\"http:\/\/ticaret.edu.tr\/medya-ve-iletisim\/wp-content\/uploads\/sites\/14\/2025\/12\/Danisma-Kurulu-Toplanti-Tutanagi-03.01.2024-.pdf\">Dan\u0131\u015fma Kurulu Toplant\u0131 Tutana\u011f\u0131 03.01.2024<\/a><\/p>\n<p><a href=\"http:\/\/ticaret.edu.tr\/medya-ve-iletisim\/wp-content\/uploads\/sites\/14\/2025\/12\/Danisma-Kurulu-Toplanti-Tutanagi-13.10.2023.pdf\">Dan\u0131\u015fma Kurulu Toplant\u0131 Tutana\u011f\u0131 13.10.2023<\/a><\/p>\n<p><a href=\"http:\/\/ticaret.edu.tr\/medya-ve-iletisim\/wp-content\/uploads\/sites\/14\/2025\/12\/Danisma-Kurulu-Toplanti-Tutanagi-08.03.2023.pdf\">Dan\u0131\u015fma Kurulu Toplant\u0131 Tutana\u011f\u0131 08.03.2023<\/a><\/p>\n<p><a href=\"http:\/\/ticaret.edu.tr\/medya-ve-iletisim\/wp-content\/uploads\/sites\/14\/2025\/12\/Danisma-Kurulu-Toplanti-Tutanagi-24.01.2022.pdf\">Dan\u0131\u015fma Kurulu Toplant\u0131 Tutana\u011f\u0131 24.01.2022<\/a><\/p>\n","protected":false},"excerpt":{"rendered":"<p>&nbsp; MEDYA VE \u0130LET\u0130\u015e\u0130M B\u00d6L\u00dcM\u00dc DANI\u015eMA KURULU \u00dcYELER\u0130 Do\u00e7. Dr. G\u00f6zde Sunal KIZIL \u0130stanbul Ticaret \u00dcniversitesi B\u00f6l\u00fcm Ba\u015fkan\u0131 Prof. Dr. Celalettin AKTA\u015e \u0130stanbul Ticaret \u00dcniversitesi B\u00f6l\u00fcm \u00d6\u011fretim \u00dcyesi Do\u00e7. Dr. Berk \u00c7AYCI \u00a0\u0130stanbul Ticaret \u00dcniversitesi B\u00f6l\u00fcm \u00d6\u011fretim \u00dcyesi Do\u00e7. Dr. Kenan DUMAN \u0130stanbul Ticaret \u00dcniversitesi Kalite El\u00e7isi \u00d6\u011fr. G\u00f6r. Dr. Erkan TURAN \u0130stanbul Ticaret \u00dcniversitesi [&hellip;]<\/p>\n","protected":false},"author":43,"featured_media":0,"parent":0,"menu_order":0,"comment_status":"closed","ping_status":"closed","template":"genel_sayfa.php","meta":{"footnotes":""},"yoast_head":"<!-- This site is optimized with the Yoast SEO Premium plugin v22.1 (Yoast SEO v22.1) - https:\/\/yoast.com\/wordpress\/plugins\/seo\/ -->\n<title>B\u00f6l\u00fcm Dan\u0131\u015fma Kurulu - Medya ve \u0130leti\u015fim<\/title>\n<meta name=\"robots\" content=\"index, follow, max-snippet:-1, max-image-preview:large, max-video-preview:-1\" \/>\n<link rel=\"canonical\" href=\"https:\/\/ticaret.edu.tr\/medya-ve-iletisim\/bolum-danisma-kurulu\/\" \/>\n<meta property=\"og:locale\" content=\"tr_TR\" \/>\n<meta property=\"og:type\" content=\"article\" \/>\n<meta property=\"og:title\" content=\"B\u00f6l\u00fcm Dan\u0131\u015fma Kurulu\" \/>\n<meta property=\"og:description\" content=\"&nbsp; MEDYA VE \u0130LET\u0130\u015e\u0130M B\u00d6L\u00dcM\u00dc DANI\u015eMA KURULU \u00dcYELER\u0130 Do\u00e7. Dr. G\u00f6zde Sunal KIZIL \u0130stanbul Ticaret \u00dcniversitesi B\u00f6l\u00fcm Ba\u015fkan\u0131 Prof. Dr. Celalettin AKTA\u015e \u0130stanbul Ticaret \u00dcniversitesi B\u00f6l\u00fcm \u00d6\u011fretim \u00dcyesi Do\u00e7. Dr. Berk \u00c7AYCI \u00a0\u0130stanbul Ticaret \u00dcniversitesi B\u00f6l\u00fcm \u00d6\u011fretim \u00dcyesi Do\u00e7. Dr. Kenan DUMAN \u0130stanbul Ticaret \u00dcniversitesi Kalite El\u00e7isi \u00d6\u011fr. G\u00f6r. Dr. Erkan TURAN \u0130stanbul Ticaret \u00dcniversitesi [&hellip;]\" \/>\n<meta property=\"og:url\" content=\"https:\/\/ticaret.edu.tr\/medya-ve-iletisim\/bolum-danisma-kurulu\/\" \/>\n<meta property=\"og:site_name\" content=\"Medya ve \u0130leti\u015fim\" \/>\n<meta property=\"article:publisher\" content=\"https:\/\/www.facebook.com\/ticaretedutr\" \/>\n<meta property=\"article:modified_time\" content=\"2025-12-26T15:44:42+00:00\" \/>\n<meta property=\"og:image\" content=\"http:\/\/ticaret.edu.tr\/medya-ve-iletisim\/wp-content\/uploads\/sites\/14\/2021\/11\/web_logo-01.jpg\" \/>\n\t<meta property=\"og:image:width\" content=\"1250\" \/>\n\t<meta property=\"og:image:height\" content=\"833\" \/>\n\t<meta property=\"og:image:type\" content=\"image\/jpeg\" \/>\n<meta name=\"twitter:card\" content=\"summary_large_image\" \/>\n<meta name=\"twitter:site\" content=\"@ticaretedutr\" \/>\n<meta name=\"twitter:label1\" content=\"Tahmini okuma s\u00fcresi\" \/>\n\t<meta name=\"twitter:data1\" content=\"2 dakika\" \/>\n<script type=\"application\/ld+json\" class=\"yoast-schema-graph\">{\"@context\":\"https:\/\/schema.org\",\"@graph\":[{\"@type\":\"WebPage\",\"@id\":\"https:\/\/ticaret.edu.tr\/medya-ve-iletisim\/bolum-danisma-kurulu\/\",\"url\":\"https:\/\/ticaret.edu.tr\/medya-ve-iletisim\/bolum-danisma-kurulu\/\",\"name\":\"B\u00f6l\u00fcm Dan\u0131\u015fma Kurulu - Medya ve \u0130leti\u015fim\",\"isPartOf\":{\"@id\":\"http:\/\/ticaret.edu.tr\/medya-ve-iletisim\/#website\"},\"datePublished\":\"2025-01-26T21:14:15+00:00\",\"dateModified\":\"2025-12-26T15:44:42+00:00\",\"breadcrumb\":{\"@id\":\"https:\/\/ticaret.edu.tr\/medya-ve-iletisim\/bolum-danisma-kurulu\/#breadcrumb\"},\"inLanguage\":\"tr\",\"potentialAction\":[{\"@type\":\"ReadAction\",\"target\":[\"https:\/\/ticaret.edu.tr\/medya-ve-iletisim\/bolum-danisma-kurulu\/\"]}]},{\"@type\":\"BreadcrumbList\",\"@id\":\"https:\/\/ticaret.edu.tr\/medya-ve-iletisim\/bolum-danisma-kurulu\/#breadcrumb\",\"itemListElement\":[{\"@type\":\"ListItem\",\"position\":1,\"name\":\"Ana sayfa\",\"item\":\"http:\/\/ticaret.edu.tr\/medya-ve-iletisim\/\"},{\"@type\":\"ListItem\",\"position\":2,\"name\":\"B\u00f6l\u00fcm Dan\u0131\u015fma Kurulu\"}]},{\"@type\":\"WebSite\",\"@id\":\"http:\/\/ticaret.edu.tr\/medya-ve-iletisim\/#website\",\"url\":\"http:\/\/ticaret.edu.tr\/medya-ve-iletisim\/\",\"name\":\"Medya ve \u0130leti\u015fim\",\"description\":\"\",\"potentialAction\":[{\"@type\":\"SearchAction\",\"target\":{\"@type\":\"EntryPoint\",\"urlTemplate\":\"http:\/\/ticaret.edu.tr\/medya-ve-iletisim\/?s={search_term_string}\"},\"query-input\":\"required name=search_term_string\"}],\"inLanguage\":\"tr\"}]}<\/script>\n<!-- \/ Yoast SEO Premium plugin. -->","yoast_head_json":{"title":"B\u00f6l\u00fcm Dan\u0131\u015fma Kurulu - Medya ve \u0130leti\u015fim","robots":{"index":"index","follow":"follow","max-snippet":"max-snippet:-1","max-image-preview":"max-image-preview:large","max-video-preview":"max-video-preview:-1"},"canonical":"https:\/\/ticaret.edu.tr\/medya-ve-iletisim\/bolum-danisma-kurulu\/","og_locale":"tr_TR","og_type":"article","og_title":"B\u00f6l\u00fcm Dan\u0131\u015fma Kurulu","og_description":"&nbsp; MEDYA VE \u0130LET\u0130\u015e\u0130M B\u00d6L\u00dcM\u00dc DANI\u015eMA KURULU \u00dcYELER\u0130 Do\u00e7. Dr. G\u00f6zde Sunal KIZIL \u0130stanbul Ticaret \u00dcniversitesi B\u00f6l\u00fcm Ba\u015fkan\u0131 Prof. Dr. Celalettin AKTA\u015e \u0130stanbul Ticaret \u00dcniversitesi B\u00f6l\u00fcm \u00d6\u011fretim \u00dcyesi Do\u00e7. Dr. Berk \u00c7AYCI \u00a0\u0130stanbul Ticaret \u00dcniversitesi B\u00f6l\u00fcm \u00d6\u011fretim \u00dcyesi Do\u00e7. Dr. Kenan DUMAN \u0130stanbul Ticaret \u00dcniversitesi Kalite El\u00e7isi \u00d6\u011fr. G\u00f6r. Dr. Erkan TURAN \u0130stanbul Ticaret \u00dcniversitesi [&hellip;]","og_url":"https:\/\/ticaret.edu.tr\/medya-ve-iletisim\/bolum-danisma-kurulu\/","og_site_name":"Medya ve \u0130leti\u015fim","article_publisher":"https:\/\/www.facebook.com\/ticaretedutr","article_modified_time":"2025-12-26T15:44:42+00:00","og_image":[{"width":1250,"height":833,"url":"http:\/\/ticaret.edu.tr\/medya-ve-iletisim\/wp-content\/uploads\/sites\/14\/2021\/11\/web_logo-01.jpg","type":"image\/jpeg"}],"twitter_card":"summary_large_image","twitter_site":"@ticaretedutr","twitter_misc":{"Tahmini okuma s\u00fcresi":"2 dakika"},"schema":{"@context":"https:\/\/schema.org","@graph":[{"@type":"WebPage","@id":"https:\/\/ticaret.edu.tr\/medya-ve-iletisim\/bolum-danisma-kurulu\/","url":"https:\/\/ticaret.edu.tr\/medya-ve-iletisim\/bolum-danisma-kurulu\/","name":"B\u00f6l\u00fcm Dan\u0131\u015fma Kurulu - Medya ve \u0130leti\u015fim","isPartOf":{"@id":"http:\/\/ticaret.edu.tr\/medya-ve-iletisim\/#website"},"datePublished":"2025-01-26T21:14:15+00:00","dateModified":"2025-12-26T15:44:42+00:00","breadcrumb":{"@id":"https:\/\/ticaret.edu.tr\/medya-ve-iletisim\/bolum-danisma-kurulu\/#breadcrumb"},"inLanguage":"tr","potentialAction":[{"@type":"ReadAction","target":["https:\/\/ticaret.edu.tr\/medya-ve-iletisim\/bolum-danisma-kurulu\/"]}]},{"@type":"BreadcrumbList","@id":"https:\/\/ticaret.edu.tr\/medya-ve-iletisim\/bolum-danisma-kurulu\/#breadcrumb","itemListElement":[{"@type":"ListItem","position":1,"name":"Ana sayfa","item":"http:\/\/ticaret.edu.tr\/medya-ve-iletisim\/"},{"@type":"ListItem","position":2,"name":"B\u00f6l\u00fcm Dan\u0131\u015fma Kurulu"}]},{"@type":"WebSite","@id":"http:\/\/ticaret.edu.tr\/medya-ve-iletisim\/#website","url":"http:\/\/ticaret.edu.tr\/medya-ve-iletisim\/","name":"Medya ve \u0130leti\u015fim","description":"","potentialAction":[{"@type":"SearchAction","target":{"@type":"EntryPoint","urlTemplate":"http:\/\/ticaret.edu.tr\/medya-ve-iletisim\/?s={search_term_string}"},"query-input":"required name=search_term_string"}],"inLanguage":"tr"}]}},"lang":"tr","translations":{"en":1800,"tr":1798},"pll_sync_post":[],"_links":{"self":[{"href":"http:\/\/ticaret.edu.tr\/medya-ve-iletisim\/wp-json\/wp\/v2\/pages\/1798"}],"collection":[{"href":"http:\/\/ticaret.edu.tr\/medya-ve-iletisim\/wp-json\/wp\/v2\/pages"}],"about":[{"href":"http:\/\/ticaret.edu.tr\/medya-ve-iletisim\/wp-json\/wp\/v2\/types\/page"}],"author":[{"embeddable":true,"href":"http:\/\/ticaret.edu.tr\/medya-ve-iletisim\/wp-json\/wp\/v2\/users\/43"}],"replies":[{"embeddable":true,"href":"http:\/\/ticaret.edu.tr\/medya-ve-iletisim\/wp-json\/wp\/v2\/comments?post=1798"}],"version-history":[{"count":14,"href":"http:\/\/ticaret.edu.tr\/medya-ve-iletisim\/wp-json\/wp\/v2\/pages\/1798\/revisions"}],"predecessor-version":[{"id":2418,"href":"http:\/\/ticaret.edu.tr\/medya-ve-iletisim\/wp-json\/wp\/v2\/pages\/1798\/revisions\/2418"}],"wp:attachment":[{"href":"http:\/\/ticaret.edu.tr\/medya-ve-iletisim\/wp-json\/wp\/v2\/media?parent=1798"}],"curies":[{"name":"wp","href":"https:\/\/api.w.org\/{rel}","templated":true}]}}