{"id":221,"date":"2021-08-12T15:07:16","date_gmt":"2021-08-12T12:07:16","guid":{"rendered":"http:\/\/ticaret.edu.tr\/mtf\/?page_id=221"},"modified":"2025-02-06T17:01:03","modified_gmt":"2025-02-06T14:01:03","slug":"homepage","status":"publish","type":"page","link":"http:\/\/ticaret.edu.tr\/mimarlik-ve-tasarim-fakultesi\/en\/","title":{"rendered":"Homepage"},"content":{"rendered":"<p>The Faculty of Architecture and Design has four undergraduate programs. These are interior design, environmental design, fashion and textile design and industrial design. Our faculty offers undergraduate education with modern methods and interpretations in the departments and has been successfully continuing its educational activities for fifteen years using the latest technology and tools under the leadership of competent faculty members.<\/p>\n<p>Architecture, Fashion and Textile Design, and Industrial Design Departments are taught in Turkish. The Interior Architecture and Environmental Design Department also have thirty percent English as a language of instruction in the undergraduate program. Furthermore, in the Institute\u00a0of\u00a0Science, Architecture, Fashion and Textile Design, Conservation and Restoration programs offer education and research opportunities at a graduate level. Our students also gain experience abroad, depending on their accomplishment, through international exchange programs such as Erasmus.<\/p>\n","protected":false},"excerpt":{"rendered":"<p>The Faculty of Architecture and Design has four undergraduate programs. These are interior design, environmental design, fashion and textile design and industrial design. Our faculty offers undergraduate education with modern methods and interpretations in the departments and has been successfully continuing its educational activities for fifteen years using the latest technology and tools under the [&hellip;]<\/p>\n","protected":false},"author":149,"featured_media":0,"parent":0,"menu_order":0,"comment_status":"closed","ping_status":"closed","template":"pages\/homepage.php","meta":{"footnotes":""},"yoast_head":"<!-- This site is optimized with the Yoast SEO Premium plugin v22.1 (Yoast SEO v22.1) - https:\/\/yoast.com\/wordpress\/plugins\/seo\/ -->\n<title>Homepage - Mimarl\u0131k ve Tasar\u0131m Fak\u00fcltesi<\/title>\n<meta name=\"robots\" content=\"index, follow, max-snippet:-1, max-image-preview:large, max-video-preview:-1\" \/>\n<link rel=\"canonical\" href=\"https:\/\/ticaret.edu.tr\/mimarlik-ve-tasarim-fakultesi\/en\/\" \/>\n<meta property=\"og:locale\" content=\"tr_TR\" \/>\n<meta property=\"og:type\" content=\"article\" \/>\n<meta property=\"og:title\" content=\"Homepage\" \/>\n<meta property=\"og:description\" content=\"The Faculty of Architecture and Design has four undergraduate programs. These are interior design, environmental design, fashion and textile design and industrial design. Our faculty offers undergraduate education with modern methods and interpretations in the departments and has been successfully continuing its educational activities for fifteen years using the latest technology and tools under the [&hellip;]\" \/>\n<meta property=\"og:url\" content=\"https:\/\/ticaret.edu.tr\/mimarlik-ve-tasarim-fakultesi\/en\/\" \/>\n<meta property=\"og:site_name\" content=\"Mimarl\u0131k ve Tasar\u0131m Fak\u00fcltesi\" \/>\n<meta property=\"article:publisher\" content=\"https:\/\/www.facebook.com\/ticaretedutr\" \/>\n<meta property=\"article:modified_time\" content=\"2025-02-06T14:01:03+00:00\" \/>\n<meta property=\"og:image\" content=\"http:\/\/ticaret.edu.tr\/mimarlik-ve-tasarim-fakultesi\/wp-content\/uploads\/sites\/6\/2021\/11\/web_logo-01.jpg\" \/>\n\t<meta property=\"og:image:width\" content=\"1250\" \/>\n\t<meta property=\"og:image:height\" content=\"833\" \/>\n\t<meta property=\"og:image:type\" content=\"image\/jpeg\" \/>\n<meta name=\"twitter:card\" content=\"summary_large_image\" \/>\n<meta name=\"twitter:site\" content=\"@ticaretedutr\" \/>\n<meta name=\"twitter:label1\" content=\"Tahmini okuma s\u00fcresi\" \/>\n\t<meta name=\"twitter:data1\" content=\"1 dakika\" \/>\n<script type=\"application\/ld+json\" class=\"yoast-schema-graph\">{\"@context\":\"https:\/\/schema.org\",\"@graph\":[{\"@type\":\"WebPage\",\"@id\":\"https:\/\/ticaret.edu.tr\/mimarlik-ve-tasarim-fakultesi\/en\/\",\"url\":\"https:\/\/ticaret.edu.tr\/mimarlik-ve-tasarim-fakultesi\/en\/\",\"name\":\"Homepage - Mimarl\u0131k ve Tasar\u0131m Fak\u00fcltesi\",\"isPartOf\":{\"@id\":\"https:\/\/ticaret.edu.tr\/mimarlik-ve-tasarim-fakultesi\/en\/#website\"},\"datePublished\":\"2021-08-12T12:07:16+00:00\",\"dateModified\":\"2025-02-06T14:01:03+00:00\",\"breadcrumb\":{\"@id\":\"https:\/\/ticaret.edu.tr\/mimarlik-ve-tasarim-fakultesi\/en\/#breadcrumb\"},\"inLanguage\":\"tr\",\"potentialAction\":[{\"@type\":\"ReadAction\",\"target\":[\"https:\/\/ticaret.edu.tr\/mimarlik-ve-tasarim-fakultesi\/en\/\"]}]},{\"@type\":\"BreadcrumbList\",\"@id\":\"https:\/\/ticaret.edu.tr\/mimarlik-ve-tasarim-fakultesi\/en\/#breadcrumb\",\"itemListElement\":[{\"@type\":\"ListItem\",\"position\":1,\"name\":\"Ana sayfa\",\"item\":\"https:\/\/ticaret.edu.tr\/mimarlik-ve-tasarim-fakultesi\/\"},{\"@type\":\"ListItem\",\"position\":2,\"name\":\"Homepage\"}]},{\"@type\":\"WebSite\",\"@id\":\"https:\/\/ticaret.edu.tr\/mimarlik-ve-tasarim-fakultesi\/en\/#website\",\"url\":\"https:\/\/ticaret.edu.tr\/mimarlik-ve-tasarim-fakultesi\/en\/\",\"name\":\"Mimarl\u0131k ve Tasar\u0131m Fak\u00fcltesi\",\"description\":\"\",\"potentialAction\":[{\"@type\":\"SearchAction\",\"target\":{\"@type\":\"EntryPoint\",\"urlTemplate\":\"https:\/\/ticaret.edu.tr\/mimarlik-ve-tasarim-fakultesi\/en\/?s={search_term_string}\"},\"query-input\":\"required name=search_term_string\"}],\"inLanguage\":\"tr\"}]}<\/script>\n<!-- \/ Yoast SEO Premium plugin. -->","yoast_head_json":{"title":"Homepage - Mimarl\u0131k ve Tasar\u0131m Fak\u00fcltesi","robots":{"index":"index","follow":"follow","max-snippet":"max-snippet:-1","max-image-preview":"max-image-preview:large","max-video-preview":"max-video-preview:-1"},"canonical":"https:\/\/ticaret.edu.tr\/mimarlik-ve-tasarim-fakultesi\/en\/","og_locale":"tr_TR","og_type":"article","og_title":"Homepage","og_description":"The Faculty of Architecture and Design has four undergraduate programs. These are interior design, environmental design, fashion and textile design and industrial design. Our faculty offers undergraduate education with modern methods and interpretations in the departments and has been successfully continuing its educational activities for fifteen years using the latest technology and tools under the [&hellip;]","og_url":"https:\/\/ticaret.edu.tr\/mimarlik-ve-tasarim-fakultesi\/en\/","og_site_name":"Mimarl\u0131k ve Tasar\u0131m Fak\u00fcltesi","article_publisher":"https:\/\/www.facebook.com\/ticaretedutr","article_modified_time":"2025-02-06T14:01:03+00:00","og_image":[{"width":1250,"height":833,"url":"http:\/\/ticaret.edu.tr\/mimarlik-ve-tasarim-fakultesi\/wp-content\/uploads\/sites\/6\/2021\/11\/web_logo-01.jpg","type":"image\/jpeg"}],"twitter_card":"summary_large_image","twitter_site":"@ticaretedutr","twitter_misc":{"Tahmini okuma s\u00fcresi":"1 dakika"},"schema":{"@context":"https:\/\/schema.org","@graph":[{"@type":"WebPage","@id":"https:\/\/ticaret.edu.tr\/mimarlik-ve-tasarim-fakultesi\/en\/","url":"https:\/\/ticaret.edu.tr\/mimarlik-ve-tasarim-fakultesi\/en\/","name":"Homepage - Mimarl\u0131k ve Tasar\u0131m Fak\u00fcltesi","isPartOf":{"@id":"https:\/\/ticaret.edu.tr\/mimarlik-ve-tasarim-fakultesi\/en\/#website"},"datePublished":"2021-08-12T12:07:16+00:00","dateModified":"2025-02-06T14:01:03+00:00","breadcrumb":{"@id":"https:\/\/ticaret.edu.tr\/mimarlik-ve-tasarim-fakultesi\/en\/#breadcrumb"},"inLanguage":"tr","potentialAction":[{"@type":"ReadAction","target":["https:\/\/ticaret.edu.tr\/mimarlik-ve-tasarim-fakultesi\/en\/"]}]},{"@type":"BreadcrumbList","@id":"https:\/\/ticaret.edu.tr\/mimarlik-ve-tasarim-fakultesi\/en\/#breadcrumb","itemListElement":[{"@type":"ListItem","position":1,"name":"Ana sayfa","item":"https:\/\/ticaret.edu.tr\/mimarlik-ve-tasarim-fakultesi\/"},{"@type":"ListItem","position":2,"name":"Homepage"}]},{"@type":"WebSite","@id":"https:\/\/ticaret.edu.tr\/mimarlik-ve-tasarim-fakultesi\/en\/#website","url":"https:\/\/ticaret.edu.tr\/mimarlik-ve-tasarim-fakultesi\/en\/","name":"Mimarl\u0131k ve Tasar\u0131m Fak\u00fcltesi","description":"","potentialAction":[{"@type":"SearchAction","target":{"@type":"EntryPoint","urlTemplate":"https:\/\/ticaret.edu.tr\/mimarlik-ve-tasarim-fakultesi\/en\/?s={search_term_string}"},"query-input":"required name=search_term_string"}],"inLanguage":"tr"}]}},"lang":"en","translations":{"en":221,"tr":20},"pll_sync_post":[],"_links":{"self":[{"href":"http:\/\/ticaret.edu.tr\/mimarlik-ve-tasarim-fakultesi\/wp-json\/wp\/v2\/pages\/221"}],"collection":[{"href":"http:\/\/ticaret.edu.tr\/mimarlik-ve-tasarim-fakultesi\/wp-json\/wp\/v2\/pages"}],"about":[{"href":"http:\/\/ticaret.edu.tr\/mimarlik-ve-tasarim-fakultesi\/wp-json\/wp\/v2\/types\/page"}],"author":[{"embeddable":true,"href":"http:\/\/ticaret.edu.tr\/mimarlik-ve-tasarim-fakultesi\/wp-json\/wp\/v2\/users\/149"}],"replies":[{"embeddable":true,"href":"http:\/\/ticaret.edu.tr\/mimarlik-ve-tasarim-fakultesi\/wp-json\/wp\/v2\/comments?post=221"}],"version-history":[{"count":4,"href":"http:\/\/ticaret.edu.tr\/mimarlik-ve-tasarim-fakultesi\/wp-json\/wp\/v2\/pages\/221\/revisions"}],"predecessor-version":[{"id":594,"href":"http:\/\/ticaret.edu.tr\/mimarlik-ve-tasarim-fakultesi\/wp-json\/wp\/v2\/pages\/221\/revisions\/594"}],"wp:attachment":[{"href":"http:\/\/ticaret.edu.tr\/mimarlik-ve-tasarim-fakultesi\/wp-json\/wp\/v2\/media?parent=221"}],"curies":[{"name":"wp","href":"https:\/\/api.w.org\/{rel}","templated":true}]}}