{"id":517,"date":"2024-05-22T13:55:06","date_gmt":"2024-05-22T10:55:06","guid":{"rendered":"https:\/\/ticaret.edu.tr\/mimarlik-ve-tasarim-fakultesi\/?page_id=517"},"modified":"2026-04-09T22:07:28","modified_gmt":"2026-04-09T19:07:28","slug":"birim-kalite-komisyonu","status":"publish","type":"page","link":"http:\/\/ticaret.edu.tr\/mimarlik-ve-tasarim-fakultesi\/birim-kalite-komisyonu\/","title":{"rendered":"B\u0130R\u0130M KAL\u0130TE KOM\u0130SYONU"},"content":{"rendered":"<p><strong>M\u0130MARLIK VE TASARIM FAK\u00dcLTES\u0130 B\u0130R\u0130M KAL\u0130TE KOM\u0130SYONU<\/strong><br \/>\nProf. Dr. Berk AYVAZ &#8211; Mimarl\u0131k ve Tasar\u0131m Fak\u00fcltesi Dekan\u0131<\/p>\n<p>Dr. \u00d6\u011fr. \u00dcyesi Sacide AKIN &#8211; Mimarl\u0131k ve Tasar\u0131m Fak\u00fcltesi Dekan Yard\u0131mc\u0131s\u0131<\/p>\n<p>Do\u00e7. Dr. Leyla Suri &#8211; Mimarl\u0131k B\u00f6l\u00fcm Ba\u015fkan\u0131<\/p>\n<p>Do\u00e7. Dr. Irmak BAYBURTLU \u00c7ET\u0130NSOY &#8211; Tekstil ve Moda Tasar\u0131m\u0131 B\u00f6l\u00fcm Ba\u015fkan\u0131<\/p>\n<p>Do\u00e7 Dr. P\u0131nar \u00d6ZT\u00dcRK DEM\u0130RTA\u015e &#8211; End\u00fcstriyel Tasar\u0131m B\u00f6l\u00fcm Ba\u015fkan\u0131<\/p>\n<p>Dr. \u00d6\u011fr. \u00dcyesi Makbule Tuba BOSTANCI BASKAN &#8211; \u0130\u00e7 Mimarl\u0131k ve \u00c7evre Tasar\u0131m\u0131 B\u00f6l\u00fcm Ba\u015fkan\u0131<\/p>\n<p><span class=\"outlook-search-highlight\" data-markjs=\"true\">Esra<\/span> \u00d6ZCAN BEKARO\u011eLU\u00a0&#8211; Fak\u00fclte Sekreteri<\/p>\n<p>Alparslan TUTAR- \u00d6\u011frenci Temsilcisi<\/p>\n<p>&nbsp;<\/p>\n<p><a href=\"http:\/\/ticaret.edu.tr\/mimarlik-ve-tasarim-fakultesi\/wp-content\/uploads\/sites\/6\/2025\/12\/11.11.2025-Mimarlik-ve-Tasarim-Fakultesi-Kalite-Komisyonu-Toplanti-Tutanagi.pdf\">11.11.2025 Mimarl\u0131k ve Tasar\u0131m Faku\u0308ltesi Kalite Komisyonu Toplant\u0131 Tutanag\u0306\u0131<\/a><\/p>\n<p><a href=\"http:\/\/ticaret.edu.tr\/mimarlik-ve-tasarim-fakultesi\/wp-content\/uploads\/sites\/6\/2025\/12\/25.08.2025-Mimarlik-ve-Tasarim-Fakultesi-Kalite-Komisyonu-Toplanti-Tutanagi.pdf\">25.08.2025 Mimarl\u0131k ve Tasar\u0131m Faku\u0308ltesi Kalite Komisyonu Toplant\u0131 Tutanag\u0306\u0131<\/a><\/p>\n<p><a href=\"http:\/\/ticaret.edu.tr\/mimarlik-ve-tasarim-fakultesi\/wp-content\/uploads\/sites\/6\/2026\/04\/18.02.2026-Mimarlik-ve-Tasarim-Fakultesi-Kalite-Komisyonu-Toplanti-Tutanagi.pdf\">18.02.2026 Mimarl\u0131k ve Tasar\u0131m Faku\u0308ltesi Kalite Komisyonu Toplant\u0131 Tutanag\u0306\u0131<\/a><\/p>\n","protected":false},"excerpt":{"rendered":"<p>M\u0130MARLIK VE TASARIM FAK\u00dcLTES\u0130 B\u0130R\u0130M KAL\u0130TE KOM\u0130SYONU Prof. Dr. Berk AYVAZ &#8211; Mimarl\u0131k ve Tasar\u0131m Fak\u00fcltesi Dekan\u0131 Dr. \u00d6\u011fr. \u00dcyesi Sacide AKIN &#8211; Mimarl\u0131k ve Tasar\u0131m Fak\u00fcltesi Dekan Yard\u0131mc\u0131s\u0131 Do\u00e7. Dr. Leyla Suri &#8211; Mimarl\u0131k B\u00f6l\u00fcm Ba\u015fkan\u0131 Do\u00e7. Dr. Irmak BAYBURTLU \u00c7ET\u0130NSOY &#8211; Tekstil ve Moda Tasar\u0131m\u0131 B\u00f6l\u00fcm Ba\u015fkan\u0131 Do\u00e7 Dr. P\u0131nar \u00d6ZT\u00dcRK DEM\u0130RTA\u015e &#8211; [&hellip;]<\/p>\n","protected":false},"author":67,"featured_media":0,"parent":0,"menu_order":0,"comment_status":"closed","ping_status":"closed","template":"genel_sayfa.php","meta":{"footnotes":""},"yoast_head":"<!-- This site is optimized with the Yoast SEO Premium plugin v22.1 (Yoast SEO v22.1) - https:\/\/yoast.com\/wordpress\/plugins\/seo\/ -->\n<title>B\u0130R\u0130M KAL\u0130TE KOM\u0130SYONU - Mimarl\u0131k ve Tasar\u0131m Fak\u00fcltesi<\/title>\n<meta name=\"robots\" content=\"index, follow, max-snippet:-1, max-image-preview:large, max-video-preview:-1\" \/>\n<link rel=\"canonical\" href=\"http:\/\/ticaret.edu.tr\/mimarlik-ve-tasarim-fakultesi\/birim-kalite-komisyonu\/\" \/>\n<meta property=\"og:locale\" content=\"tr_TR\" \/>\n<meta property=\"og:type\" content=\"article\" \/>\n<meta property=\"og:title\" content=\"B\u0130R\u0130M KAL\u0130TE KOM\u0130SYONU\" \/>\n<meta property=\"og:description\" content=\"M\u0130MARLIK VE TASARIM FAK\u00dcLTES\u0130 B\u0130R\u0130M KAL\u0130TE KOM\u0130SYONU Prof. Dr. Berk AYVAZ &#8211; Mimarl\u0131k ve Tasar\u0131m Fak\u00fcltesi Dekan\u0131 Dr. \u00d6\u011fr. \u00dcyesi Sacide AKIN &#8211; Mimarl\u0131k ve Tasar\u0131m Fak\u00fcltesi Dekan Yard\u0131mc\u0131s\u0131 Do\u00e7. Dr. Leyla Suri &#8211; Mimarl\u0131k B\u00f6l\u00fcm Ba\u015fkan\u0131 Do\u00e7. Dr. Irmak BAYBURTLU \u00c7ET\u0130NSOY &#8211; Tekstil ve Moda Tasar\u0131m\u0131 B\u00f6l\u00fcm Ba\u015fkan\u0131 Do\u00e7 Dr. P\u0131nar \u00d6ZT\u00dcRK DEM\u0130RTA\u015e &#8211; [&hellip;]\" \/>\n<meta property=\"og:url\" content=\"http:\/\/ticaret.edu.tr\/mimarlik-ve-tasarim-fakultesi\/birim-kalite-komisyonu\/\" \/>\n<meta property=\"og:site_name\" content=\"Mimarl\u0131k ve Tasar\u0131m Fak\u00fcltesi\" \/>\n<meta property=\"article:publisher\" content=\"https:\/\/www.facebook.com\/ticaretedutr\" \/>\n<meta property=\"article:modified_time\" content=\"2026-04-09T19:07:28+00:00\" \/>\n<meta property=\"og:image\" content=\"http:\/\/ticaret.edu.tr\/mimarlik-ve-tasarim-fakultesi\/wp-content\/uploads\/sites\/6\/2021\/11\/web_logo-01.jpg\" \/>\n\t<meta property=\"og:image:width\" content=\"1250\" \/>\n\t<meta property=\"og:image:height\" content=\"833\" \/>\n\t<meta property=\"og:image:type\" content=\"image\/jpeg\" \/>\n<meta name=\"twitter:card\" content=\"summary_large_image\" \/>\n<meta name=\"twitter:site\" content=\"@ticaretedutr\" \/>\n<meta name=\"twitter:label1\" content=\"Tahmini okuma s\u00fcresi\" \/>\n\t<meta name=\"twitter:data1\" content=\"1 dakika\" \/>\n<script type=\"application\/ld+json\" class=\"yoast-schema-graph\">{\"@context\":\"https:\/\/schema.org\",\"@graph\":[{\"@type\":\"WebPage\",\"@id\":\"http:\/\/ticaret.edu.tr\/mimarlik-ve-tasarim-fakultesi\/birim-kalite-komisyonu\/\",\"url\":\"http:\/\/ticaret.edu.tr\/mimarlik-ve-tasarim-fakultesi\/birim-kalite-komisyonu\/\",\"name\":\"B\u0130R\u0130M KAL\u0130TE KOM\u0130SYONU - Mimarl\u0131k ve Tasar\u0131m Fak\u00fcltesi\",\"isPartOf\":{\"@id\":\"http:\/\/ticaret.edu.tr\/mimarlik-ve-tasarim-fakultesi\/#website\"},\"datePublished\":\"2024-05-22T10:55:06+00:00\",\"dateModified\":\"2026-04-09T19:07:28+00:00\",\"breadcrumb\":{\"@id\":\"http:\/\/ticaret.edu.tr\/mimarlik-ve-tasarim-fakultesi\/birim-kalite-komisyonu\/#breadcrumb\"},\"inLanguage\":\"tr\",\"potentialAction\":[{\"@type\":\"ReadAction\",\"target\":[\"http:\/\/ticaret.edu.tr\/mimarlik-ve-tasarim-fakultesi\/birim-kalite-komisyonu\/\"]}]},{\"@type\":\"BreadcrumbList\",\"@id\":\"http:\/\/ticaret.edu.tr\/mimarlik-ve-tasarim-fakultesi\/birim-kalite-komisyonu\/#breadcrumb\",\"itemListElement\":[{\"@type\":\"ListItem\",\"position\":1,\"name\":\"Ana sayfa\",\"item\":\"http:\/\/ticaret.edu.tr\/mimarlik-ve-tasarim-fakultesi\/\"},{\"@type\":\"ListItem\",\"position\":2,\"name\":\"B\u0130R\u0130M KAL\u0130TE KOM\u0130SYONU\"}]},{\"@type\":\"WebSite\",\"@id\":\"http:\/\/ticaret.edu.tr\/mimarlik-ve-tasarim-fakultesi\/#website\",\"url\":\"http:\/\/ticaret.edu.tr\/mimarlik-ve-tasarim-fakultesi\/\",\"name\":\"Mimarl\u0131k ve Tasar\u0131m Fak\u00fcltesi\",\"description\":\"\",\"potentialAction\":[{\"@type\":\"SearchAction\",\"target\":{\"@type\":\"EntryPoint\",\"urlTemplate\":\"http:\/\/ticaret.edu.tr\/mimarlik-ve-tasarim-fakultesi\/?s={search_term_string}\"},\"query-input\":\"required name=search_term_string\"}],\"inLanguage\":\"tr\"}]}<\/script>\n<!-- \/ Yoast SEO Premium plugin. -->","yoast_head_json":{"title":"B\u0130R\u0130M KAL\u0130TE KOM\u0130SYONU - Mimarl\u0131k ve Tasar\u0131m Fak\u00fcltesi","robots":{"index":"index","follow":"follow","max-snippet":"max-snippet:-1","max-image-preview":"max-image-preview:large","max-video-preview":"max-video-preview:-1"},"canonical":"http:\/\/ticaret.edu.tr\/mimarlik-ve-tasarim-fakultesi\/birim-kalite-komisyonu\/","og_locale":"tr_TR","og_type":"article","og_title":"B\u0130R\u0130M KAL\u0130TE KOM\u0130SYONU","og_description":"M\u0130MARLIK VE TASARIM FAK\u00dcLTES\u0130 B\u0130R\u0130M KAL\u0130TE KOM\u0130SYONU Prof. Dr. Berk AYVAZ &#8211; Mimarl\u0131k ve Tasar\u0131m Fak\u00fcltesi Dekan\u0131 Dr. \u00d6\u011fr. \u00dcyesi Sacide AKIN &#8211; Mimarl\u0131k ve Tasar\u0131m Fak\u00fcltesi Dekan Yard\u0131mc\u0131s\u0131 Do\u00e7. Dr. Leyla Suri &#8211; Mimarl\u0131k B\u00f6l\u00fcm Ba\u015fkan\u0131 Do\u00e7. Dr. Irmak BAYBURTLU \u00c7ET\u0130NSOY &#8211; Tekstil ve Moda Tasar\u0131m\u0131 B\u00f6l\u00fcm Ba\u015fkan\u0131 Do\u00e7 Dr. P\u0131nar \u00d6ZT\u00dcRK DEM\u0130RTA\u015e &#8211; [&hellip;]","og_url":"http:\/\/ticaret.edu.tr\/mimarlik-ve-tasarim-fakultesi\/birim-kalite-komisyonu\/","og_site_name":"Mimarl\u0131k ve Tasar\u0131m Fak\u00fcltesi","article_publisher":"https:\/\/www.facebook.com\/ticaretedutr","article_modified_time":"2026-04-09T19:07:28+00:00","og_image":[{"width":1250,"height":833,"url":"http:\/\/ticaret.edu.tr\/mimarlik-ve-tasarim-fakultesi\/wp-content\/uploads\/sites\/6\/2021\/11\/web_logo-01.jpg","type":"image\/jpeg"}],"twitter_card":"summary_large_image","twitter_site":"@ticaretedutr","twitter_misc":{"Tahmini okuma s\u00fcresi":"1 dakika"},"schema":{"@context":"https:\/\/schema.org","@graph":[{"@type":"WebPage","@id":"http:\/\/ticaret.edu.tr\/mimarlik-ve-tasarim-fakultesi\/birim-kalite-komisyonu\/","url":"http:\/\/ticaret.edu.tr\/mimarlik-ve-tasarim-fakultesi\/birim-kalite-komisyonu\/","name":"B\u0130R\u0130M KAL\u0130TE KOM\u0130SYONU - Mimarl\u0131k ve Tasar\u0131m Fak\u00fcltesi","isPartOf":{"@id":"http:\/\/ticaret.edu.tr\/mimarlik-ve-tasarim-fakultesi\/#website"},"datePublished":"2024-05-22T10:55:06+00:00","dateModified":"2026-04-09T19:07:28+00:00","breadcrumb":{"@id":"http:\/\/ticaret.edu.tr\/mimarlik-ve-tasarim-fakultesi\/birim-kalite-komisyonu\/#breadcrumb"},"inLanguage":"tr","potentialAction":[{"@type":"ReadAction","target":["http:\/\/ticaret.edu.tr\/mimarlik-ve-tasarim-fakultesi\/birim-kalite-komisyonu\/"]}]},{"@type":"BreadcrumbList","@id":"http:\/\/ticaret.edu.tr\/mimarlik-ve-tasarim-fakultesi\/birim-kalite-komisyonu\/#breadcrumb","itemListElement":[{"@type":"ListItem","position":1,"name":"Ana sayfa","item":"http:\/\/ticaret.edu.tr\/mimarlik-ve-tasarim-fakultesi\/"},{"@type":"ListItem","position":2,"name":"B\u0130R\u0130M KAL\u0130TE KOM\u0130SYONU"}]},{"@type":"WebSite","@id":"http:\/\/ticaret.edu.tr\/mimarlik-ve-tasarim-fakultesi\/#website","url":"http:\/\/ticaret.edu.tr\/mimarlik-ve-tasarim-fakultesi\/","name":"Mimarl\u0131k ve Tasar\u0131m Fak\u00fcltesi","description":"","potentialAction":[{"@type":"SearchAction","target":{"@type":"EntryPoint","urlTemplate":"http:\/\/ticaret.edu.tr\/mimarlik-ve-tasarim-fakultesi\/?s={search_term_string}"},"query-input":"required name=search_term_string"}],"inLanguage":"tr"}]}},"lang":"tr","translations":{"en":689,"tr":517},"pll_sync_post":[],"_links":{"self":[{"href":"http:\/\/ticaret.edu.tr\/mimarlik-ve-tasarim-fakultesi\/wp-json\/wp\/v2\/pages\/517"}],"collection":[{"href":"http:\/\/ticaret.edu.tr\/mimarlik-ve-tasarim-fakultesi\/wp-json\/wp\/v2\/pages"}],"about":[{"href":"http:\/\/ticaret.edu.tr\/mimarlik-ve-tasarim-fakultesi\/wp-json\/wp\/v2\/types\/page"}],"author":[{"embeddable":true,"href":"http:\/\/ticaret.edu.tr\/mimarlik-ve-tasarim-fakultesi\/wp-json\/wp\/v2\/users\/67"}],"replies":[{"embeddable":true,"href":"http:\/\/ticaret.edu.tr\/mimarlik-ve-tasarim-fakultesi\/wp-json\/wp\/v2\/comments?post=517"}],"version-history":[{"count":11,"href":"http:\/\/ticaret.edu.tr\/mimarlik-ve-tasarim-fakultesi\/wp-json\/wp\/v2\/pages\/517\/revisions"}],"predecessor-version":[{"id":1143,"href":"http:\/\/ticaret.edu.tr\/mimarlik-ve-tasarim-fakultesi\/wp-json\/wp\/v2\/pages\/517\/revisions\/1143"}],"wp:attachment":[{"href":"http:\/\/ticaret.edu.tr\/mimarlik-ve-tasarim-fakultesi\/wp-json\/wp\/v2\/media?parent=517"}],"curies":[{"name":"wp","href":"https:\/\/api.w.org\/{rel}","templated":true}]}}