{"id":521,"date":"2024-05-22T13:55:08","date_gmt":"2024-05-22T10:55:08","guid":{"rendered":"https:\/\/ticaret.edu.tr\/mimarlik-ve-tasarim-fakultesi\/?page_id=521"},"modified":"2026-03-26T15:45:33","modified_gmt":"2026-03-26T12:45:33","slug":"komisyonlar","status":"publish","type":"page","link":"http:\/\/ticaret.edu.tr\/mimarlik-ve-tasarim-fakultesi\/komisyonlar\/","title":{"rendered":"KOM\u0130SYONLAR"},"content":{"rendered":"<p><strong>END\u00dcSTR\u0130YEL TASARIM B\u00d6L\u00dcM\u00dc KAL\u0130TE KOM\u0130SYONU <\/strong><br \/>\nDo\u00e7. Dr. P\u0131nar \u00d6ZT\u00dcRK DEM\u0130RTA\u015e B\u00f6l\u00fcm Ba\u015fkan\u0131<br \/>\nDo\u00e7. Dr. \u00c7\u0131nar NARTER Se\u00e7ilmi\u015f \u00dcye<br \/>\nAr\u015f. G\u00f6r. Elif \u0130LBAY Kalite El\u00e7isi<br \/>\nFakih DEM\u0130R \u00d6\u011frenci Temsilcisi<\/p>\n<p><strong>TEKST\u0130L VE MODA TASARIMI B\u00d6L\u00dcM\u00dc KAL\u0130TE KOM\u0130SYONU <\/strong><br \/>\nDo\u00e7. Dr. Irmak BAYBURTLU \u00c7ET\u0130NSOY B\u00f6l\u00fcm Ba\u015fkan\u0131<br \/>\nDr. \u00d6\u011fr. \u00dcyesi Sema Hatun T\u00dcRKER Se\u00e7ilmi\u015f \u00dcye<br \/>\nAr\u015f.G\u00f6r. \u015eule Nur ALACATLI Kalite El\u00e7isi<br \/>\nG\u00fcne\u015f YILMAZ \u00d6\u011frenci Temsilcisi<\/p>\n<p><strong>\u0130\u00c7 M\u0130MARLIK VE \u00c7EVRE TASARIMI B\u00d6L\u00dcM\u00dc KAL\u0130TE KOM\u0130SYONU <\/strong><br \/>\nDr. \u00d6\u011fr. \u00dcyesi M. Tuba BOSTANCI BASKAN B\u00f6l\u00fcm Ba\u015fkan\u0131<br \/>\nDr.\u00d6\u011fr.\u00dcyesi Bet\u00fcl U\u00c7 KELE\u015e Se\u00e7ilmi\u015f \u00dcye<br \/>\nAr\u015f. G\u00f6r. Damla HOCAO\u011eLU T\u00dcRK Kalite El\u00e7isi<br \/>\nMuharrem \u00c7AKIR \u00d6\u011frenci Temsilcisi<\/p>\n<p><strong>M\u0130MARLIK B\u00d6L\u00dcM\u00dc KAL\u0130TE KOM\u0130SYONU <\/strong><br \/>\nDo\u00e7. Dr. Leyla SUR\u0130 B\u00f6l\u00fcm Ba\u015fkan\u0131<br \/>\nDr. \u00d6\u011fr. \u00dcyesi Sacide AKIN Se\u00e7ilmi\u015f \u00dcye<br \/>\nAr\u015f. G\u00f6r. Gizem \u00d6ZT\u00dcRK Kalite El\u00e7isi<br \/>\nAzra S\u00d6NMEZ \u00d6\u011frenci Temsilcisi<\/p>\n","protected":false},"excerpt":{"rendered":"<p>END\u00dcSTR\u0130YEL TASARIM B\u00d6L\u00dcM\u00dc KAL\u0130TE KOM\u0130SYONU Do\u00e7. Dr. P\u0131nar \u00d6ZT\u00dcRK DEM\u0130RTA\u015e B\u00f6l\u00fcm Ba\u015fkan\u0131 Do\u00e7. Dr. \u00c7\u0131nar NARTER Se\u00e7ilmi\u015f \u00dcye Ar\u015f. G\u00f6r. Elif \u0130LBAY Kalite El\u00e7isi Fakih DEM\u0130R \u00d6\u011frenci Temsilcisi TEKST\u0130L VE MODA TASARIMI B\u00d6L\u00dcM\u00dc KAL\u0130TE KOM\u0130SYONU Do\u00e7. Dr. Irmak BAYBURTLU \u00c7ET\u0130NSOY B\u00f6l\u00fcm Ba\u015fkan\u0131 Dr. \u00d6\u011fr. \u00dcyesi Sema Hatun T\u00dcRKER Se\u00e7ilmi\u015f \u00dcye Ar\u015f.G\u00f6r. \u015eule Nur ALACATLI Kalite [&hellip;]<\/p>\n","protected":false},"author":67,"featured_media":0,"parent":0,"menu_order":0,"comment_status":"closed","ping_status":"closed","template":"genel_sayfa.php","meta":{"footnotes":""},"yoast_head":"<!-- This site is optimized with the Yoast SEO Premium plugin v22.1 (Yoast SEO v22.1) - https:\/\/yoast.com\/wordpress\/plugins\/seo\/ -->\n<title>KOM\u0130SYONLAR - Mimarl\u0131k ve Tasar\u0131m Fak\u00fcltesi<\/title>\n<meta name=\"robots\" content=\"index, follow, max-snippet:-1, max-image-preview:large, max-video-preview:-1\" \/>\n<link rel=\"canonical\" href=\"http:\/\/ticaret.edu.tr\/mimarlik-ve-tasarim-fakultesi\/komisyonlar\/\" \/>\n<meta property=\"og:locale\" content=\"tr_TR\" \/>\n<meta property=\"og:type\" content=\"article\" \/>\n<meta property=\"og:title\" content=\"KOM\u0130SYONLAR\" \/>\n<meta property=\"og:description\" content=\"END\u00dcSTR\u0130YEL TASARIM B\u00d6L\u00dcM\u00dc KAL\u0130TE KOM\u0130SYONU Do\u00e7. Dr. P\u0131nar \u00d6ZT\u00dcRK DEM\u0130RTA\u015e B\u00f6l\u00fcm Ba\u015fkan\u0131 Do\u00e7. Dr. \u00c7\u0131nar NARTER Se\u00e7ilmi\u015f \u00dcye Ar\u015f. G\u00f6r. Elif \u0130LBAY Kalite El\u00e7isi Fakih DEM\u0130R \u00d6\u011frenci Temsilcisi TEKST\u0130L VE MODA TASARIMI B\u00d6L\u00dcM\u00dc KAL\u0130TE KOM\u0130SYONU Do\u00e7. Dr. Irmak BAYBURTLU \u00c7ET\u0130NSOY B\u00f6l\u00fcm Ba\u015fkan\u0131 Dr. \u00d6\u011fr. \u00dcyesi Sema Hatun T\u00dcRKER Se\u00e7ilmi\u015f \u00dcye Ar\u015f.G\u00f6r. \u015eule Nur ALACATLI Kalite [&hellip;]\" \/>\n<meta property=\"og:url\" content=\"http:\/\/ticaret.edu.tr\/mimarlik-ve-tasarim-fakultesi\/komisyonlar\/\" \/>\n<meta property=\"og:site_name\" content=\"Mimarl\u0131k ve Tasar\u0131m Fak\u00fcltesi\" \/>\n<meta property=\"article:publisher\" content=\"https:\/\/www.facebook.com\/ticaretedutr\" \/>\n<meta property=\"article:modified_time\" content=\"2026-03-26T12:45:33+00:00\" \/>\n<meta property=\"og:image\" content=\"http:\/\/ticaret.edu.tr\/mimarlik-ve-tasarim-fakultesi\/wp-content\/uploads\/sites\/6\/2021\/11\/web_logo-01.jpg\" \/>\n\t<meta property=\"og:image:width\" content=\"1250\" \/>\n\t<meta property=\"og:image:height\" content=\"833\" \/>\n\t<meta property=\"og:image:type\" content=\"image\/jpeg\" \/>\n<meta name=\"twitter:card\" content=\"summary_large_image\" \/>\n<meta name=\"twitter:site\" content=\"@ticaretedutr\" \/>\n<meta name=\"twitter:label1\" content=\"Tahmini okuma s\u00fcresi\" \/>\n\t<meta name=\"twitter:data1\" content=\"1 dakika\" \/>\n<script type=\"application\/ld+json\" class=\"yoast-schema-graph\">{\"@context\":\"https:\/\/schema.org\",\"@graph\":[{\"@type\":\"WebPage\",\"@id\":\"http:\/\/ticaret.edu.tr\/mimarlik-ve-tasarim-fakultesi\/komisyonlar\/\",\"url\":\"http:\/\/ticaret.edu.tr\/mimarlik-ve-tasarim-fakultesi\/komisyonlar\/\",\"name\":\"KOM\u0130SYONLAR - Mimarl\u0131k ve Tasar\u0131m Fak\u00fcltesi\",\"isPartOf\":{\"@id\":\"http:\/\/ticaret.edu.tr\/mimarlik-ve-tasarim-fakultesi\/#website\"},\"datePublished\":\"2024-05-22T10:55:08+00:00\",\"dateModified\":\"2026-03-26T12:45:33+00:00\",\"breadcrumb\":{\"@id\":\"http:\/\/ticaret.edu.tr\/mimarlik-ve-tasarim-fakultesi\/komisyonlar\/#breadcrumb\"},\"inLanguage\":\"tr\",\"potentialAction\":[{\"@type\":\"ReadAction\",\"target\":[\"http:\/\/ticaret.edu.tr\/mimarlik-ve-tasarim-fakultesi\/komisyonlar\/\"]}]},{\"@type\":\"BreadcrumbList\",\"@id\":\"http:\/\/ticaret.edu.tr\/mimarlik-ve-tasarim-fakultesi\/komisyonlar\/#breadcrumb\",\"itemListElement\":[{\"@type\":\"ListItem\",\"position\":1,\"name\":\"Ana sayfa\",\"item\":\"http:\/\/ticaret.edu.tr\/mimarlik-ve-tasarim-fakultesi\/\"},{\"@type\":\"ListItem\",\"position\":2,\"name\":\"KOM\u0130SYONLAR\"}]},{\"@type\":\"WebSite\",\"@id\":\"http:\/\/ticaret.edu.tr\/mimarlik-ve-tasarim-fakultesi\/#website\",\"url\":\"http:\/\/ticaret.edu.tr\/mimarlik-ve-tasarim-fakultesi\/\",\"name\":\"Mimarl\u0131k ve Tasar\u0131m Fak\u00fcltesi\",\"description\":\"\",\"potentialAction\":[{\"@type\":\"SearchAction\",\"target\":{\"@type\":\"EntryPoint\",\"urlTemplate\":\"http:\/\/ticaret.edu.tr\/mimarlik-ve-tasarim-fakultesi\/?s={search_term_string}\"},\"query-input\":\"required name=search_term_string\"}],\"inLanguage\":\"tr\"}]}<\/script>\n<!-- \/ Yoast SEO Premium plugin. -->","yoast_head_json":{"title":"KOM\u0130SYONLAR - Mimarl\u0131k ve Tasar\u0131m Fak\u00fcltesi","robots":{"index":"index","follow":"follow","max-snippet":"max-snippet:-1","max-image-preview":"max-image-preview:large","max-video-preview":"max-video-preview:-1"},"canonical":"http:\/\/ticaret.edu.tr\/mimarlik-ve-tasarim-fakultesi\/komisyonlar\/","og_locale":"tr_TR","og_type":"article","og_title":"KOM\u0130SYONLAR","og_description":"END\u00dcSTR\u0130YEL TASARIM B\u00d6L\u00dcM\u00dc KAL\u0130TE KOM\u0130SYONU Do\u00e7. Dr. P\u0131nar \u00d6ZT\u00dcRK DEM\u0130RTA\u015e B\u00f6l\u00fcm Ba\u015fkan\u0131 Do\u00e7. Dr. \u00c7\u0131nar NARTER Se\u00e7ilmi\u015f \u00dcye Ar\u015f. G\u00f6r. Elif \u0130LBAY Kalite El\u00e7isi Fakih DEM\u0130R \u00d6\u011frenci Temsilcisi TEKST\u0130L VE MODA TASARIMI B\u00d6L\u00dcM\u00dc KAL\u0130TE KOM\u0130SYONU Do\u00e7. Dr. Irmak BAYBURTLU \u00c7ET\u0130NSOY B\u00f6l\u00fcm Ba\u015fkan\u0131 Dr. \u00d6\u011fr. \u00dcyesi Sema Hatun T\u00dcRKER Se\u00e7ilmi\u015f \u00dcye Ar\u015f.G\u00f6r. \u015eule Nur ALACATLI Kalite [&hellip;]","og_url":"http:\/\/ticaret.edu.tr\/mimarlik-ve-tasarim-fakultesi\/komisyonlar\/","og_site_name":"Mimarl\u0131k ve Tasar\u0131m Fak\u00fcltesi","article_publisher":"https:\/\/www.facebook.com\/ticaretedutr","article_modified_time":"2026-03-26T12:45:33+00:00","og_image":[{"width":1250,"height":833,"url":"http:\/\/ticaret.edu.tr\/mimarlik-ve-tasarim-fakultesi\/wp-content\/uploads\/sites\/6\/2021\/11\/web_logo-01.jpg","type":"image\/jpeg"}],"twitter_card":"summary_large_image","twitter_site":"@ticaretedutr","twitter_misc":{"Tahmini okuma s\u00fcresi":"1 dakika"},"schema":{"@context":"https:\/\/schema.org","@graph":[{"@type":"WebPage","@id":"http:\/\/ticaret.edu.tr\/mimarlik-ve-tasarim-fakultesi\/komisyonlar\/","url":"http:\/\/ticaret.edu.tr\/mimarlik-ve-tasarim-fakultesi\/komisyonlar\/","name":"KOM\u0130SYONLAR - Mimarl\u0131k ve Tasar\u0131m Fak\u00fcltesi","isPartOf":{"@id":"http:\/\/ticaret.edu.tr\/mimarlik-ve-tasarim-fakultesi\/#website"},"datePublished":"2024-05-22T10:55:08+00:00","dateModified":"2026-03-26T12:45:33+00:00","breadcrumb":{"@id":"http:\/\/ticaret.edu.tr\/mimarlik-ve-tasarim-fakultesi\/komisyonlar\/#breadcrumb"},"inLanguage":"tr","potentialAction":[{"@type":"ReadAction","target":["http:\/\/ticaret.edu.tr\/mimarlik-ve-tasarim-fakultesi\/komisyonlar\/"]}]},{"@type":"BreadcrumbList","@id":"http:\/\/ticaret.edu.tr\/mimarlik-ve-tasarim-fakultesi\/komisyonlar\/#breadcrumb","itemListElement":[{"@type":"ListItem","position":1,"name":"Ana sayfa","item":"http:\/\/ticaret.edu.tr\/mimarlik-ve-tasarim-fakultesi\/"},{"@type":"ListItem","position":2,"name":"KOM\u0130SYONLAR"}]},{"@type":"WebSite","@id":"http:\/\/ticaret.edu.tr\/mimarlik-ve-tasarim-fakultesi\/#website","url":"http:\/\/ticaret.edu.tr\/mimarlik-ve-tasarim-fakultesi\/","name":"Mimarl\u0131k ve Tasar\u0131m Fak\u00fcltesi","description":"","potentialAction":[{"@type":"SearchAction","target":{"@type":"EntryPoint","urlTemplate":"http:\/\/ticaret.edu.tr\/mimarlik-ve-tasarim-fakultesi\/?s={search_term_string}"},"query-input":"required name=search_term_string"}],"inLanguage":"tr"}]}},"lang":"tr","translations":{"en":655,"tr":521},"pll_sync_post":[],"_links":{"self":[{"href":"http:\/\/ticaret.edu.tr\/mimarlik-ve-tasarim-fakultesi\/wp-json\/wp\/v2\/pages\/521"}],"collection":[{"href":"http:\/\/ticaret.edu.tr\/mimarlik-ve-tasarim-fakultesi\/wp-json\/wp\/v2\/pages"}],"about":[{"href":"http:\/\/ticaret.edu.tr\/mimarlik-ve-tasarim-fakultesi\/wp-json\/wp\/v2\/types\/page"}],"author":[{"embeddable":true,"href":"http:\/\/ticaret.edu.tr\/mimarlik-ve-tasarim-fakultesi\/wp-json\/wp\/v2\/users\/67"}],"replies":[{"embeddable":true,"href":"http:\/\/ticaret.edu.tr\/mimarlik-ve-tasarim-fakultesi\/wp-json\/wp\/v2\/comments?post=521"}],"version-history":[{"count":10,"href":"http:\/\/ticaret.edu.tr\/mimarlik-ve-tasarim-fakultesi\/wp-json\/wp\/v2\/pages\/521\/revisions"}],"predecessor-version":[{"id":1103,"href":"http:\/\/ticaret.edu.tr\/mimarlik-ve-tasarim-fakultesi\/wp-json\/wp\/v2\/pages\/521\/revisions\/1103"}],"wp:attachment":[{"href":"http:\/\/ticaret.edu.tr\/mimarlik-ve-tasarim-fakultesi\/wp-json\/wp\/v2\/media?parent=521"}],"curies":[{"name":"wp","href":"https:\/\/api.w.org\/{rel}","templated":true}]}}