{"id":1791,"date":"2025-01-27T13:29:11","date_gmt":"2025-01-27T10:29:11","guid":{"rendered":"https:\/\/ticaret.edu.tr\/mimarlik\/?page_id=1791"},"modified":"2025-10-20T10:47:57","modified_gmt":"2025-10-20T07:47:57","slug":"bir-ust-dereceye-gecis","status":"publish","type":"page","link":"http:\/\/ticaret.edu.tr\/mimarlik\/bir-ust-dereceye-gecis\/","title":{"rendered":"Bir \u00dcst Dereceye Ge\u00e7i\u015f"},"content":{"rendered":"<p data-start=\"237\" data-end=\"418\">Programdan mezun olan \u00f6\u011frencilerimiz, alanlar\u0131nda derinle\u015fmek ve akademik kariyerlerine devam etmek amac\u0131yla <strong data-start=\"346\" data-end=\"390\">y\u00fcksek lisans veya doktora programlar\u0131na<\/strong> ba\u015fvuruda bulunabilirler.<\/p>\n<p data-start=\"420\" data-end=\"635\">Bu sayfa, \u00f6\u011frencilerimizin bir \u00fcst dereceye ge\u00e7i\u015f, akademik seviye ilerlemesi veya farkl\u0131 diploma programlar\u0131na yatay\/dikey ge\u00e7i\u015f s\u00fcre\u00e7leri hakk\u0131nda bilgi edinmelerine yard\u0131mc\u0131 olmak i\u00e7in haz\u0131rlanm\u0131\u015ft\u0131r.<\/p>\n<p data-start=\"420\" data-end=\"635\">Ge\u00e7i\u015f ko\u015fullar\u0131, ba\u015fvuru s\u00fcre\u00e7leri ve de\u011ferlendirme kriterleriyle ilgili detayl\u0131 bilgilere <strong data-start=\"728\" data-end=\"752\">ilgili y\u00f6netmelikten<\/strong> ula\u015fabilirsiniz.<\/p>\n<p data-start=\"420\" data-end=\"635\"><strong>Y\u00f6netmelik i\u00e7in t\u0131klay\u0131n\u0131z: <\/strong><a href=\"https:\/\/www.mevzuat.gov.tr\/mevzuat?MevzuatNo=23714&amp;MevzuatTur=8&amp;MevzuatTertip=5\" target=\"_blank\" rel=\"noopener\">Lisans\u00fcst\u00fc E\u011fitim ve \u00d6\u011fretim Y\u00f6netmeli\u011fi<\/a><\/p>\n","protected":false},"excerpt":{"rendered":"<p>Programdan mezun olan \u00f6\u011frencilerimiz, alanlar\u0131nda derinle\u015fmek ve akademik kariyerlerine devam etmek amac\u0131yla y\u00fcksek lisans veya doktora programlar\u0131na ba\u015fvuruda bulunabilirler. Bu sayfa, \u00f6\u011frencilerimizin bir \u00fcst dereceye ge\u00e7i\u015f, akademik seviye ilerlemesi veya farkl\u0131 diploma programlar\u0131na yatay\/dikey ge\u00e7i\u015f s\u00fcre\u00e7leri hakk\u0131nda bilgi edinmelerine yard\u0131mc\u0131 olmak i\u00e7in haz\u0131rlanm\u0131\u015ft\u0131r. Ge\u00e7i\u015f ko\u015fullar\u0131, ba\u015fvuru s\u00fcre\u00e7leri ve de\u011ferlendirme kriterleriyle ilgili detayl\u0131 bilgilere ilgili y\u00f6netmelikten [&hellip;]<\/p>\n","protected":false},"author":225,"featured_media":0,"parent":0,"menu_order":0,"comment_status":"closed","ping_status":"closed","template":"genel_sayfa.php","meta":{"footnotes":""},"yoast_head":"<!-- This site is optimized with the Yoast SEO Premium plugin v22.1 (Yoast SEO v22.1) - https:\/\/yoast.com\/wordpress\/plugins\/seo\/ -->\n<title>Bir \u00dcst Dereceye Ge\u00e7i\u015f - Mimarl\u0131k<\/title>\n<meta name=\"description\" content=\"Programdan mezun olan \u00f6\u011frencilerimiz, alanlar\u0131nda derinle\u015fmek ve akademik kariyerlerine devam etmek amac\u0131yla y\u00fcksek lisans veya doktora programlar\u0131na ba\u015fvuruda bulunabilirler.\" \/>\n<meta name=\"robots\" content=\"index, follow, max-snippet:-1, max-image-preview:large, max-video-preview:-1\" \/>\n<link rel=\"canonical\" href=\"http:\/\/ticaret.edu.tr\/mimarlik\/bir-ust-dereceye-gecis\/\" \/>\n<meta property=\"og:locale\" content=\"tr_TR\" \/>\n<meta property=\"og:type\" content=\"article\" \/>\n<meta property=\"og:title\" content=\"Bir \u00dcst Dereceye Ge\u00e7i\u015f\" \/>\n<meta property=\"og:description\" content=\"Programdan mezun olan \u00f6\u011frencilerimiz, alanlar\u0131nda derinle\u015fmek ve akademik kariyerlerine devam etmek amac\u0131yla y\u00fcksek lisans veya doktora programlar\u0131na ba\u015fvuruda bulunabilirler.\" \/>\n<meta property=\"og:url\" content=\"http:\/\/ticaret.edu.tr\/mimarlik\/bir-ust-dereceye-gecis\/\" \/>\n<meta property=\"og:site_name\" content=\"Mimarl\u0131k\" \/>\n<meta property=\"article:publisher\" content=\"https:\/\/www.facebook.com\/ticaretedutr\" \/>\n<meta property=\"article:modified_time\" content=\"2025-10-20T07:47:57+00:00\" \/>\n<meta name=\"twitter:card\" content=\"summary_large_image\" \/>\n<meta name=\"twitter:site\" content=\"@ticaretedutr\" \/>\n<meta name=\"twitter:label1\" content=\"Tahmini okuma s\u00fcresi\" \/>\n\t<meta name=\"twitter:data1\" content=\"1 dakika\" \/>\n<script type=\"application\/ld+json\" class=\"yoast-schema-graph\">{\"@context\":\"https:\/\/schema.org\",\"@graph\":[{\"@type\":\"WebPage\",\"@id\":\"http:\/\/ticaret.edu.tr\/mimarlik\/bir-ust-dereceye-gecis\/\",\"url\":\"http:\/\/ticaret.edu.tr\/mimarlik\/bir-ust-dereceye-gecis\/\",\"name\":\"Bir \u00dcst Dereceye Ge\u00e7i\u015f - Mimarl\u0131k\",\"isPartOf\":{\"@id\":\"https:\/\/ticaret.edu.tr\/mimarlik\/#website\"},\"datePublished\":\"2025-01-27T10:29:11+00:00\",\"dateModified\":\"2025-10-20T07:47:57+00:00\",\"description\":\"Programdan mezun olan \u00f6\u011frencilerimiz, alanlar\u0131nda derinle\u015fmek ve akademik kariyerlerine devam etmek amac\u0131yla y\u00fcksek lisans veya doktora programlar\u0131na ba\u015fvuruda bulunabilirler.\",\"breadcrumb\":{\"@id\":\"http:\/\/ticaret.edu.tr\/mimarlik\/bir-ust-dereceye-gecis\/#breadcrumb\"},\"inLanguage\":\"tr\",\"potentialAction\":[{\"@type\":\"ReadAction\",\"target\":[\"http:\/\/ticaret.edu.tr\/mimarlik\/bir-ust-dereceye-gecis\/\"]}]},{\"@type\":\"BreadcrumbList\",\"@id\":\"http:\/\/ticaret.edu.tr\/mimarlik\/bir-ust-dereceye-gecis\/#breadcrumb\",\"itemListElement\":[{\"@type\":\"ListItem\",\"position\":1,\"name\":\"Ana sayfa\",\"item\":\"https:\/\/ticaret.edu.tr\/mimarlik\/\"},{\"@type\":\"ListItem\",\"position\":2,\"name\":\"Bir \u00dcst Dereceye Ge\u00e7i\u015f\"}]},{\"@type\":\"WebSite\",\"@id\":\"https:\/\/ticaret.edu.tr\/mimarlik\/#website\",\"url\":\"https:\/\/ticaret.edu.tr\/mimarlik\/\",\"name\":\"Mimarl\u0131k\",\"description\":\"\",\"potentialAction\":[{\"@type\":\"SearchAction\",\"target\":{\"@type\":\"EntryPoint\",\"urlTemplate\":\"https:\/\/ticaret.edu.tr\/mimarlik\/?s={search_term_string}\"},\"query-input\":\"required name=search_term_string\"}],\"inLanguage\":\"tr\"}]}<\/script>\n<!-- \/ Yoast SEO Premium plugin. -->","yoast_head_json":{"title":"Bir \u00dcst Dereceye Ge\u00e7i\u015f - Mimarl\u0131k","description":"Programdan mezun olan \u00f6\u011frencilerimiz, alanlar\u0131nda derinle\u015fmek ve akademik kariyerlerine devam etmek amac\u0131yla y\u00fcksek lisans veya doktora programlar\u0131na ba\u015fvuruda bulunabilirler.","robots":{"index":"index","follow":"follow","max-snippet":"max-snippet:-1","max-image-preview":"max-image-preview:large","max-video-preview":"max-video-preview:-1"},"canonical":"http:\/\/ticaret.edu.tr\/mimarlik\/bir-ust-dereceye-gecis\/","og_locale":"tr_TR","og_type":"article","og_title":"Bir \u00dcst Dereceye Ge\u00e7i\u015f","og_description":"Programdan mezun olan \u00f6\u011frencilerimiz, alanlar\u0131nda derinle\u015fmek ve akademik kariyerlerine devam etmek amac\u0131yla y\u00fcksek lisans veya doktora programlar\u0131na ba\u015fvuruda bulunabilirler.","og_url":"http:\/\/ticaret.edu.tr\/mimarlik\/bir-ust-dereceye-gecis\/","og_site_name":"Mimarl\u0131k","article_publisher":"https:\/\/www.facebook.com\/ticaretedutr","article_modified_time":"2025-10-20T07:47:57+00:00","twitter_card":"summary_large_image","twitter_site":"@ticaretedutr","twitter_misc":{"Tahmini okuma s\u00fcresi":"1 dakika"},"schema":{"@context":"https:\/\/schema.org","@graph":[{"@type":"WebPage","@id":"http:\/\/ticaret.edu.tr\/mimarlik\/bir-ust-dereceye-gecis\/","url":"http:\/\/ticaret.edu.tr\/mimarlik\/bir-ust-dereceye-gecis\/","name":"Bir \u00dcst Dereceye Ge\u00e7i\u015f - Mimarl\u0131k","isPartOf":{"@id":"https:\/\/ticaret.edu.tr\/mimarlik\/#website"},"datePublished":"2025-01-27T10:29:11+00:00","dateModified":"2025-10-20T07:47:57+00:00","description":"Programdan mezun olan \u00f6\u011frencilerimiz, alanlar\u0131nda derinle\u015fmek ve akademik kariyerlerine devam etmek amac\u0131yla y\u00fcksek lisans veya doktora programlar\u0131na ba\u015fvuruda bulunabilirler.","breadcrumb":{"@id":"http:\/\/ticaret.edu.tr\/mimarlik\/bir-ust-dereceye-gecis\/#breadcrumb"},"inLanguage":"tr","potentialAction":[{"@type":"ReadAction","target":["http:\/\/ticaret.edu.tr\/mimarlik\/bir-ust-dereceye-gecis\/"]}]},{"@type":"BreadcrumbList","@id":"http:\/\/ticaret.edu.tr\/mimarlik\/bir-ust-dereceye-gecis\/#breadcrumb","itemListElement":[{"@type":"ListItem","position":1,"name":"Ana sayfa","item":"https:\/\/ticaret.edu.tr\/mimarlik\/"},{"@type":"ListItem","position":2,"name":"Bir \u00dcst Dereceye Ge\u00e7i\u015f"}]},{"@type":"WebSite","@id":"https:\/\/ticaret.edu.tr\/mimarlik\/#website","url":"https:\/\/ticaret.edu.tr\/mimarlik\/","name":"Mimarl\u0131k","description":"","potentialAction":[{"@type":"SearchAction","target":{"@type":"EntryPoint","urlTemplate":"https:\/\/ticaret.edu.tr\/mimarlik\/?s={search_term_string}"},"query-input":"required name=search_term_string"}],"inLanguage":"tr"}]}},"lang":"tr","translations":{"tr":1791,"en":1963},"pll_sync_post":[],"_links":{"self":[{"href":"http:\/\/ticaret.edu.tr\/mimarlik\/wp-json\/wp\/v2\/pages\/1791"}],"collection":[{"href":"http:\/\/ticaret.edu.tr\/mimarlik\/wp-json\/wp\/v2\/pages"}],"about":[{"href":"http:\/\/ticaret.edu.tr\/mimarlik\/wp-json\/wp\/v2\/types\/page"}],"author":[{"embeddable":true,"href":"http:\/\/ticaret.edu.tr\/mimarlik\/wp-json\/wp\/v2\/users\/225"}],"replies":[{"embeddable":true,"href":"http:\/\/ticaret.edu.tr\/mimarlik\/wp-json\/wp\/v2\/comments?post=1791"}],"version-history":[{"count":7,"href":"http:\/\/ticaret.edu.tr\/mimarlik\/wp-json\/wp\/v2\/pages\/1791\/revisions"}],"predecessor-version":[{"id":2510,"href":"http:\/\/ticaret.edu.tr\/mimarlik\/wp-json\/wp\/v2\/pages\/1791\/revisions\/2510"}],"wp:attachment":[{"href":"http:\/\/ticaret.edu.tr\/mimarlik\/wp-json\/wp\/v2\/media?parent=1791"}],"curies":[{"name":"wp","href":"https:\/\/api.w.org\/{rel}","templated":true}]}}