{"id":1793,"date":"2025-01-27T13:29:21","date_gmt":"2025-01-27T10:29:21","guid":{"rendered":"https:\/\/ticaret.edu.tr\/mimarlik\/?page_id=1793"},"modified":"2025-10-10T10:36:05","modified_gmt":"2025-10-10T07:36:05","slug":"program-egitim-amaclari","status":"publish","type":"page","link":"http:\/\/ticaret.edu.tr\/mimarlik\/program-egitim-amaclari\/","title":{"rendered":"Program E\u011fitim Ama\u00e7lar\u0131"},"content":{"rendered":"<p data-start=\"217\" data-end=\"490\">\u00d6\u011frencilerimize; temel bilgileri b\u00fct\u00fcnc\u00fcl bir \u015fekilde harmanlayarak objeden mek\u00e2na, a\u00e7\u0131k alandan kapal\u0131 alana uzanan, \u00e7evre hakk\u0131 ile kul hakk\u0131 aras\u0131ndaki dengeyi g\u00f6zeten, <strong>sa\u011flam, i\u015flevsel ve estetik mek\u00e2nlar tasarlayabilme becerisi kazand\u0131rmay\u0131<\/strong> hedefliyoruz.<\/p>\n<p data-start=\"492\" data-end=\"602\">Bu do\u011frultuda program\u0131m\u0131z, \u00f6\u011frencilerimize a\u015fa\u011f\u0131daki bilgi, beceri ve de\u011ferleri kazand\u0131rmay\u0131 ama\u00e7lamaktad\u0131r:<\/p>\n<ul data-start=\"604\" data-end=\"1673\">\n<li data-start=\"604\" data-end=\"739\">\n<p data-start=\"606\" data-end=\"739\">Analitik d\u00fc\u015f\u00fcnebilen, ara\u015ft\u0131ran, sorgulayan ve kendini s\u00fcrekli geli\u015ftiren, yeniliklere a\u00e7\u0131k, yarat\u0131c\u0131 bireyler olarak yeti\u015fmek,<\/p>\n<\/li>\n<li data-start=\"740\" data-end=\"911\">\n<p data-start=\"742\" data-end=\"911\">Tasar\u0131mda disiplinleraras\u0131 i\u015fbirli\u011finin \u00f6nemini kavramak, insan ve toplumun taleplerini, yap\u0131-\u00e7evre ili\u015fkilerini tarafs\u0131z ve ger\u00e7ek\u00e7i bi\u00e7imde analiz edebilmek,<\/p>\n<\/li>\n<li data-start=\"912\" data-end=\"1038\">\n<p data-start=\"914\" data-end=\"1038\">K\u00fclt\u00fcrel miras\u0131n, yap\u0131n\u0131n ve \u00e7evrenin \u00f6zg\u00fcn kimli\u011fini belirleyen somut ve somut olmayan de\u011ferlerin fark\u0131na varmak,<\/p>\n<\/li>\n<li data-start=\"1039\" data-end=\"1272\">\n<p data-start=\"1041\" data-end=\"1272\">Do\u011fal ve k\u00fclt\u00fcrel kaynaklar\u0131n s\u00fcrd\u00fcr\u00fclebilirli\u011finin \u00f6nemini anlamak; yap\u0131lar\u0131n uzun \u00f6m\u00fcrl\u00fc olmas\u0131n\u0131 sa\u011flayacak ta\u015f\u0131y\u0131c\u0131 sistem, str\u00fckt\u00fcr, malzeme, fiziksel konfor, zemin ve \u00e7evre \u00f6zelliklerini t\u00fcm boyutlar\u0131yla ara\u015ft\u0131rmak,<\/p>\n<\/li>\n<li data-start=\"1273\" data-end=\"1357\">\n<p data-start=\"1275\" data-end=\"1357\">S\u00fcre\u00e7te elde edilen bilgiyi estetik bir yakla\u015f\u0131mla tasar\u0131ma d\u00f6n\u00fc\u015ft\u00fcrebilmek,<\/p>\n<\/li>\n<li data-start=\"1358\" data-end=\"1495\">\n<p data-start=\"1360\" data-end=\"1495\">Tasar\u0131m, \u00fcretim ve kullan\u0131m s\u00fcre\u00e7lerinin t\u00fcm a\u015famalar\u0131nda; i\u015fleyi\u015f, mevzuat ve mesleki sorumluluklar hakk\u0131nda bilgi sahibi olmak,<\/p>\n<\/li>\n<li data-start=\"1496\" data-end=\"1673\">\n<p data-start=\"1498\" data-end=\"1673\">Proje s\u00fcrecinde teknik bilgi, estetik yakla\u015f\u0131m, \u00f6zg\u00fcven ve etkili ileti\u015fim yetilerini geli\u015ftirerek, ilgili disiplinlerle uyumlu bir koordinasyon i\u00e7inde \u00e7al\u0131\u015fabilmek.<\/p>\n<\/li>\n<\/ul>\n<p data-start=\"1675\" data-end=\"1859\">Bu kapsamda, \u00f6\u011frencilerimizin<strong> mesleki yeterliliklerini g\u00fc\u00e7lendiren, etik de\u011ferlere dayal\u0131, \u00e7a\u011fda\u015f ve s\u00fcrd\u00fcr\u00fclebilir bir mimarl\u0131k anlay\u0131\u015f\u0131 geli\u015ftirmeleri<\/strong> hedeflenmektedir.<\/p>\n","protected":false},"excerpt":{"rendered":"<p>\u00d6\u011frencilerimize; temel bilgileri b\u00fct\u00fcnc\u00fcl bir \u015fekilde harmanlayarak objeden mek\u00e2na, a\u00e7\u0131k alandan kapal\u0131 alana uzanan, \u00e7evre hakk\u0131 ile kul hakk\u0131 aras\u0131ndaki dengeyi g\u00f6zeten, sa\u011flam, i\u015flevsel ve estetik mek\u00e2nlar tasarlayabilme becerisi kazand\u0131rmay\u0131 hedefliyoruz. Bu do\u011frultuda program\u0131m\u0131z, \u00f6\u011frencilerimize a\u015fa\u011f\u0131daki bilgi, beceri ve de\u011ferleri kazand\u0131rmay\u0131 ama\u00e7lamaktad\u0131r: Analitik d\u00fc\u015f\u00fcnebilen, ara\u015ft\u0131ran, sorgulayan ve kendini s\u00fcrekli geli\u015ftiren, yeniliklere a\u00e7\u0131k, yarat\u0131c\u0131 bireyler olarak [&hellip;]<\/p>\n","protected":false},"author":225,"featured_media":0,"parent":0,"menu_order":0,"comment_status":"closed","ping_status":"closed","template":"genel_sayfa.php","meta":{"footnotes":""},"yoast_head":"<!-- This site is optimized with the Yoast SEO Premium plugin v22.1 (Yoast SEO v22.1) - https:\/\/yoast.com\/wordpress\/plugins\/seo\/ -->\n<title>Program E\u011fitim Ama\u00e7lar\u0131 - Mimarl\u0131k<\/title>\n<meta name=\"description\" content=\"Mimarl\u0131k B\u00f6l\u00fcm\u00fc \u00f6\u011frencilerimize; temel bilgileri b\u00fct\u00fcnc\u00fcl bir \u015fekilde harmanlayarak sa\u011flam, i\u015flevsel ve estetik mek\u00e2nlar tasarlayabilme becerisi kazand\u0131rmay\u0131 hedefliyoruz.\" \/>\n<meta name=\"robots\" content=\"index, follow, max-snippet:-1, max-image-preview:large, max-video-preview:-1\" \/>\n<link rel=\"canonical\" href=\"http:\/\/ticaret.edu.tr\/mimarlik\/program-egitim-amaclari\/\" \/>\n<meta property=\"og:locale\" content=\"tr_TR\" \/>\n<meta property=\"og:type\" content=\"article\" \/>\n<meta property=\"og:title\" content=\"Program E\u011fitim Ama\u00e7lar\u0131\" \/>\n<meta property=\"og:description\" content=\"Mimarl\u0131k B\u00f6l\u00fcm\u00fc \u00f6\u011frencilerimize; temel bilgileri b\u00fct\u00fcnc\u00fcl bir \u015fekilde harmanlayarak sa\u011flam, i\u015flevsel ve estetik mek\u00e2nlar tasarlayabilme becerisi kazand\u0131rmay\u0131 hedefliyoruz.\" \/>\n<meta property=\"og:url\" content=\"http:\/\/ticaret.edu.tr\/mimarlik\/program-egitim-amaclari\/\" \/>\n<meta property=\"og:site_name\" content=\"Mimarl\u0131k\" \/>\n<meta property=\"article:publisher\" content=\"https:\/\/www.facebook.com\/ticaretedutr\" \/>\n<meta property=\"article:modified_time\" content=\"2025-10-10T07:36:05+00:00\" \/>\n<meta name=\"twitter:card\" content=\"summary_large_image\" \/>\n<meta name=\"twitter:site\" content=\"@ticaretedutr\" \/>\n<meta name=\"twitter:label1\" content=\"Tahmini okuma s\u00fcresi\" \/>\n\t<meta name=\"twitter:data1\" content=\"2 dakika\" \/>\n<script type=\"application\/ld+json\" class=\"yoast-schema-graph\">{\"@context\":\"https:\/\/schema.org\",\"@graph\":[{\"@type\":\"WebPage\",\"@id\":\"http:\/\/ticaret.edu.tr\/mimarlik\/program-egitim-amaclari\/\",\"url\":\"http:\/\/ticaret.edu.tr\/mimarlik\/program-egitim-amaclari\/\",\"name\":\"Program E\u011fitim Ama\u00e7lar\u0131 - Mimarl\u0131k\",\"isPartOf\":{\"@id\":\"http:\/\/ticaret.edu.tr\/mimarlik\/#website\"},\"datePublished\":\"2025-01-27T10:29:21+00:00\",\"dateModified\":\"2025-10-10T07:36:05+00:00\",\"description\":\"Mimarl\u0131k B\u00f6l\u00fcm\u00fc \u00f6\u011frencilerimize; temel bilgileri b\u00fct\u00fcnc\u00fcl bir \u015fekilde harmanlayarak sa\u011flam, i\u015flevsel ve estetik mek\u00e2nlar tasarlayabilme becerisi kazand\u0131rmay\u0131 hedefliyoruz.\",\"breadcrumb\":{\"@id\":\"http:\/\/ticaret.edu.tr\/mimarlik\/program-egitim-amaclari\/#breadcrumb\"},\"inLanguage\":\"tr\",\"potentialAction\":[{\"@type\":\"ReadAction\",\"target\":[\"http:\/\/ticaret.edu.tr\/mimarlik\/program-egitim-amaclari\/\"]}]},{\"@type\":\"BreadcrumbList\",\"@id\":\"http:\/\/ticaret.edu.tr\/mimarlik\/program-egitim-amaclari\/#breadcrumb\",\"itemListElement\":[{\"@type\":\"ListItem\",\"position\":1,\"name\":\"Ana sayfa\",\"item\":\"http:\/\/ticaret.edu.tr\/mimarlik\/\"},{\"@type\":\"ListItem\",\"position\":2,\"name\":\"Program E\u011fitim Ama\u00e7lar\u0131\"}]},{\"@type\":\"WebSite\",\"@id\":\"http:\/\/ticaret.edu.tr\/mimarlik\/#website\",\"url\":\"http:\/\/ticaret.edu.tr\/mimarlik\/\",\"name\":\"Mimarl\u0131k\",\"description\":\"\",\"potentialAction\":[{\"@type\":\"SearchAction\",\"target\":{\"@type\":\"EntryPoint\",\"urlTemplate\":\"http:\/\/ticaret.edu.tr\/mimarlik\/?s={search_term_string}\"},\"query-input\":\"required name=search_term_string\"}],\"inLanguage\":\"tr\"}]}<\/script>\n<!-- \/ Yoast SEO Premium plugin. -->","yoast_head_json":{"title":"Program E\u011fitim Ama\u00e7lar\u0131 - Mimarl\u0131k","description":"Mimarl\u0131k B\u00f6l\u00fcm\u00fc \u00f6\u011frencilerimize; temel bilgileri b\u00fct\u00fcnc\u00fcl bir \u015fekilde harmanlayarak sa\u011flam, i\u015flevsel ve estetik mek\u00e2nlar tasarlayabilme becerisi kazand\u0131rmay\u0131 hedefliyoruz.","robots":{"index":"index","follow":"follow","max-snippet":"max-snippet:-1","max-image-preview":"max-image-preview:large","max-video-preview":"max-video-preview:-1"},"canonical":"http:\/\/ticaret.edu.tr\/mimarlik\/program-egitim-amaclari\/","og_locale":"tr_TR","og_type":"article","og_title":"Program E\u011fitim Ama\u00e7lar\u0131","og_description":"Mimarl\u0131k B\u00f6l\u00fcm\u00fc \u00f6\u011frencilerimize; temel bilgileri b\u00fct\u00fcnc\u00fcl bir \u015fekilde harmanlayarak sa\u011flam, i\u015flevsel ve estetik mek\u00e2nlar tasarlayabilme becerisi kazand\u0131rmay\u0131 hedefliyoruz.","og_url":"http:\/\/ticaret.edu.tr\/mimarlik\/program-egitim-amaclari\/","og_site_name":"Mimarl\u0131k","article_publisher":"https:\/\/www.facebook.com\/ticaretedutr","article_modified_time":"2025-10-10T07:36:05+00:00","twitter_card":"summary_large_image","twitter_site":"@ticaretedutr","twitter_misc":{"Tahmini okuma s\u00fcresi":"2 dakika"},"schema":{"@context":"https:\/\/schema.org","@graph":[{"@type":"WebPage","@id":"http:\/\/ticaret.edu.tr\/mimarlik\/program-egitim-amaclari\/","url":"http:\/\/ticaret.edu.tr\/mimarlik\/program-egitim-amaclari\/","name":"Program E\u011fitim Ama\u00e7lar\u0131 - Mimarl\u0131k","isPartOf":{"@id":"http:\/\/ticaret.edu.tr\/mimarlik\/#website"},"datePublished":"2025-01-27T10:29:21+00:00","dateModified":"2025-10-10T07:36:05+00:00","description":"Mimarl\u0131k B\u00f6l\u00fcm\u00fc \u00f6\u011frencilerimize; temel bilgileri b\u00fct\u00fcnc\u00fcl bir \u015fekilde harmanlayarak sa\u011flam, i\u015flevsel ve estetik mek\u00e2nlar tasarlayabilme becerisi kazand\u0131rmay\u0131 hedefliyoruz.","breadcrumb":{"@id":"http:\/\/ticaret.edu.tr\/mimarlik\/program-egitim-amaclari\/#breadcrumb"},"inLanguage":"tr","potentialAction":[{"@type":"ReadAction","target":["http:\/\/ticaret.edu.tr\/mimarlik\/program-egitim-amaclari\/"]}]},{"@type":"BreadcrumbList","@id":"http:\/\/ticaret.edu.tr\/mimarlik\/program-egitim-amaclari\/#breadcrumb","itemListElement":[{"@type":"ListItem","position":1,"name":"Ana sayfa","item":"http:\/\/ticaret.edu.tr\/mimarlik\/"},{"@type":"ListItem","position":2,"name":"Program E\u011fitim Ama\u00e7lar\u0131"}]},{"@type":"WebSite","@id":"http:\/\/ticaret.edu.tr\/mimarlik\/#website","url":"http:\/\/ticaret.edu.tr\/mimarlik\/","name":"Mimarl\u0131k","description":"","potentialAction":[{"@type":"SearchAction","target":{"@type":"EntryPoint","urlTemplate":"http:\/\/ticaret.edu.tr\/mimarlik\/?s={search_term_string}"},"query-input":"required name=search_term_string"}],"inLanguage":"tr"}]}},"lang":"tr","translations":{"tr":1793,"en":1965},"pll_sync_post":[],"_links":{"self":[{"href":"http:\/\/ticaret.edu.tr\/mimarlik\/wp-json\/wp\/v2\/pages\/1793"}],"collection":[{"href":"http:\/\/ticaret.edu.tr\/mimarlik\/wp-json\/wp\/v2\/pages"}],"about":[{"href":"http:\/\/ticaret.edu.tr\/mimarlik\/wp-json\/wp\/v2\/types\/page"}],"author":[{"embeddable":true,"href":"http:\/\/ticaret.edu.tr\/mimarlik\/wp-json\/wp\/v2\/users\/225"}],"replies":[{"embeddable":true,"href":"http:\/\/ticaret.edu.tr\/mimarlik\/wp-json\/wp\/v2\/comments?post=1793"}],"version-history":[{"count":4,"href":"http:\/\/ticaret.edu.tr\/mimarlik\/wp-json\/wp\/v2\/pages\/1793\/revisions"}],"predecessor-version":[{"id":2485,"href":"http:\/\/ticaret.edu.tr\/mimarlik\/wp-json\/wp\/v2\/pages\/1793\/revisions\/2485"}],"wp:attachment":[{"href":"http:\/\/ticaret.edu.tr\/mimarlik\/wp-json\/wp\/v2\/media?parent=1793"}],"curies":[{"name":"wp","href":"https:\/\/api.w.org\/{rel}","templated":true}]}}