{"id":1814,"date":"2025-01-27T13:33:32","date_gmt":"2025-01-27T10:33:32","guid":{"rendered":"https:\/\/ticaret.edu.tr\/mimarlik\/?page_id=1814"},"modified":"2025-10-20T13:51:31","modified_gmt":"2025-10-20T10:51:31","slug":"ders-katalogu","status":"publish","type":"page","link":"http:\/\/ticaret.edu.tr\/mimarlik\/ders-katalogu\/","title":{"rendered":"Ders Katalo\u011fu"},"content":{"rendered":"<p>Ders katalo\u011fu; ders i\u00e7erikleri ve ders tan\u0131t\u0131m formlar\u0131 olmak \u00fczere iki grupta incelenmektedir.<\/p>\n<p><strong>Ders i\u00e7erikleri i\u00e7in t\u0131klay\u0131n:<\/strong>\u00a0<a href=\"https:\/\/ticaret.edu.tr\/mimarlik\/lisans-ders-icerikleri\/\" target=\"_blank\" rel=\"noopener\">Mimarl\u0131k B\u00f6l\u00fcm\u00fc Ders \u0130\u00e7erikleri<\/a><\/p>\n<p><strong>Ders tan\u0131t\u0131m formu i\u00e7in t\u0131klay\u0131n: <\/strong><a href=\"https:\/\/ticaret.edu.tr\/mimarlik\/ders-tanitim-formlari\/\" target=\"_blank\" rel=\"noopener\">Ders Tan\u0131t\u0131m Formu <\/a><\/p>\n","protected":false},"excerpt":{"rendered":"<p>Ders katalo\u011fu; ders i\u00e7erikleri ve ders tan\u0131t\u0131m formlar\u0131 olmak \u00fczere iki grupta incelenmektedir. Ders i\u00e7erikleri i\u00e7in t\u0131klay\u0131n:\u00a0Mimarl\u0131k B\u00f6l\u00fcm\u00fc Ders \u0130\u00e7erikleri Ders tan\u0131t\u0131m formu i\u00e7in t\u0131klay\u0131n: Ders Tan\u0131t\u0131m Formu<\/p>\n","protected":false},"author":225,"featured_media":0,"parent":0,"menu_order":0,"comment_status":"closed","ping_status":"closed","template":"genel_sayfa.php","meta":{"footnotes":""},"yoast_head":"<!-- This site is optimized with the Yoast SEO Premium plugin v22.1 (Yoast SEO v22.1) - https:\/\/yoast.com\/wordpress\/plugins\/seo\/ -->\n<title>Ders Katalo\u011fu - Mimarl\u0131k<\/title>\n<meta name=\"description\" content=\"Ders katalo\u011fu; ders i\u00e7erikleri ve ders tan\u0131t\u0131m formlar\u0131 olmak \u00fczere iki grupta incelenmektedir.\" \/>\n<meta name=\"robots\" content=\"index, follow, max-snippet:-1, max-image-preview:large, max-video-preview:-1\" \/>\n<link rel=\"canonical\" href=\"https:\/\/ticaret.edu.tr\/mimarlik\/ders-katalogu\/\" \/>\n<meta property=\"og:locale\" content=\"tr_TR\" \/>\n<meta property=\"og:type\" content=\"article\" \/>\n<meta property=\"og:title\" content=\"Ders Katalo\u011fu\" \/>\n<meta property=\"og:description\" content=\"Ders katalo\u011fu; ders i\u00e7erikleri ve ders tan\u0131t\u0131m formlar\u0131 olmak \u00fczere iki grupta incelenmektedir.\" \/>\n<meta property=\"og:url\" content=\"https:\/\/ticaret.edu.tr\/mimarlik\/ders-katalogu\/\" \/>\n<meta property=\"og:site_name\" content=\"Mimarl\u0131k\" \/>\n<meta property=\"article:publisher\" content=\"https:\/\/www.facebook.com\/ticaretedutr\" \/>\n<meta property=\"article:modified_time\" content=\"2025-10-20T10:51:31+00:00\" \/>\n<meta name=\"twitter:card\" content=\"summary_large_image\" \/>\n<meta name=\"twitter:site\" content=\"@ticaretedutr\" \/>\n<meta name=\"twitter:label1\" content=\"Tahmini okuma s\u00fcresi\" \/>\n\t<meta name=\"twitter:data1\" content=\"1 dakika\" \/>\n<script type=\"application\/ld+json\" class=\"yoast-schema-graph\">{\"@context\":\"https:\/\/schema.org\",\"@graph\":[{\"@type\":\"WebPage\",\"@id\":\"https:\/\/ticaret.edu.tr\/mimarlik\/ders-katalogu\/\",\"url\":\"https:\/\/ticaret.edu.tr\/mimarlik\/ders-katalogu\/\",\"name\":\"Ders Katalo\u011fu - Mimarl\u0131k\",\"isPartOf\":{\"@id\":\"https:\/\/ticaret.edu.tr\/mimarlik\/#website\"},\"datePublished\":\"2025-01-27T10:33:32+00:00\",\"dateModified\":\"2025-10-20T10:51:31+00:00\",\"description\":\"Ders katalo\u011fu; ders i\u00e7erikleri ve ders tan\u0131t\u0131m formlar\u0131 olmak \u00fczere iki grupta incelenmektedir.\",\"breadcrumb\":{\"@id\":\"https:\/\/ticaret.edu.tr\/mimarlik\/ders-katalogu\/#breadcrumb\"},\"inLanguage\":\"tr\",\"potentialAction\":[{\"@type\":\"ReadAction\",\"target\":[\"https:\/\/ticaret.edu.tr\/mimarlik\/ders-katalogu\/\"]}]},{\"@type\":\"BreadcrumbList\",\"@id\":\"https:\/\/ticaret.edu.tr\/mimarlik\/ders-katalogu\/#breadcrumb\",\"itemListElement\":[{\"@type\":\"ListItem\",\"position\":1,\"name\":\"Ana sayfa\",\"item\":\"https:\/\/ticaret.edu.tr\/mimarlik\/\"},{\"@type\":\"ListItem\",\"position\":2,\"name\":\"Ders Katalo\u011fu\"}]},{\"@type\":\"WebSite\",\"@id\":\"https:\/\/ticaret.edu.tr\/mimarlik\/#website\",\"url\":\"https:\/\/ticaret.edu.tr\/mimarlik\/\",\"name\":\"Mimarl\u0131k\",\"description\":\"\",\"potentialAction\":[{\"@type\":\"SearchAction\",\"target\":{\"@type\":\"EntryPoint\",\"urlTemplate\":\"https:\/\/ticaret.edu.tr\/mimarlik\/?s={search_term_string}\"},\"query-input\":\"required name=search_term_string\"}],\"inLanguage\":\"tr\"}]}<\/script>\n<!-- \/ Yoast SEO Premium plugin. -->","yoast_head_json":{"title":"Ders Katalo\u011fu - Mimarl\u0131k","description":"Ders katalo\u011fu; ders i\u00e7erikleri ve ders tan\u0131t\u0131m formlar\u0131 olmak \u00fczere iki grupta incelenmektedir.","robots":{"index":"index","follow":"follow","max-snippet":"max-snippet:-1","max-image-preview":"max-image-preview:large","max-video-preview":"max-video-preview:-1"},"canonical":"https:\/\/ticaret.edu.tr\/mimarlik\/ders-katalogu\/","og_locale":"tr_TR","og_type":"article","og_title":"Ders Katalo\u011fu","og_description":"Ders katalo\u011fu; ders i\u00e7erikleri ve ders tan\u0131t\u0131m formlar\u0131 olmak \u00fczere iki grupta incelenmektedir.","og_url":"https:\/\/ticaret.edu.tr\/mimarlik\/ders-katalogu\/","og_site_name":"Mimarl\u0131k","article_publisher":"https:\/\/www.facebook.com\/ticaretedutr","article_modified_time":"2025-10-20T10:51:31+00:00","twitter_card":"summary_large_image","twitter_site":"@ticaretedutr","twitter_misc":{"Tahmini okuma s\u00fcresi":"1 dakika"},"schema":{"@context":"https:\/\/schema.org","@graph":[{"@type":"WebPage","@id":"https:\/\/ticaret.edu.tr\/mimarlik\/ders-katalogu\/","url":"https:\/\/ticaret.edu.tr\/mimarlik\/ders-katalogu\/","name":"Ders Katalo\u011fu - Mimarl\u0131k","isPartOf":{"@id":"https:\/\/ticaret.edu.tr\/mimarlik\/#website"},"datePublished":"2025-01-27T10:33:32+00:00","dateModified":"2025-10-20T10:51:31+00:00","description":"Ders katalo\u011fu; ders i\u00e7erikleri ve ders tan\u0131t\u0131m formlar\u0131 olmak \u00fczere iki grupta incelenmektedir.","breadcrumb":{"@id":"https:\/\/ticaret.edu.tr\/mimarlik\/ders-katalogu\/#breadcrumb"},"inLanguage":"tr","potentialAction":[{"@type":"ReadAction","target":["https:\/\/ticaret.edu.tr\/mimarlik\/ders-katalogu\/"]}]},{"@type":"BreadcrumbList","@id":"https:\/\/ticaret.edu.tr\/mimarlik\/ders-katalogu\/#breadcrumb","itemListElement":[{"@type":"ListItem","position":1,"name":"Ana sayfa","item":"https:\/\/ticaret.edu.tr\/mimarlik\/"},{"@type":"ListItem","position":2,"name":"Ders Katalo\u011fu"}]},{"@type":"WebSite","@id":"https:\/\/ticaret.edu.tr\/mimarlik\/#website","url":"https:\/\/ticaret.edu.tr\/mimarlik\/","name":"Mimarl\u0131k","description":"","potentialAction":[{"@type":"SearchAction","target":{"@type":"EntryPoint","urlTemplate":"https:\/\/ticaret.edu.tr\/mimarlik\/?s={search_term_string}"},"query-input":"required name=search_term_string"}],"inLanguage":"tr"}]}},"lang":"tr","translations":{"tr":1814,"en":1985},"pll_sync_post":[],"_links":{"self":[{"href":"http:\/\/ticaret.edu.tr\/mimarlik\/wp-json\/wp\/v2\/pages\/1814"}],"collection":[{"href":"http:\/\/ticaret.edu.tr\/mimarlik\/wp-json\/wp\/v2\/pages"}],"about":[{"href":"http:\/\/ticaret.edu.tr\/mimarlik\/wp-json\/wp\/v2\/types\/page"}],"author":[{"embeddable":true,"href":"http:\/\/ticaret.edu.tr\/mimarlik\/wp-json\/wp\/v2\/users\/225"}],"replies":[{"embeddable":true,"href":"http:\/\/ticaret.edu.tr\/mimarlik\/wp-json\/wp\/v2\/comments?post=1814"}],"version-history":[{"count":3,"href":"http:\/\/ticaret.edu.tr\/mimarlik\/wp-json\/wp\/v2\/pages\/1814\/revisions"}],"predecessor-version":[{"id":2558,"href":"http:\/\/ticaret.edu.tr\/mimarlik\/wp-json\/wp\/v2\/pages\/1814\/revisions\/2558"}],"wp:attachment":[{"href":"http:\/\/ticaret.edu.tr\/mimarlik\/wp-json\/wp\/v2\/media?parent=1814"}],"curies":[{"name":"wp","href":"https:\/\/api.w.org\/{rel}","templated":true}]}}