{"id":1836,"date":"2025-01-27T13:36:00","date_gmt":"2025-01-27T10:36:00","guid":{"rendered":"https:\/\/ticaret.edu.tr\/mimarlik\/?page_id=1836"},"modified":"2025-10-10T10:31:46","modified_gmt":"2025-10-10T07:31:46","slug":"lisans-genel-bilgi","status":"publish","type":"page","link":"http:\/\/ticaret.edu.tr\/mimarlik\/lisans-genel-bilgi\/","title":{"rendered":"Genel Bilgi"},"content":{"rendered":"<p><b>Y\u0131l: <\/b>4 Y\u0131ll\u0131k \u00d6rg\u00fcn E\u011fitim<\/p>\n<p><b>AKTS: <\/b>\u00d6\u011frencilerin mezun olabilmesi i\u00e7in toplam 240 AKTS tamamlanm\u0131\u015f olmas\u0131 gerekmektedir.<\/p>\n<p><b>Dil: <\/b>E\u011fitim \u00f6\u011fretim dili T\u00fcrk\u00e7e\u2019dir.<\/p>\n<p><b>Birinci, ikinci, \u00fc\u00e7\u00fcnc\u00fc ve d\u00f6rd\u00fcnc\u00fc s\u0131n\u0131f derslerinin genel tan\u0131t\u0131m\u0131: <\/b>E\u011fitimimiz, temel teorik dersler, teorik dersleri destekleyecek g\u00fcncel se\u00e7meli dersler ve mimarl\u0131k e\u011fitiminin temelini olu\u015fturan st\u00fcdyo derslerinden olu\u015fan uygulamal\u0131 derslerle verilmektedir. Dersler, e\u011fitim \u00f6\u011fretim y\u0131l\u0131 boyunca, konusunda uzman konuklar\u0131n davet edildi\u011fi seminerler, \u00e7al\u0131\u015ftaylar ve teknik gezilerle desteklenmektedir. Teorik derslerde edinilen bilgiler, estetik ile birle\u015ftirilerek uygulama f\u0131rsat\u0131 bulunan st\u00fcdyolarda s\u00fcrd\u00fcr\u00fclmektedir. Avrupa Kredi Sistemi uygulanmakta, Erasmus ile \u00f6\u011frencilerimize yurt d\u0131\u015f\u0131 e\u011fitim imkan\u0131 sa\u011flanmaktad\u0131r. \u0130stanbul Ticaret Odas\u0131, e\u011fitim s\u00fcresinde, sonras\u0131nda destek olmaktad\u0131r.<\/p>\n<p><b>Staj bilgisi: <\/b>4 Y\u0131ll\u0131k E\u011fitim \u00d6\u011fretim s\u00fcrecinde toplam 2 adet zorunlu staj yap\u0131lmas\u0131 gerekmektedir. Yeni Staj 1 (\u015eantiye Staj\u0131) ve Yeni Staj 2 (Ofis Staj\u0131) olmak \u00fczere her iki staj i\u00e7inde ayr\u0131 ayr\u0131 30\u2019ar i\u015f g\u00fcnlerinin doldurulmas\u0131 beklenmektedir.<\/p>\n<p><b>Son S\u0131n\u0131fta Bitirme Projesi <\/b>ve destekleyen teorik dersler bulunmaktad\u0131r.<\/p>\n","protected":false},"excerpt":{"rendered":"<p>Y\u0131l: 4 Y\u0131ll\u0131k \u00d6rg\u00fcn E\u011fitim AKTS: \u00d6\u011frencilerin mezun olabilmesi i\u00e7in toplam 240 AKTS tamamlanm\u0131\u015f olmas\u0131 gerekmektedir. Dil: E\u011fitim \u00f6\u011fretim dili T\u00fcrk\u00e7e\u2019dir. Birinci, ikinci, \u00fc\u00e7\u00fcnc\u00fc ve d\u00f6rd\u00fcnc\u00fc s\u0131n\u0131f derslerinin genel tan\u0131t\u0131m\u0131: E\u011fitimimiz, temel teorik dersler, teorik dersleri destekleyecek g\u00fcncel se\u00e7meli dersler ve mimarl\u0131k e\u011fitiminin temelini olu\u015fturan st\u00fcdyo derslerinden olu\u015fan uygulamal\u0131 derslerle verilmektedir. Dersler, e\u011fitim \u00f6\u011fretim y\u0131l\u0131 [&hellip;]<\/p>\n","protected":false},"author":225,"featured_media":0,"parent":0,"menu_order":0,"comment_status":"closed","ping_status":"closed","template":"genel_sayfa.php","meta":{"footnotes":""},"yoast_head":"<!-- This site is optimized with the Yoast SEO Premium plugin v22.1 (Yoast SEO v22.1) - https:\/\/yoast.com\/wordpress\/plugins\/seo\/ -->\n<title>Genel Bilgi - Mimarl\u0131k<\/title>\n<meta name=\"description\" content=\"Mimarl\u0131k B\u00f6l\u00fcm\u00fc e\u011fitimimiz, temel teorik dersler, teorik dersleri destekleyecek g\u00fcncel se\u00e7meli dersler ve mimarl\u0131k e\u011fitiminin temelini olu\u015fturan st\u00fcdyo derslerinden olu\u015fan uygulamal\u0131 derslerle verilmektedir.\" \/>\n<meta name=\"robots\" content=\"index, follow, max-snippet:-1, max-image-preview:large, max-video-preview:-1\" \/>\n<link rel=\"canonical\" href=\"https:\/\/ticaret.edu.tr\/mimarlik\/lisans-genel-bilgi\/\" \/>\n<meta property=\"og:locale\" content=\"tr_TR\" \/>\n<meta property=\"og:type\" content=\"article\" \/>\n<meta property=\"og:title\" content=\"Genel Bilgi\" \/>\n<meta property=\"og:description\" content=\"Mimarl\u0131k B\u00f6l\u00fcm\u00fc e\u011fitimimiz, temel teorik dersler, teorik dersleri destekleyecek g\u00fcncel se\u00e7meli dersler ve mimarl\u0131k e\u011fitiminin temelini olu\u015fturan st\u00fcdyo derslerinden olu\u015fan uygulamal\u0131 derslerle verilmektedir.\" \/>\n<meta property=\"og:url\" content=\"https:\/\/ticaret.edu.tr\/mimarlik\/lisans-genel-bilgi\/\" \/>\n<meta property=\"og:site_name\" content=\"Mimarl\u0131k\" \/>\n<meta property=\"article:publisher\" content=\"https:\/\/www.facebook.com\/ticaretedutr\" \/>\n<meta property=\"article:modified_time\" content=\"2025-10-10T07:31:46+00:00\" \/>\n<meta name=\"twitter:card\" content=\"summary_large_image\" \/>\n<meta name=\"twitter:site\" content=\"@ticaretedutr\" \/>\n<meta name=\"twitter:label1\" content=\"Tahmini okuma s\u00fcresi\" \/>\n\t<meta name=\"twitter:data1\" content=\"1 dakika\" \/>\n<script type=\"application\/ld+json\" class=\"yoast-schema-graph\">{\"@context\":\"https:\/\/schema.org\",\"@graph\":[{\"@type\":\"WebPage\",\"@id\":\"https:\/\/ticaret.edu.tr\/mimarlik\/lisans-genel-bilgi\/\",\"url\":\"https:\/\/ticaret.edu.tr\/mimarlik\/lisans-genel-bilgi\/\",\"name\":\"Genel Bilgi - Mimarl\u0131k\",\"isPartOf\":{\"@id\":\"https:\/\/ticaret.edu.tr\/mimarlik\/#website\"},\"datePublished\":\"2025-01-27T10:36:00+00:00\",\"dateModified\":\"2025-10-10T07:31:46+00:00\",\"description\":\"Mimarl\u0131k B\u00f6l\u00fcm\u00fc e\u011fitimimiz, temel teorik dersler, teorik dersleri destekleyecek g\u00fcncel se\u00e7meli dersler ve mimarl\u0131k e\u011fitiminin temelini olu\u015fturan st\u00fcdyo derslerinden olu\u015fan uygulamal\u0131 derslerle verilmektedir.\",\"breadcrumb\":{\"@id\":\"https:\/\/ticaret.edu.tr\/mimarlik\/lisans-genel-bilgi\/#breadcrumb\"},\"inLanguage\":\"tr\",\"potentialAction\":[{\"@type\":\"ReadAction\",\"target\":[\"https:\/\/ticaret.edu.tr\/mimarlik\/lisans-genel-bilgi\/\"]}]},{\"@type\":\"BreadcrumbList\",\"@id\":\"https:\/\/ticaret.edu.tr\/mimarlik\/lisans-genel-bilgi\/#breadcrumb\",\"itemListElement\":[{\"@type\":\"ListItem\",\"position\":1,\"name\":\"Ana sayfa\",\"item\":\"https:\/\/ticaret.edu.tr\/mimarlik\/\"},{\"@type\":\"ListItem\",\"position\":2,\"name\":\"Genel Bilgi\"}]},{\"@type\":\"WebSite\",\"@id\":\"https:\/\/ticaret.edu.tr\/mimarlik\/#website\",\"url\":\"https:\/\/ticaret.edu.tr\/mimarlik\/\",\"name\":\"Mimarl\u0131k\",\"description\":\"\",\"potentialAction\":[{\"@type\":\"SearchAction\",\"target\":{\"@type\":\"EntryPoint\",\"urlTemplate\":\"https:\/\/ticaret.edu.tr\/mimarlik\/?s={search_term_string}\"},\"query-input\":\"required name=search_term_string\"}],\"inLanguage\":\"tr\"}]}<\/script>\n<!-- \/ Yoast SEO Premium plugin. -->","yoast_head_json":{"title":"Genel Bilgi - Mimarl\u0131k","description":"Mimarl\u0131k B\u00f6l\u00fcm\u00fc e\u011fitimimiz, temel teorik dersler, teorik dersleri destekleyecek g\u00fcncel se\u00e7meli dersler ve mimarl\u0131k e\u011fitiminin temelini olu\u015fturan st\u00fcdyo derslerinden olu\u015fan uygulamal\u0131 derslerle verilmektedir.","robots":{"index":"index","follow":"follow","max-snippet":"max-snippet:-1","max-image-preview":"max-image-preview:large","max-video-preview":"max-video-preview:-1"},"canonical":"https:\/\/ticaret.edu.tr\/mimarlik\/lisans-genel-bilgi\/","og_locale":"tr_TR","og_type":"article","og_title":"Genel Bilgi","og_description":"Mimarl\u0131k B\u00f6l\u00fcm\u00fc e\u011fitimimiz, temel teorik dersler, teorik dersleri destekleyecek g\u00fcncel se\u00e7meli dersler ve mimarl\u0131k e\u011fitiminin temelini olu\u015fturan st\u00fcdyo derslerinden olu\u015fan uygulamal\u0131 derslerle verilmektedir.","og_url":"https:\/\/ticaret.edu.tr\/mimarlik\/lisans-genel-bilgi\/","og_site_name":"Mimarl\u0131k","article_publisher":"https:\/\/www.facebook.com\/ticaretedutr","article_modified_time":"2025-10-10T07:31:46+00:00","twitter_card":"summary_large_image","twitter_site":"@ticaretedutr","twitter_misc":{"Tahmini okuma s\u00fcresi":"1 dakika"},"schema":{"@context":"https:\/\/schema.org","@graph":[{"@type":"WebPage","@id":"https:\/\/ticaret.edu.tr\/mimarlik\/lisans-genel-bilgi\/","url":"https:\/\/ticaret.edu.tr\/mimarlik\/lisans-genel-bilgi\/","name":"Genel Bilgi - Mimarl\u0131k","isPartOf":{"@id":"https:\/\/ticaret.edu.tr\/mimarlik\/#website"},"datePublished":"2025-01-27T10:36:00+00:00","dateModified":"2025-10-10T07:31:46+00:00","description":"Mimarl\u0131k B\u00f6l\u00fcm\u00fc e\u011fitimimiz, temel teorik dersler, teorik dersleri destekleyecek g\u00fcncel se\u00e7meli dersler ve mimarl\u0131k e\u011fitiminin temelini olu\u015fturan st\u00fcdyo derslerinden olu\u015fan uygulamal\u0131 derslerle verilmektedir.","breadcrumb":{"@id":"https:\/\/ticaret.edu.tr\/mimarlik\/lisans-genel-bilgi\/#breadcrumb"},"inLanguage":"tr","potentialAction":[{"@type":"ReadAction","target":["https:\/\/ticaret.edu.tr\/mimarlik\/lisans-genel-bilgi\/"]}]},{"@type":"BreadcrumbList","@id":"https:\/\/ticaret.edu.tr\/mimarlik\/lisans-genel-bilgi\/#breadcrumb","itemListElement":[{"@type":"ListItem","position":1,"name":"Ana sayfa","item":"https:\/\/ticaret.edu.tr\/mimarlik\/"},{"@type":"ListItem","position":2,"name":"Genel Bilgi"}]},{"@type":"WebSite","@id":"https:\/\/ticaret.edu.tr\/mimarlik\/#website","url":"https:\/\/ticaret.edu.tr\/mimarlik\/","name":"Mimarl\u0131k","description":"","potentialAction":[{"@type":"SearchAction","target":{"@type":"EntryPoint","urlTemplate":"https:\/\/ticaret.edu.tr\/mimarlik\/?s={search_term_string}"},"query-input":"required name=search_term_string"}],"inLanguage":"tr"}]}},"lang":"tr","translations":{"tr":1836,"en":1961},"pll_sync_post":[],"_links":{"self":[{"href":"http:\/\/ticaret.edu.tr\/mimarlik\/wp-json\/wp\/v2\/pages\/1836"}],"collection":[{"href":"http:\/\/ticaret.edu.tr\/mimarlik\/wp-json\/wp\/v2\/pages"}],"about":[{"href":"http:\/\/ticaret.edu.tr\/mimarlik\/wp-json\/wp\/v2\/types\/page"}],"author":[{"embeddable":true,"href":"http:\/\/ticaret.edu.tr\/mimarlik\/wp-json\/wp\/v2\/users\/225"}],"replies":[{"embeddable":true,"href":"http:\/\/ticaret.edu.tr\/mimarlik\/wp-json\/wp\/v2\/comments?post=1836"}],"version-history":[{"count":2,"href":"http:\/\/ticaret.edu.tr\/mimarlik\/wp-json\/wp\/v2\/pages\/1836\/revisions"}],"predecessor-version":[{"id":2482,"href":"http:\/\/ticaret.edu.tr\/mimarlik\/wp-json\/wp\/v2\/pages\/1836\/revisions\/2482"}],"wp:attachment":[{"href":"http:\/\/ticaret.edu.tr\/mimarlik\/wp-json\/wp\/v2\/media?parent=1836"}],"curies":[{"name":"wp","href":"https:\/\/api.w.org\/{rel}","templated":true}]}}