{"id":1844,"date":"2025-01-27T13:36:49","date_gmt":"2025-01-27T10:36:49","guid":{"rendered":"https:\/\/ticaret.edu.tr\/mimarlik\/?page_id=1844"},"modified":"2025-10-20T17:18:50","modified_gmt":"2025-10-20T14:18:50","slug":"yatay-gecis","status":"publish","type":"page","link":"http:\/\/ticaret.edu.tr\/mimarlik\/yatay-gecis\/","title":{"rendered":"Yatay Ge\u00e7i\u015f"},"content":{"rendered":"<p><strong>YATAY GE\u00c7\u0130\u015e YOLUYLA \u00d6\u011eRENC\u0130 KABUL\u00dc<\/strong><\/p>\n<p><strong>MADDE 44 \u2013<\/strong><\/p>\n<p>(1) \u00dcniversitedeki bir enstit\u00fc anabilim dal\u0131nda veya ba\u015fka bir y\u00fcksek\u00f6\u011fretim kurumunun lisans\u00fcst\u00fcprogram\u0131nda bilimsel haz\u0131rl\u0131k hari\u00e7 en az, bir yar\u0131y\u0131l\u0131 tamamlam\u0131\u015f olan ba\u015far\u0131l\u0131 \u00f6\u011frenciler, lisans\u00fcst\u00fc programlara yatay ge\u00e7i\u015fyoluyla ba\u015fvurabilir.<\/p>\n<p>(2) Ba\u015fka bir \u00fcniversiteye ba\u011fl\u0131 enstit\u00fclerin birinden \u00dcniversitenin bir enstit\u00fcs\u00fcne benzer nitelikte olan ve e\u015fde\u011ferli\u011fiilgili enstit\u00fc kurulu taraf\u0131ndan onaylanan programlardan yatay ge\u00e7i\u015f yapmak isteyenlerin, enstit\u00fcye kabul edilebilmeleri i\u00e7in\u00f6\u011frencinin ilk girdi\u011fi enstit\u00fcde en az bir yar\u0131y\u0131l lisans\u00fcst\u00fc \u00f6\u011frenim g\u00f6rm\u00fc\u015f, ald\u0131\u011f\u0131 b\u00fct\u00fcn derslerin her birinden ba\u015far\u0131l\u0131 olmu\u015f veyatay ge\u00e7i\u015f yapmak istedi\u011fi lisans\u00fcst\u00fc programlara g\u00fcncel \u00f6\u011frenci kabul ko\u015fullar\u0131n\u0131 yerine getirmi\u015f olmas\u0131 gerekir.<\/p>\n<p>(3) \u00dcniversitenin enstit\u00fc ve anabilim dallar\u0131 aras\u0131ndaki yatay ge\u00e7i\u015fler ile tezli ve tezsiz y\u00fcksek lisans programlar\u0131aras\u0131ndaki ge\u00e7i\u015fler i\u00e7in de ayn\u0131 ko\u015fullar aran\u0131r.<\/p>\n<p>(4) Bu \u00f6\u011frencilerin alm\u0131\u015f olduklar\u0131 derslerden hangilerinin ilgili lisans\u00fcst\u00fc programa say\u0131laca\u011f\u0131 ba\u011fl\u0131 olunan anabilim dal\u0131ba\u015fkanl\u0131\u011f\u0131n\u0131n \u00f6nerisi ve enstit\u00fc y\u00f6netim kurulu karar\u0131 ile belirlenir. Bu \u00f6\u011frencilerin programlardan alm\u0131\u015f ve ba\u015farm\u0131\u015f olduklar\u0131derslerin e\u015fde\u011ferlili\u011fi konusundaki de\u011ferlendirmeler ilgili enstit\u00fc kurulu taraf\u0131ndan yap\u0131l\u0131r.<\/p>\n<p>(5) Yatay ge\u00e7i\u015f yapan \u00f6\u011frenciler programa kabul edildikleri a\u015fama i\u00e7in bu Y\u00f6netmelikte belirtilen azami s\u00fcrelere tabi olur.<\/p>\n<p><strong>\u0130lgili y\u00f6netmelik i\u00e7in:\u00a0<\/strong><a href=\"https:\/\/ticaret.edu.tr\/matematik\/wp-content\/uploads\/sites\/29\/2025\/01\/ISTANBUL-TICARET-UNIVERSITESI-LISANSUSTU-EGITIM-VE-OGRETIM-YONETMELIGI.pdf\" target=\"_blank\" rel=\"noopener\">Lisans\u00fcst\u00fc E\u011fitim ve \u00d6\u011fretim Y\u00f6netmeli\u011fi<\/a><\/p>\n","protected":false},"excerpt":{"rendered":"<p>YATAY GE\u00c7\u0130\u015e YOLUYLA \u00d6\u011eRENC\u0130 KABUL\u00dc MADDE 44 \u2013 (1) \u00dcniversitedeki bir enstit\u00fc anabilim dal\u0131nda veya ba\u015fka bir y\u00fcksek\u00f6\u011fretim kurumunun lisans\u00fcst\u00fcprogram\u0131nda bilimsel haz\u0131rl\u0131k hari\u00e7 en az, bir yar\u0131y\u0131l\u0131 tamamlam\u0131\u015f olan ba\u015far\u0131l\u0131 \u00f6\u011frenciler, lisans\u00fcst\u00fc programlara yatay ge\u00e7i\u015fyoluyla ba\u015fvurabilir. (2) Ba\u015fka bir \u00fcniversiteye ba\u011fl\u0131 enstit\u00fclerin birinden \u00dcniversitenin bir enstit\u00fcs\u00fcne benzer nitelikte olan ve e\u015fde\u011ferli\u011fiilgili enstit\u00fc kurulu taraf\u0131ndan onaylanan [&hellip;]<\/p>\n","protected":false},"author":225,"featured_media":0,"parent":0,"menu_order":0,"comment_status":"closed","ping_status":"closed","template":"genel_sayfa.php","meta":{"footnotes":""},"yoast_head":"<!-- This site is optimized with the Yoast SEO Premium plugin v22.1 (Yoast SEO v22.1) - https:\/\/yoast.com\/wordpress\/plugins\/seo\/ -->\n<title>Yatay Ge\u00e7i\u015f - Mimarl\u0131k<\/title>\n<meta name=\"description\" content=\"\u0130stanbul Ticaret \u00dcniversitesi Lisans\u00fcst\u00fc programlar\u0131nda yatay ge\u00e7i\u015f yoluyla \u00f6\u011frenci kabul\u00fc i\u00e7in t\u0131klay\u0131n\u0131z.\" \/>\n<meta name=\"robots\" content=\"index, follow, max-snippet:-1, max-image-preview:large, max-video-preview:-1\" \/>\n<link rel=\"canonical\" href=\"https:\/\/ticaret.edu.tr\/mimarlik\/yatay-gecis\/\" \/>\n<meta property=\"og:locale\" content=\"tr_TR\" \/>\n<meta property=\"og:type\" content=\"article\" \/>\n<meta property=\"og:title\" content=\"Yatay Ge\u00e7i\u015f\" \/>\n<meta property=\"og:description\" content=\"\u0130stanbul Ticaret \u00dcniversitesi Lisans\u00fcst\u00fc programlar\u0131nda yatay ge\u00e7i\u015f yoluyla \u00f6\u011frenci kabul\u00fc i\u00e7in t\u0131klay\u0131n\u0131z.\" \/>\n<meta property=\"og:url\" content=\"https:\/\/ticaret.edu.tr\/mimarlik\/yatay-gecis\/\" \/>\n<meta property=\"og:site_name\" content=\"Mimarl\u0131k\" \/>\n<meta property=\"article:publisher\" content=\"https:\/\/www.facebook.com\/ticaretedutr\" \/>\n<meta property=\"article:modified_time\" content=\"2025-10-20T14:18:50+00:00\" \/>\n<meta name=\"twitter:card\" content=\"summary_large_image\" \/>\n<meta name=\"twitter:site\" content=\"@ticaretedutr\" \/>\n<meta name=\"twitter:label1\" content=\"Tahmini okuma s\u00fcresi\" \/>\n\t<meta name=\"twitter:data1\" content=\"2 dakika\" \/>\n<script type=\"application\/ld+json\" class=\"yoast-schema-graph\">{\"@context\":\"https:\/\/schema.org\",\"@graph\":[{\"@type\":\"WebPage\",\"@id\":\"https:\/\/ticaret.edu.tr\/mimarlik\/yatay-gecis\/\",\"url\":\"https:\/\/ticaret.edu.tr\/mimarlik\/yatay-gecis\/\",\"name\":\"Yatay Ge\u00e7i\u015f - Mimarl\u0131k\",\"isPartOf\":{\"@id\":\"https:\/\/ticaret.edu.tr\/mimarlik\/#website\"},\"datePublished\":\"2025-01-27T10:36:49+00:00\",\"dateModified\":\"2025-10-20T14:18:50+00:00\",\"description\":\"\u0130stanbul Ticaret \u00dcniversitesi Lisans\u00fcst\u00fc programlar\u0131nda yatay ge\u00e7i\u015f yoluyla \u00f6\u011frenci kabul\u00fc i\u00e7in t\u0131klay\u0131n\u0131z.\",\"breadcrumb\":{\"@id\":\"https:\/\/ticaret.edu.tr\/mimarlik\/yatay-gecis\/#breadcrumb\"},\"inLanguage\":\"tr\",\"potentialAction\":[{\"@type\":\"ReadAction\",\"target\":[\"https:\/\/ticaret.edu.tr\/mimarlik\/yatay-gecis\/\"]}]},{\"@type\":\"BreadcrumbList\",\"@id\":\"https:\/\/ticaret.edu.tr\/mimarlik\/yatay-gecis\/#breadcrumb\",\"itemListElement\":[{\"@type\":\"ListItem\",\"position\":1,\"name\":\"Ana sayfa\",\"item\":\"https:\/\/ticaret.edu.tr\/mimarlik\/\"},{\"@type\":\"ListItem\",\"position\":2,\"name\":\"Yatay Ge\u00e7i\u015f\"}]},{\"@type\":\"WebSite\",\"@id\":\"https:\/\/ticaret.edu.tr\/mimarlik\/#website\",\"url\":\"https:\/\/ticaret.edu.tr\/mimarlik\/\",\"name\":\"Mimarl\u0131k\",\"description\":\"\",\"potentialAction\":[{\"@type\":\"SearchAction\",\"target\":{\"@type\":\"EntryPoint\",\"urlTemplate\":\"https:\/\/ticaret.edu.tr\/mimarlik\/?s={search_term_string}\"},\"query-input\":\"required name=search_term_string\"}],\"inLanguage\":\"tr\"}]}<\/script>\n<!-- \/ Yoast SEO Premium plugin. -->","yoast_head_json":{"title":"Yatay Ge\u00e7i\u015f - Mimarl\u0131k","description":"\u0130stanbul Ticaret \u00dcniversitesi Lisans\u00fcst\u00fc programlar\u0131nda yatay ge\u00e7i\u015f yoluyla \u00f6\u011frenci kabul\u00fc i\u00e7in t\u0131klay\u0131n\u0131z.","robots":{"index":"index","follow":"follow","max-snippet":"max-snippet:-1","max-image-preview":"max-image-preview:large","max-video-preview":"max-video-preview:-1"},"canonical":"https:\/\/ticaret.edu.tr\/mimarlik\/yatay-gecis\/","og_locale":"tr_TR","og_type":"article","og_title":"Yatay Ge\u00e7i\u015f","og_description":"\u0130stanbul Ticaret \u00dcniversitesi Lisans\u00fcst\u00fc programlar\u0131nda yatay ge\u00e7i\u015f yoluyla \u00f6\u011frenci kabul\u00fc i\u00e7in t\u0131klay\u0131n\u0131z.","og_url":"https:\/\/ticaret.edu.tr\/mimarlik\/yatay-gecis\/","og_site_name":"Mimarl\u0131k","article_publisher":"https:\/\/www.facebook.com\/ticaretedutr","article_modified_time":"2025-10-20T14:18:50+00:00","twitter_card":"summary_large_image","twitter_site":"@ticaretedutr","twitter_misc":{"Tahmini okuma s\u00fcresi":"2 dakika"},"schema":{"@context":"https:\/\/schema.org","@graph":[{"@type":"WebPage","@id":"https:\/\/ticaret.edu.tr\/mimarlik\/yatay-gecis\/","url":"https:\/\/ticaret.edu.tr\/mimarlik\/yatay-gecis\/","name":"Yatay Ge\u00e7i\u015f - Mimarl\u0131k","isPartOf":{"@id":"https:\/\/ticaret.edu.tr\/mimarlik\/#website"},"datePublished":"2025-01-27T10:36:49+00:00","dateModified":"2025-10-20T14:18:50+00:00","description":"\u0130stanbul Ticaret \u00dcniversitesi Lisans\u00fcst\u00fc programlar\u0131nda yatay ge\u00e7i\u015f yoluyla \u00f6\u011frenci kabul\u00fc i\u00e7in t\u0131klay\u0131n\u0131z.","breadcrumb":{"@id":"https:\/\/ticaret.edu.tr\/mimarlik\/yatay-gecis\/#breadcrumb"},"inLanguage":"tr","potentialAction":[{"@type":"ReadAction","target":["https:\/\/ticaret.edu.tr\/mimarlik\/yatay-gecis\/"]}]},{"@type":"BreadcrumbList","@id":"https:\/\/ticaret.edu.tr\/mimarlik\/yatay-gecis\/#breadcrumb","itemListElement":[{"@type":"ListItem","position":1,"name":"Ana sayfa","item":"https:\/\/ticaret.edu.tr\/mimarlik\/"},{"@type":"ListItem","position":2,"name":"Yatay Ge\u00e7i\u015f"}]},{"@type":"WebSite","@id":"https:\/\/ticaret.edu.tr\/mimarlik\/#website","url":"https:\/\/ticaret.edu.tr\/mimarlik\/","name":"Mimarl\u0131k","description":"","potentialAction":[{"@type":"SearchAction","target":{"@type":"EntryPoint","urlTemplate":"https:\/\/ticaret.edu.tr\/mimarlik\/?s={search_term_string}"},"query-input":"required name=search_term_string"}],"inLanguage":"tr"}]}},"lang":"tr","translations":{"tr":1844,"en":2015},"pll_sync_post":[],"_links":{"self":[{"href":"http:\/\/ticaret.edu.tr\/mimarlik\/wp-json\/wp\/v2\/pages\/1844"}],"collection":[{"href":"http:\/\/ticaret.edu.tr\/mimarlik\/wp-json\/wp\/v2\/pages"}],"about":[{"href":"http:\/\/ticaret.edu.tr\/mimarlik\/wp-json\/wp\/v2\/types\/page"}],"author":[{"embeddable":true,"href":"http:\/\/ticaret.edu.tr\/mimarlik\/wp-json\/wp\/v2\/users\/225"}],"replies":[{"embeddable":true,"href":"http:\/\/ticaret.edu.tr\/mimarlik\/wp-json\/wp\/v2\/comments?post=1844"}],"version-history":[{"count":4,"href":"http:\/\/ticaret.edu.tr\/mimarlik\/wp-json\/wp\/v2\/pages\/1844\/revisions"}],"predecessor-version":[{"id":2620,"href":"http:\/\/ticaret.edu.tr\/mimarlik\/wp-json\/wp\/v2\/pages\/1844\/revisions\/2620"}],"wp:attachment":[{"href":"http:\/\/ticaret.edu.tr\/mimarlik\/wp-json\/wp\/v2\/media?parent=1844"}],"curies":[{"name":"wp","href":"https:\/\/api.w.org\/{rel}","templated":true}]}}