{"id":1858,"date":"2025-01-27T13:38:24","date_gmt":"2025-01-27T10:38:24","guid":{"rendered":"https:\/\/ticaret.edu.tr\/mimarlik\/?page_id=1858"},"modified":"2025-10-20T14:45:47","modified_gmt":"2025-10-20T11:45:47","slug":"arastirma-alanlari","status":"publish","type":"page","link":"http:\/\/ticaret.edu.tr\/mimarlik\/arastirma-alanlari\/","title":{"rendered":"Ara\u015ft\u0131rma Alanlar\u0131"},"content":{"rendered":"<table style=\"height: 437px\" width=\"986\">\n<tbody>\n<tr>\n<td width=\"247\"><strong>AKADEM\u0130K KADRO<\/strong><\/td>\n<td width=\"391\"><strong>ARA\u015eTIRMA ALANLARI<\/strong><\/td>\n<\/tr>\n<tr>\n<td><strong>Dr. \u00d6\u011fr. \u00dcyesi SAC\u0130DE AKIN<\/strong><\/td>\n<td><a href=\"https:\/\/avesis.ticaret.edu.tr\/sakin\/arastirma\">https:\/\/avesis.ticaret.edu.tr\/sakin\/arastirma<\/a><\/td>\n<\/tr>\n<tr>\n<td><strong>Do\u00e7. Dr. LEYLA SUR\u0130<\/strong><\/td>\n<td><a href=\"https:\/\/avesis.ticaret.edu.tr\/lsuri\/arastirma\">https:\/\/avesis.ticaret.edu.tr\/lsuri\/arastirma<\/a><\/td>\n<\/tr>\n<tr>\n<td><strong>Dr. \u00d6\u011fr. \u00dcyesi AYL\u0130N \u015eENT\u00dcRK<\/strong><\/td>\n<td><a href=\"https:\/\/avesis.ticaret.edu.tr\/asenturk\/arastirma\">https:\/\/avesis.ticaret.edu.tr\/asenturk\/arastirma<\/a><\/td>\n<\/tr>\n<tr>\n<td><strong>Dr. \u00d6\u011fr. \u00dcyesi EM\u0130NE AKCAN \u015e\u0130R\u0130N<\/strong><\/td>\n<td><a href=\"https:\/\/avesis.ticaret.edu.tr\/easirin\/arastirma\">https:\/\/avesis.ticaret.edu.tr\/easirin\/arastirma<\/a><\/td>\n<\/tr>\n<tr>\n<td><strong>Dr. \u00d6\u011fr. \u00dcyesi MURAT ERDAL DERE<\/strong><\/td>\n<td><a href=\"https:\/\/avesis.ticaret.edu.tr\/merdal.dere\/arastirma\">https:\/\/avesis.ticaret.edu.tr\/merdal.dere\/arastirma<\/a><\/td>\n<\/tr>\n<tr>\n<td><strong>\u00d6\u011fr. G\u00f6r. NUR S\u00dcMEYYE YAL\u00c7IN KO\u00c7AK<\/strong><\/td>\n<td><a href=\"https:\/\/avesis.ticaret.edu.tr\/nsykocak\/arastirma\">https:\/\/avesis.ticaret.edu.tr\/nsykocak\/arastirma<\/a><\/td>\n<\/tr>\n<tr>\n<td><strong>\u00d6\u011fr. G\u00f6r. NURDAN SEZG\u0130N TORUK<\/strong><\/td>\n<td><a href=\"https:\/\/avesis.ticaret.edu.tr\/nsezgin\/arastirma\">https:\/\/avesis.ticaret.edu.tr\/nsezgin\/arastirma<\/a><\/td>\n<\/tr>\n<tr>\n<td><strong>\u00d6\u011fr. G\u00f6r. \u00d6ZNUR SAY\u0130<\/strong><\/td>\n<td><a href=\"https:\/\/avesis.ticaret.edu.tr\/osayi\/arastirma\">https:\/\/avesis.ticaret.edu.tr\/osayi\/arastirma<\/a><\/td>\n<\/tr>\n<tr>\n<td><strong>\u00d6\u011fr. G\u00f6r. PINAR GE\u00c7K\u0130L\u0130 KARAMAN<\/strong><\/td>\n<td><a href=\"https:\/\/avesis.ticaret.edu.tr\/pgkaraman\/arastirma\">https:\/\/avesis.ticaret.edu.tr\/pgkaraman\/arastirma<\/a><\/td>\n<\/tr>\n<tr>\n<td><strong>Ar\u015f. G\u00f6r. G\u0130ZEM \u00d6ZT\u00dcRK<\/strong><\/td>\n<td><a href=\"https:\/\/avesis.ticaret.edu.tr\/gizemozturk\/arastirma\">https:\/\/avesis.ticaret.edu.tr\/gizemozturk\/arastirma<\/a><\/td>\n<\/tr>\n<\/tbody>\n<\/table>\n","protected":false},"excerpt":{"rendered":"<p>AKADEM\u0130K KADRO ARA\u015eTIRMA ALANLARI Dr. \u00d6\u011fr. \u00dcyesi SAC\u0130DE AKIN https:\/\/avesis.ticaret.edu.tr\/sakin\/arastirma Do\u00e7. Dr. LEYLA SUR\u0130 https:\/\/avesis.ticaret.edu.tr\/lsuri\/arastirma Dr. \u00d6\u011fr. \u00dcyesi AYL\u0130N \u015eENT\u00dcRK https:\/\/avesis.ticaret.edu.tr\/asenturk\/arastirma Dr. \u00d6\u011fr. \u00dcyesi EM\u0130NE AKCAN \u015e\u0130R\u0130N https:\/\/avesis.ticaret.edu.tr\/easirin\/arastirma Dr. \u00d6\u011fr. \u00dcyesi MURAT ERDAL DERE https:\/\/avesis.ticaret.edu.tr\/merdal.dere\/arastirma \u00d6\u011fr. G\u00f6r. NUR S\u00dcMEYYE YAL\u00c7IN KO\u00c7AK https:\/\/avesis.ticaret.edu.tr\/nsykocak\/arastirma \u00d6\u011fr. G\u00f6r. NURDAN SEZG\u0130N TORUK https:\/\/avesis.ticaret.edu.tr\/nsezgin\/arastirma \u00d6\u011fr. G\u00f6r. \u00d6ZNUR SAY\u0130 https:\/\/avesis.ticaret.edu.tr\/osayi\/arastirma \u00d6\u011fr. G\u00f6r. [&hellip;]<\/p>\n","protected":false},"author":225,"featured_media":0,"parent":0,"menu_order":0,"comment_status":"closed","ping_status":"closed","template":"genel_sayfa.php","meta":{"footnotes":""},"yoast_head":"<!-- This site is optimized with the Yoast SEO Premium plugin v22.1 (Yoast SEO v22.1) - https:\/\/yoast.com\/wordpress\/plugins\/seo\/ -->\n<title>Ara\u015ft\u0131rma Alanlar\u0131 - Mimarl\u0131k<\/title>\n<meta name=\"description\" content=\"Mimarl\u0131k B\u00f6l\u00fcm\u00fc akademik kadromuzun ara\u015ft\u0131rma alanlar\u0131 a\u015fa\u011f\u0131daki gibidir.\" \/>\n<meta name=\"robots\" content=\"index, follow, max-snippet:-1, max-image-preview:large, max-video-preview:-1\" \/>\n<link rel=\"canonical\" href=\"https:\/\/ticaret.edu.tr\/mimarlik\/arastirma-alanlari\/\" \/>\n<meta property=\"og:locale\" content=\"tr_TR\" \/>\n<meta property=\"og:type\" content=\"article\" \/>\n<meta property=\"og:title\" content=\"Ara\u015ft\u0131rma Alanlar\u0131\" \/>\n<meta property=\"og:description\" content=\"Mimarl\u0131k B\u00f6l\u00fcm\u00fc akademik kadromuzun ara\u015ft\u0131rma alanlar\u0131 a\u015fa\u011f\u0131daki gibidir.\" \/>\n<meta property=\"og:url\" content=\"https:\/\/ticaret.edu.tr\/mimarlik\/arastirma-alanlari\/\" \/>\n<meta property=\"og:site_name\" content=\"Mimarl\u0131k\" \/>\n<meta property=\"article:publisher\" content=\"https:\/\/www.facebook.com\/ticaretedutr\" \/>\n<meta property=\"article:modified_time\" content=\"2025-10-20T11:45:47+00:00\" \/>\n<meta name=\"twitter:card\" content=\"summary_large_image\" \/>\n<meta name=\"twitter:site\" content=\"@ticaretedutr\" \/>\n<meta name=\"twitter:label1\" content=\"Tahmini okuma s\u00fcresi\" \/>\n\t<meta name=\"twitter:data1\" content=\"1 dakika\" \/>\n<script type=\"application\/ld+json\" class=\"yoast-schema-graph\">{\"@context\":\"https:\/\/schema.org\",\"@graph\":[{\"@type\":\"WebPage\",\"@id\":\"https:\/\/ticaret.edu.tr\/mimarlik\/arastirma-alanlari\/\",\"url\":\"https:\/\/ticaret.edu.tr\/mimarlik\/arastirma-alanlari\/\",\"name\":\"Ara\u015ft\u0131rma Alanlar\u0131 - Mimarl\u0131k\",\"isPartOf\":{\"@id\":\"https:\/\/ticaret.edu.tr\/mimarlik\/#website\"},\"datePublished\":\"2025-01-27T10:38:24+00:00\",\"dateModified\":\"2025-10-20T11:45:47+00:00\",\"description\":\"Mimarl\u0131k B\u00f6l\u00fcm\u00fc akademik kadromuzun ara\u015ft\u0131rma alanlar\u0131 a\u015fa\u011f\u0131daki gibidir.\",\"breadcrumb\":{\"@id\":\"https:\/\/ticaret.edu.tr\/mimarlik\/arastirma-alanlari\/#breadcrumb\"},\"inLanguage\":\"tr\",\"potentialAction\":[{\"@type\":\"ReadAction\",\"target\":[\"https:\/\/ticaret.edu.tr\/mimarlik\/arastirma-alanlari\/\"]}]},{\"@type\":\"BreadcrumbList\",\"@id\":\"https:\/\/ticaret.edu.tr\/mimarlik\/arastirma-alanlari\/#breadcrumb\",\"itemListElement\":[{\"@type\":\"ListItem\",\"position\":1,\"name\":\"Ana sayfa\",\"item\":\"https:\/\/ticaret.edu.tr\/mimarlik\/\"},{\"@type\":\"ListItem\",\"position\":2,\"name\":\"Ara\u015ft\u0131rma Alanlar\u0131\"}]},{\"@type\":\"WebSite\",\"@id\":\"https:\/\/ticaret.edu.tr\/mimarlik\/#website\",\"url\":\"https:\/\/ticaret.edu.tr\/mimarlik\/\",\"name\":\"Mimarl\u0131k\",\"description\":\"\",\"potentialAction\":[{\"@type\":\"SearchAction\",\"target\":{\"@type\":\"EntryPoint\",\"urlTemplate\":\"https:\/\/ticaret.edu.tr\/mimarlik\/?s={search_term_string}\"},\"query-input\":\"required name=search_term_string\"}],\"inLanguage\":\"tr\"}]}<\/script>\n<!-- \/ Yoast SEO Premium plugin. -->","yoast_head_json":{"title":"Ara\u015ft\u0131rma Alanlar\u0131 - Mimarl\u0131k","description":"Mimarl\u0131k B\u00f6l\u00fcm\u00fc akademik kadromuzun ara\u015ft\u0131rma alanlar\u0131 a\u015fa\u011f\u0131daki gibidir.","robots":{"index":"index","follow":"follow","max-snippet":"max-snippet:-1","max-image-preview":"max-image-preview:large","max-video-preview":"max-video-preview:-1"},"canonical":"https:\/\/ticaret.edu.tr\/mimarlik\/arastirma-alanlari\/","og_locale":"tr_TR","og_type":"article","og_title":"Ara\u015ft\u0131rma Alanlar\u0131","og_description":"Mimarl\u0131k B\u00f6l\u00fcm\u00fc akademik kadromuzun ara\u015ft\u0131rma alanlar\u0131 a\u015fa\u011f\u0131daki gibidir.","og_url":"https:\/\/ticaret.edu.tr\/mimarlik\/arastirma-alanlari\/","og_site_name":"Mimarl\u0131k","article_publisher":"https:\/\/www.facebook.com\/ticaretedutr","article_modified_time":"2025-10-20T11:45:47+00:00","twitter_card":"summary_large_image","twitter_site":"@ticaretedutr","twitter_misc":{"Tahmini okuma s\u00fcresi":"1 dakika"},"schema":{"@context":"https:\/\/schema.org","@graph":[{"@type":"WebPage","@id":"https:\/\/ticaret.edu.tr\/mimarlik\/arastirma-alanlari\/","url":"https:\/\/ticaret.edu.tr\/mimarlik\/arastirma-alanlari\/","name":"Ara\u015ft\u0131rma Alanlar\u0131 - Mimarl\u0131k","isPartOf":{"@id":"https:\/\/ticaret.edu.tr\/mimarlik\/#website"},"datePublished":"2025-01-27T10:38:24+00:00","dateModified":"2025-10-20T11:45:47+00:00","description":"Mimarl\u0131k B\u00f6l\u00fcm\u00fc akademik kadromuzun ara\u015ft\u0131rma alanlar\u0131 a\u015fa\u011f\u0131daki gibidir.","breadcrumb":{"@id":"https:\/\/ticaret.edu.tr\/mimarlik\/arastirma-alanlari\/#breadcrumb"},"inLanguage":"tr","potentialAction":[{"@type":"ReadAction","target":["https:\/\/ticaret.edu.tr\/mimarlik\/arastirma-alanlari\/"]}]},{"@type":"BreadcrumbList","@id":"https:\/\/ticaret.edu.tr\/mimarlik\/arastirma-alanlari\/#breadcrumb","itemListElement":[{"@type":"ListItem","position":1,"name":"Ana sayfa","item":"https:\/\/ticaret.edu.tr\/mimarlik\/"},{"@type":"ListItem","position":2,"name":"Ara\u015ft\u0131rma Alanlar\u0131"}]},{"@type":"WebSite","@id":"https:\/\/ticaret.edu.tr\/mimarlik\/#website","url":"https:\/\/ticaret.edu.tr\/mimarlik\/","name":"Mimarl\u0131k","description":"","potentialAction":[{"@type":"SearchAction","target":{"@type":"EntryPoint","urlTemplate":"https:\/\/ticaret.edu.tr\/mimarlik\/?s={search_term_string}"},"query-input":"required name=search_term_string"}],"inLanguage":"tr"}]}},"lang":"tr","translations":{"tr":1858,"en":2029},"pll_sync_post":[],"_links":{"self":[{"href":"http:\/\/ticaret.edu.tr\/mimarlik\/wp-json\/wp\/v2\/pages\/1858"}],"collection":[{"href":"http:\/\/ticaret.edu.tr\/mimarlik\/wp-json\/wp\/v2\/pages"}],"about":[{"href":"http:\/\/ticaret.edu.tr\/mimarlik\/wp-json\/wp\/v2\/types\/page"}],"author":[{"embeddable":true,"href":"http:\/\/ticaret.edu.tr\/mimarlik\/wp-json\/wp\/v2\/users\/225"}],"replies":[{"embeddable":true,"href":"http:\/\/ticaret.edu.tr\/mimarlik\/wp-json\/wp\/v2\/comments?post=1858"}],"version-history":[{"count":3,"href":"http:\/\/ticaret.edu.tr\/mimarlik\/wp-json\/wp\/v2\/pages\/1858\/revisions"}],"predecessor-version":[{"id":2587,"href":"http:\/\/ticaret.edu.tr\/mimarlik\/wp-json\/wp\/v2\/pages\/1858\/revisions\/2587"}],"wp:attachment":[{"href":"http:\/\/ticaret.edu.tr\/mimarlik\/wp-json\/wp\/v2\/media?parent=1858"}],"curies":[{"name":"wp","href":"https:\/\/api.w.org\/{rel}","templated":true}]}}