{"id":1868,"date":"2025-01-27T13:39:37","date_gmt":"2025-01-27T10:39:37","guid":{"rendered":"https:\/\/ticaret.edu.tr\/mimarlik\/?page_id=1868"},"modified":"2025-10-21T13:36:50","modified_gmt":"2025-10-21T10:36:50","slug":"bolum-kalite-guvence-politikasi","status":"publish","type":"page","link":"http:\/\/ticaret.edu.tr\/mimarlik\/bolum-kalite-guvence-politikasi\/","title":{"rendered":"B\u00f6l\u00fcm Kalite G\u00fcvence Politikas\u0131"},"content":{"rendered":"<p data-start=\"86\" data-end=\"482\">Mimarl\u0131k B\u00f6l\u00fcm\u00fc, kalite s\u00fcre\u00e7lerini \u00fcniversitenin misyonu, vizyonu ve de\u011ferleriyle uyumlu \u015fekilde y\u00fcr\u00fct\u00fcr. Planlama, uygulama, izleme ve s\u00fcrekli iyile\u015ftirme odakl\u0131 bir y\u00f6netim anlay\u0131\u015f\u0131 benimsenir. Karar s\u00fcre\u00e7lerinde kat\u0131l\u0131mc\u0131l\u0131k, adalet, liyakat ve \u015feffafl\u0131k esast\u0131r. B\u00f6l\u00fcm, dijital d\u00f6n\u00fc\u015f\u00fcm, kurumsal kaynaklar\u0131n etkin y\u00f6netimi ve payda\u015flarla g\u00fc\u00e7l\u00fc i\u015f birli\u011fi \u00fczerine odaklan\u0131r.<\/p>\n<p data-start=\"86\" data-end=\"482\">E\u011fitim-\u00f6\u011fretimde \u00f6\u011frenci merkezli, \u00e7a\u011fda\u015f, s\u00fcrd\u00fcr\u00fclebilir ve kapsay\u0131c\u0131 bir yakla\u015f\u0131m benimsenir. Bilgi ve teknolojinin etkin kullan\u0131m\u0131, yarat\u0131c\u0131l\u0131k, giri\u015fimcilik ve i\u015f birli\u011fi te\u015fvik edilir. \u00d6\u011frencilerin etik de\u011ferlere, \u00e7evre ve toplum bilincine sahip bireyler olarak yeti\u015fmesi hedeflenir. E\u015fit f\u0131rsatlar g\u00f6zetilir, dijital \u00f6\u011frenme kaynaklar\u0131 geli\u015ftirilir ve e\u011fiticilerin pedagojik becerileri desteklenir.<\/p>\n<p data-start=\"892\" data-end=\"1272\">Ara\u015ft\u0131rma faaliyetleri, kurum stratejileriyle uyumlu olarak y\u00fcr\u00fct\u00fcl\u00fcr ve performans g\u00f6stergeleriyle izlenir. Bilimsel, toplumsal ve k\u00fclt\u00fcrel \u00f6nceliklere y\u00f6nelik \u00f6zg\u00fcn ara\u015ft\u0131rmalar desteklenir; ara\u015ft\u0131rma \u00e7\u0131kt\u0131lar\u0131 toplumsal faydaya d\u00f6n\u00fc\u015ft\u00fcr\u00fcl\u00fcr. \u00dcniversite-Kamu-Sanayi-STK i\u015f birli\u011fi, ulusal ve uluslararas\u0131 fonlar\u0131n etkin kullan\u0131m\u0131 ve disiplinler aras\u0131 \u00e7al\u0131\u015fmalar te\u015fvik edilir.<\/p>\n<p data-start=\"1274\" data-end=\"1642\" data-is-last-node=\"\" data-is-only-node=\"\">B\u00f6l\u00fcm, \u015fehir ve b\u00f6lgeyle etkile\u015fim i\u00e7inde toplumsal, k\u00fclt\u00fcrel ve mek\u00e2nsal geli\u015fime katk\u0131 sa\u011flar. Tarihi, mimari ve do\u011fal miras\u0131n korunmas\u0131, s\u00fcrd\u00fcr\u00fclebilirlik, \u00e7evre ve sosyal kalk\u0131nma konular\u0131nda projeler y\u00fcr\u00fct\u00fcl\u00fcr. \u00c7ok k\u00fclt\u00fcrl\u00fcl\u00fck, uluslararas\u0131la\u015fma ve Birle\u015fmi\u015f Milletler S\u00fcrd\u00fcr\u00fclebilir Kalk\u0131nma Ama\u00e7lar\u0131 do\u011frultusunda fark\u0131ndal\u0131k yarat\u0131c\u0131 faaliyetler desteklenir.<\/p>\n","protected":false},"excerpt":{"rendered":"<p>Mimarl\u0131k B\u00f6l\u00fcm\u00fc, kalite s\u00fcre\u00e7lerini \u00fcniversitenin misyonu, vizyonu ve de\u011ferleriyle uyumlu \u015fekilde y\u00fcr\u00fct\u00fcr. Planlama, uygulama, izleme ve s\u00fcrekli iyile\u015ftirme odakl\u0131 bir y\u00f6netim anlay\u0131\u015f\u0131 benimsenir. Karar s\u00fcre\u00e7lerinde kat\u0131l\u0131mc\u0131l\u0131k, adalet, liyakat ve \u015feffafl\u0131k esast\u0131r. B\u00f6l\u00fcm, dijital d\u00f6n\u00fc\u015f\u00fcm, kurumsal kaynaklar\u0131n etkin y\u00f6netimi ve payda\u015flarla g\u00fc\u00e7l\u00fc i\u015f birli\u011fi \u00fczerine odaklan\u0131r. E\u011fitim-\u00f6\u011fretimde \u00f6\u011frenci merkezli, \u00e7a\u011fda\u015f, s\u00fcrd\u00fcr\u00fclebilir ve kapsay\u0131c\u0131 bir yakla\u015f\u0131m benimsenir. [&hellip;]<\/p>\n","protected":false},"author":225,"featured_media":0,"parent":0,"menu_order":0,"comment_status":"closed","ping_status":"closed","template":"genel_sayfa.php","meta":{"footnotes":""},"yoast_head":"<!-- This site is optimized with the Yoast SEO Premium plugin v22.1 (Yoast SEO v22.1) - https:\/\/yoast.com\/wordpress\/plugins\/seo\/ -->\n<title>B\u00f6l\u00fcm Kalite G\u00fcvence Politikas\u0131 - Mimarl\u0131k<\/title>\n<meta name=\"description\" content=\"&quot;B\u00f6l\u00fcm Kalite G\u00fcvencesi Politikas\u0131&quot; vizyon ve misyondan olu\u015fmaktad\u0131r. A\u015fa\u011f\u0131da verilmi\u015ftir.\" \/>\n<meta name=\"robots\" content=\"index, follow, max-snippet:-1, max-image-preview:large, max-video-preview:-1\" \/>\n<link rel=\"canonical\" href=\"http:\/\/ticaret.edu.tr\/mimarlik\/bolum-kalite-guvence-politikasi\/\" \/>\n<meta property=\"og:locale\" content=\"tr_TR\" \/>\n<meta property=\"og:type\" content=\"article\" \/>\n<meta property=\"og:title\" content=\"B\u00f6l\u00fcm Kalite G\u00fcvence Politikas\u0131\" \/>\n<meta property=\"og:description\" content=\"&quot;B\u00f6l\u00fcm Kalite G\u00fcvencesi Politikas\u0131&quot; vizyon ve misyondan olu\u015fmaktad\u0131r. A\u015fa\u011f\u0131da verilmi\u015ftir.\" \/>\n<meta property=\"og:url\" content=\"http:\/\/ticaret.edu.tr\/mimarlik\/bolum-kalite-guvence-politikasi\/\" \/>\n<meta property=\"og:site_name\" content=\"Mimarl\u0131k\" \/>\n<meta property=\"article:publisher\" content=\"https:\/\/www.facebook.com\/ticaretedutr\" \/>\n<meta property=\"article:modified_time\" content=\"2025-10-21T10:36:50+00:00\" \/>\n<meta name=\"twitter:card\" content=\"summary_large_image\" \/>\n<meta name=\"twitter:site\" content=\"@ticaretedutr\" \/>\n<meta name=\"twitter:label1\" content=\"Tahmini okuma s\u00fcresi\" \/>\n\t<meta name=\"twitter:data1\" content=\"2 dakika\" \/>\n<script type=\"application\/ld+json\" class=\"yoast-schema-graph\">{\"@context\":\"https:\/\/schema.org\",\"@graph\":[{\"@type\":\"WebPage\",\"@id\":\"http:\/\/ticaret.edu.tr\/mimarlik\/bolum-kalite-guvence-politikasi\/\",\"url\":\"http:\/\/ticaret.edu.tr\/mimarlik\/bolum-kalite-guvence-politikasi\/\",\"name\":\"B\u00f6l\u00fcm Kalite G\u00fcvence Politikas\u0131 - Mimarl\u0131k\",\"isPartOf\":{\"@id\":\"http:\/\/ticaret.edu.tr\/mimarlik\/#website\"},\"datePublished\":\"2025-01-27T10:39:37+00:00\",\"dateModified\":\"2025-10-21T10:36:50+00:00\",\"description\":\"\\\"B\u00f6l\u00fcm Kalite G\u00fcvencesi Politikas\u0131\\\" vizyon ve misyondan olu\u015fmaktad\u0131r. A\u015fa\u011f\u0131da verilmi\u015ftir.\",\"breadcrumb\":{\"@id\":\"http:\/\/ticaret.edu.tr\/mimarlik\/bolum-kalite-guvence-politikasi\/#breadcrumb\"},\"inLanguage\":\"tr\",\"potentialAction\":[{\"@type\":\"ReadAction\",\"target\":[\"http:\/\/ticaret.edu.tr\/mimarlik\/bolum-kalite-guvence-politikasi\/\"]}]},{\"@type\":\"BreadcrumbList\",\"@id\":\"http:\/\/ticaret.edu.tr\/mimarlik\/bolum-kalite-guvence-politikasi\/#breadcrumb\",\"itemListElement\":[{\"@type\":\"ListItem\",\"position\":1,\"name\":\"Ana sayfa\",\"item\":\"http:\/\/ticaret.edu.tr\/mimarlik\/\"},{\"@type\":\"ListItem\",\"position\":2,\"name\":\"B\u00f6l\u00fcm Kalite G\u00fcvence Politikas\u0131\"}]},{\"@type\":\"WebSite\",\"@id\":\"http:\/\/ticaret.edu.tr\/mimarlik\/#website\",\"url\":\"http:\/\/ticaret.edu.tr\/mimarlik\/\",\"name\":\"Mimarl\u0131k\",\"description\":\"\",\"potentialAction\":[{\"@type\":\"SearchAction\",\"target\":{\"@type\":\"EntryPoint\",\"urlTemplate\":\"http:\/\/ticaret.edu.tr\/mimarlik\/?s={search_term_string}\"},\"query-input\":\"required name=search_term_string\"}],\"inLanguage\":\"tr\"}]}<\/script>\n<!-- \/ Yoast SEO Premium plugin. -->","yoast_head_json":{"title":"B\u00f6l\u00fcm Kalite G\u00fcvence Politikas\u0131 - Mimarl\u0131k","description":"\"B\u00f6l\u00fcm Kalite G\u00fcvencesi Politikas\u0131\" vizyon ve misyondan olu\u015fmaktad\u0131r. A\u015fa\u011f\u0131da verilmi\u015ftir.","robots":{"index":"index","follow":"follow","max-snippet":"max-snippet:-1","max-image-preview":"max-image-preview:large","max-video-preview":"max-video-preview:-1"},"canonical":"http:\/\/ticaret.edu.tr\/mimarlik\/bolum-kalite-guvence-politikasi\/","og_locale":"tr_TR","og_type":"article","og_title":"B\u00f6l\u00fcm Kalite G\u00fcvence Politikas\u0131","og_description":"\"B\u00f6l\u00fcm Kalite G\u00fcvencesi Politikas\u0131\" vizyon ve misyondan olu\u015fmaktad\u0131r. A\u015fa\u011f\u0131da verilmi\u015ftir.","og_url":"http:\/\/ticaret.edu.tr\/mimarlik\/bolum-kalite-guvence-politikasi\/","og_site_name":"Mimarl\u0131k","article_publisher":"https:\/\/www.facebook.com\/ticaretedutr","article_modified_time":"2025-10-21T10:36:50+00:00","twitter_card":"summary_large_image","twitter_site":"@ticaretedutr","twitter_misc":{"Tahmini okuma s\u00fcresi":"2 dakika"},"schema":{"@context":"https:\/\/schema.org","@graph":[{"@type":"WebPage","@id":"http:\/\/ticaret.edu.tr\/mimarlik\/bolum-kalite-guvence-politikasi\/","url":"http:\/\/ticaret.edu.tr\/mimarlik\/bolum-kalite-guvence-politikasi\/","name":"B\u00f6l\u00fcm Kalite G\u00fcvence Politikas\u0131 - Mimarl\u0131k","isPartOf":{"@id":"http:\/\/ticaret.edu.tr\/mimarlik\/#website"},"datePublished":"2025-01-27T10:39:37+00:00","dateModified":"2025-10-21T10:36:50+00:00","description":"\"B\u00f6l\u00fcm Kalite G\u00fcvencesi Politikas\u0131\" vizyon ve misyondan olu\u015fmaktad\u0131r. A\u015fa\u011f\u0131da verilmi\u015ftir.","breadcrumb":{"@id":"http:\/\/ticaret.edu.tr\/mimarlik\/bolum-kalite-guvence-politikasi\/#breadcrumb"},"inLanguage":"tr","potentialAction":[{"@type":"ReadAction","target":["http:\/\/ticaret.edu.tr\/mimarlik\/bolum-kalite-guvence-politikasi\/"]}]},{"@type":"BreadcrumbList","@id":"http:\/\/ticaret.edu.tr\/mimarlik\/bolum-kalite-guvence-politikasi\/#breadcrumb","itemListElement":[{"@type":"ListItem","position":1,"name":"Ana sayfa","item":"http:\/\/ticaret.edu.tr\/mimarlik\/"},{"@type":"ListItem","position":2,"name":"B\u00f6l\u00fcm Kalite G\u00fcvence Politikas\u0131"}]},{"@type":"WebSite","@id":"http:\/\/ticaret.edu.tr\/mimarlik\/#website","url":"http:\/\/ticaret.edu.tr\/mimarlik\/","name":"Mimarl\u0131k","description":"","potentialAction":[{"@type":"SearchAction","target":{"@type":"EntryPoint","urlTemplate":"http:\/\/ticaret.edu.tr\/mimarlik\/?s={search_term_string}"},"query-input":"required name=search_term_string"}],"inLanguage":"tr"}]}},"lang":"tr","translations":{"tr":1868,"en":2039},"pll_sync_post":[],"_links":{"self":[{"href":"http:\/\/ticaret.edu.tr\/mimarlik\/wp-json\/wp\/v2\/pages\/1868"}],"collection":[{"href":"http:\/\/ticaret.edu.tr\/mimarlik\/wp-json\/wp\/v2\/pages"}],"about":[{"href":"http:\/\/ticaret.edu.tr\/mimarlik\/wp-json\/wp\/v2\/types\/page"}],"author":[{"embeddable":true,"href":"http:\/\/ticaret.edu.tr\/mimarlik\/wp-json\/wp\/v2\/users\/225"}],"replies":[{"embeddable":true,"href":"http:\/\/ticaret.edu.tr\/mimarlik\/wp-json\/wp\/v2\/comments?post=1868"}],"version-history":[{"count":4,"href":"http:\/\/ticaret.edu.tr\/mimarlik\/wp-json\/wp\/v2\/pages\/1868\/revisions"}],"predecessor-version":[{"id":2628,"href":"http:\/\/ticaret.edu.tr\/mimarlik\/wp-json\/wp\/v2\/pages\/1868\/revisions\/2628"}],"wp:attachment":[{"href":"http:\/\/ticaret.edu.tr\/mimarlik\/wp-json\/wp\/v2\/media?parent=1868"}],"curies":[{"name":"wp","href":"https:\/\/api.w.org\/{rel}","templated":true}]}}