{"id":36,"date":"2021-06-16T14:00:17","date_gmt":"2021-06-16T11:00:17","guid":{"rendered":"http:\/\/ticaret.edu.tr\/ogrenciisleri\/?page_id=36"},"modified":"2025-02-28T14:28:37","modified_gmt":"2025-02-28T11:28:37","slug":"lisans-formlari","status":"publish","type":"page","link":"http:\/\/ticaret.edu.tr\/ogrenci-isleri-daire-baskanligi\/lisans-formlari\/","title":{"rendered":"Formlar"},"content":{"rendered":"<p><strong><a href=\"http:\/\/ticaret.edu.tr\/ogrenci-isleri-daire-baskanligi\/wp-content\/uploads\/sites\/68\/2024\/06\/OI.FR_.03-On-Lisans-Lisans-Ucret-Iade-Formu.docx\">OI.FR.03 O\u0308n Lisans-Lisans U\u0308cret I\u0307ade Formu<\/a><\/strong><\/p>\n<p><strong><a href=\"http:\/\/ticaret.edu.tr\/ogrenci-isleri-daire-baskanligi\/wp-content\/uploads\/sites\/68\/2024\/06\/OI.FR_.06-Tek-Ders-Sinavi-Talep-Formu.doc\">OI.FR.06 Tek Ders S\u0131nav\u0131 Talep Formu<\/a><\/strong><\/p>\n<p><strong><a href=\"http:\/\/ticaret.edu.tr\/ogrenci-isleri-daire-baskanligi\/wp-content\/uploads\/sites\/68\/2024\/06\/OI.FR_.07-Yeni-Kimlik-Dilekcesi.doc\">OI.FR.07 Yeni Kimlik Dilekc\u0327esi<\/a><\/strong><\/p>\n<p><strong><span style=\"text-decoration: underline;\"><a href=\"http:\/\/ticaret.edu.tr\/ogrenci-isleri-daire-baskanligi\/wp-content\/uploads\/sites\/68\/2022\/03\/OI.FR_.17-Ikinci-Nusha-Diploma-Basvuru-Formu.pdf\">OI.FR.17 \u0130kinci N\u00fcsha Diploma Ba\u015fvuru Formu<\/a><\/span><\/strong><\/p>\n<p><strong><a href=\"http:\/\/ticaret.edu.tr\/ogrenci-isleri-daire-baskanligi\/wp-content\/uploads\/sites\/68\/2024\/06\/OI.FR_.23-Yandal-kayit-formu.doc\">OI.FR.23 Yandal kay\u0131t formu<\/a><\/strong><\/p>\n<p><strong><a href=\"http:\/\/ticaret.edu.tr\/ogrenci-isleri-daire-baskanligi\/wp-content\/uploads\/sites\/68\/2024\/06\/OI.FR_.24-Cift-Anadal-Programi-Kayit-Formu.doc\">OI.FR.24 C\u0327ift Anadal Program\u0131 Kay\u0131t Formu<\/a><\/strong><\/p>\n<p><strong><a href=\"http:\/\/ticaret.edu.tr\/ogrenci-isleri-daire-baskanligi\/wp-content\/uploads\/sites\/68\/2024\/06\/OI.FR_.26-DONEMI-UZAYAN-OGRENCILER-ICIN-BUTUNLEME-SINAVI-BASVURU-FORMU.docx\">OI.FR.26 D\u00f6nemi Uzayan \u00d6\u011frenciler \u0130\u00e7in B\u00fct\u00fcnleme S\u0131nav\u0131 Ba\u015fvuru Formu<\/a><\/strong><\/p>\n<p><strong><a href=\"http:\/\/ticaret.edu.tr\/ogrenci-isleri-daire-baskanligi\/wp-content\/uploads\/sites\/68\/2024\/06\/OI.FR_.28-Ortalama-Yukseltme-Sinavi-Basvuru-Formu.doc\">OI.FR.28 Ortalama Yu\u0308kseltme S\u0131nav\u0131 Bas\u0327vuru Formu<\/a><\/strong><\/p>\n<p><strong><a href=\"http:\/\/ticaret.edu.tr\/ogrenci-isleri-daire-baskanligi\/wp-content\/uploads\/sites\/68\/2024\/06\/OI.FR_.46-Azami-Sure-Sinavi-Basvuru-Formu.doc\">OI.FR.46 Azami Su\u0308re S\u0131nav\u0131 Bas\u0327vuru Formu<\/a><\/strong><\/p>\n<p><strong><a href=\"http:\/\/ticaret.edu.tr\/ogrenci-isleri-daire-baskanligi\/wp-content\/uploads\/sites\/68\/2024\/06\/OI.FR_.49-Genel-Amacli-Dilekce.docx\">OI.FR.49 Genel Amac\u0327l\u0131 Dilekc\u0327e<\/a><\/strong><\/p>\n<p><strong><a href=\"http:\/\/ticaret.edu.tr\/ogrenci-isleri-daire-baskanligi\/wp-content\/uploads\/sites\/68\/2024\/06\/OI.FR_.52-DF-ve-DD-Notlari-Icin-Butunleme-Sinavi-Basvuru-Formu.docx\">OI.FR.52 DF ve DD Notlar\u0131 I\u0307c\u0327in Bu\u0308tu\u0308nleme S\u0131nav\u0131 Bas\u0327vuru Formu<\/a><\/strong><\/p>\n<p><strong><span style=\"text-decoration: underline;\"><a href=\"http:\/\/ticaret.edu.tr\/ogrenci-isleri-daire-baskanligi\/wp-content\/uploads\/sites\/68\/2022\/03\/OI.FR_.53-Istege-Bagli-Ingilizce-Hazirlik-Programi-Egitimi-Talep-Dilekce.pdf\">OI.FR.53 \u0130ste\u011fe Ba\u011fl\u0131 \u0130ngilizce Haz\u0131rl\u0131k Program\u0131 E\u011fitimi Talep Dilek\u00e7e<\/a><\/span><\/strong><\/p>\n<p><strong><span style=\"text-decoration: underline;\"><a href=\"http:\/\/ticaret.edu.tr\/ogrenci-isleri-daire-baskanligi\/wp-content\/uploads\/sites\/68\/2023\/03\/OI.FR_.55-Ozel-Ogrenci-Kayit-Formu.pdf\">OI.FR.55 \u00d6zel \u00d6\u011frenci Kay\u0131t Formu<\/a><\/span><\/strong><\/p>\n<p><strong><span style=\"text-decoration: underline;\"><a href=\"http:\/\/ticaret.edu.tr\/ogrenci-isleri-daire-baskanligi\/wp-content\/uploads\/sites\/68\/2023\/03\/OI.FR_.56-Misafir-Ogrenci-Kayit-Formu.pdf\">OI.FR.56 Misafir \u00d6\u011frenci Kay\u0131t Formu<\/a><\/span><\/strong><\/p>\n<p><strong><a href=\"http:\/\/ticaret.edu.tr\/ogrenci-isleri-daire-baskanligi\/wp-content\/uploads\/sites\/68\/2024\/06\/OI.FR_.27-MYO-Ortalama-Yukseltme-Sinavi-Basvuru-Formu-CIKARTILACAK.doc\">OI.FR.27 MYO Ortalama Yu\u0308kseltme S\u0131nav\u0131 Bas\u0327vuru Formu<\/a><\/strong><\/p>\n<p><strong><a href=\"http:\/\/ticaret.edu.tr\/ogrenci-isleri-daire-baskanligi\/wp-content\/uploads\/sites\/68\/2024\/06\/OI.FR_.29-MYO-Tek-Ders-Sinavi-Basvuru-Formu-CIKARTILACAK.doc\">OI.FR.29 MYO Tek Ders S\u0131nav\u0131 Bas\u0327vuru Formu<\/a><\/strong><\/p>\n<p><strong><a href=\"http:\/\/ticaret.edu.tr\/ogrenci-isleri-daire-baskanligi\/wp-content\/uploads\/sites\/68\/2024\/06\/OI.FR_.45-MYO-Azami-Sure-Sinavi-Basvuru-Formu-CIKARTILACAK.doc\">OI.FR.45 MYO Azami Su\u0308re S\u0131nav\u0131 Bas\u0327vuru Formu<\/a><\/strong><\/p>\n","protected":false},"excerpt":{"rendered":"<p>OI.FR.03 O\u0308n Lisans-Lisans U\u0308cret I\u0307ade Formu OI.FR.06 Tek Ders S\u0131nav\u0131 Talep Formu OI.FR.07 Yeni Kimlik Dilekc\u0327esi OI.FR.17 \u0130kinci N\u00fcsha Diploma Ba\u015fvuru Formu OI.FR.23 Yandal kay\u0131t formu OI.FR.24 C\u0327ift Anadal Program\u0131 Kay\u0131t Formu OI.FR.26 D\u00f6nemi Uzayan \u00d6\u011frenciler \u0130\u00e7in B\u00fct\u00fcnleme S\u0131nav\u0131 Ba\u015fvuru Formu OI.FR.28 Ortalama Yu\u0308kseltme S\u0131nav\u0131 Bas\u0327vuru Formu OI.FR.46 Azami Su\u0308re S\u0131nav\u0131 Bas\u0327vuru Formu OI.FR.49 Genel [&hellip;]<\/p>\n","protected":false},"author":149,"featured_media":0,"parent":0,"menu_order":0,"comment_status":"closed","ping_status":"closed","template":"genel_sayfa.php","meta":{"footnotes":""},"yoast_head":"<!-- This site is optimized with the Yoast SEO Premium plugin v22.1 (Yoast SEO v22.1) - https:\/\/yoast.com\/wordpress\/plugins\/seo\/ -->\n<title>Formlar - \u00d6\u011frenci \u0130\u015fleri Daire Ba\u015fkanl\u0131\u011f\u0131<\/title>\n<meta name=\"robots\" content=\"index, follow, max-snippet:-1, max-image-preview:large, max-video-preview:-1\" \/>\n<link rel=\"canonical\" href=\"http:\/\/ticaret.edu.tr\/ogrenci-isleri-daire-baskanligi\/lisans-formlari\/\" \/>\n<meta property=\"og:locale\" content=\"tr_TR\" \/>\n<meta property=\"og:type\" content=\"article\" \/>\n<meta property=\"og:title\" content=\"Formlar\" \/>\n<meta property=\"og:description\" content=\"OI.FR.03 O\u0308n Lisans-Lisans U\u0308cret I\u0307ade Formu OI.FR.06 Tek Ders S\u0131nav\u0131 Talep Formu OI.FR.07 Yeni Kimlik Dilekc\u0327esi OI.FR.17 \u0130kinci N\u00fcsha Diploma Ba\u015fvuru Formu OI.FR.23 Yandal kay\u0131t formu OI.FR.24 C\u0327ift Anadal Program\u0131 Kay\u0131t Formu OI.FR.26 D\u00f6nemi Uzayan \u00d6\u011frenciler \u0130\u00e7in B\u00fct\u00fcnleme S\u0131nav\u0131 Ba\u015fvuru Formu OI.FR.28 Ortalama Yu\u0308kseltme S\u0131nav\u0131 Bas\u0327vuru Formu OI.FR.46 Azami Su\u0308re S\u0131nav\u0131 Bas\u0327vuru Formu OI.FR.49 Genel [&hellip;]\" \/>\n<meta property=\"og:url\" content=\"http:\/\/ticaret.edu.tr\/ogrenci-isleri-daire-baskanligi\/lisans-formlari\/\" \/>\n<meta property=\"og:site_name\" content=\"\u00d6\u011frenci \u0130\u015fleri Daire Ba\u015fkanl\u0131\u011f\u0131\" \/>\n<meta property=\"article:publisher\" content=\"https:\/\/www.facebook.com\/ticaretedutr\" \/>\n<meta property=\"article:modified_time\" content=\"2025-02-28T11:28:37+00:00\" \/>\n<meta property=\"og:image\" content=\"http:\/\/ticaret.edu.tr\/ogrenci-isleri-daire-baskanligi\/wp-content\/uploads\/sites\/68\/2021\/11\/web_logo-01.jpg\" \/>\n\t<meta property=\"og:image:width\" content=\"1250\" \/>\n\t<meta property=\"og:image:height\" content=\"833\" \/>\n\t<meta property=\"og:image:type\" content=\"image\/jpeg\" \/>\n<meta name=\"twitter:card\" content=\"summary_large_image\" \/>\n<meta name=\"twitter:site\" content=\"@ticaretedutr\" \/>\n<meta name=\"twitter:label1\" content=\"Tahmini okuma s\u00fcresi\" \/>\n\t<meta name=\"twitter:data1\" content=\"1 dakika\" \/>\n<script type=\"application\/ld+json\" class=\"yoast-schema-graph\">{\"@context\":\"https:\/\/schema.org\",\"@graph\":[{\"@type\":\"WebPage\",\"@id\":\"http:\/\/ticaret.edu.tr\/ogrenci-isleri-daire-baskanligi\/lisans-formlari\/\",\"url\":\"http:\/\/ticaret.edu.tr\/ogrenci-isleri-daire-baskanligi\/lisans-formlari\/\",\"name\":\"Formlar - \u00d6\u011frenci \u0130\u015fleri Daire Ba\u015fkanl\u0131\u011f\u0131\",\"isPartOf\":{\"@id\":\"https:\/\/ticaret.edu.tr\/ogrenci-isleri-daire-baskanligi\/#website\"},\"datePublished\":\"2021-06-16T11:00:17+00:00\",\"dateModified\":\"2025-02-28T11:28:37+00:00\",\"breadcrumb\":{\"@id\":\"http:\/\/ticaret.edu.tr\/ogrenci-isleri-daire-baskanligi\/lisans-formlari\/#breadcrumb\"},\"inLanguage\":\"tr\",\"potentialAction\":[{\"@type\":\"ReadAction\",\"target\":[\"http:\/\/ticaret.edu.tr\/ogrenci-isleri-daire-baskanligi\/lisans-formlari\/\"]}]},{\"@type\":\"BreadcrumbList\",\"@id\":\"http:\/\/ticaret.edu.tr\/ogrenci-isleri-daire-baskanligi\/lisans-formlari\/#breadcrumb\",\"itemListElement\":[{\"@type\":\"ListItem\",\"position\":1,\"name\":\"Anasayfa\",\"item\":\"https:\/\/ticaret.edu.tr\/ogrenci-isleri-daire-baskanligi\/\"},{\"@type\":\"ListItem\",\"position\":2,\"name\":\"Formlar\"}]},{\"@type\":\"WebSite\",\"@id\":\"https:\/\/ticaret.edu.tr\/ogrenci-isleri-daire-baskanligi\/#website\",\"url\":\"https:\/\/ticaret.edu.tr\/ogrenci-isleri-daire-baskanligi\/\",\"name\":\"\u00d6\u011frenci \u0130\u015fleri Daire Ba\u015fkanl\u0131\u011f\u0131\",\"description\":\"Bir ba\u015fka \u0130stanbul Ticaret \u00dcniversitesi site sitesi\",\"potentialAction\":[{\"@type\":\"SearchAction\",\"target\":{\"@type\":\"EntryPoint\",\"urlTemplate\":\"https:\/\/ticaret.edu.tr\/ogrenci-isleri-daire-baskanligi\/?s={search_term_string}\"},\"query-input\":\"required name=search_term_string\"}],\"inLanguage\":\"tr\"}]}<\/script>\n<!-- \/ Yoast SEO Premium plugin. -->","yoast_head_json":{"title":"Formlar - \u00d6\u011frenci \u0130\u015fleri Daire Ba\u015fkanl\u0131\u011f\u0131","robots":{"index":"index","follow":"follow","max-snippet":"max-snippet:-1","max-image-preview":"max-image-preview:large","max-video-preview":"max-video-preview:-1"},"canonical":"http:\/\/ticaret.edu.tr\/ogrenci-isleri-daire-baskanligi\/lisans-formlari\/","og_locale":"tr_TR","og_type":"article","og_title":"Formlar","og_description":"OI.FR.03 O\u0308n Lisans-Lisans U\u0308cret I\u0307ade Formu OI.FR.06 Tek Ders S\u0131nav\u0131 Talep Formu OI.FR.07 Yeni Kimlik Dilekc\u0327esi OI.FR.17 \u0130kinci N\u00fcsha Diploma Ba\u015fvuru Formu OI.FR.23 Yandal kay\u0131t formu OI.FR.24 C\u0327ift Anadal Program\u0131 Kay\u0131t Formu OI.FR.26 D\u00f6nemi Uzayan \u00d6\u011frenciler \u0130\u00e7in B\u00fct\u00fcnleme S\u0131nav\u0131 Ba\u015fvuru Formu OI.FR.28 Ortalama Yu\u0308kseltme S\u0131nav\u0131 Bas\u0327vuru Formu OI.FR.46 Azami Su\u0308re S\u0131nav\u0131 Bas\u0327vuru Formu OI.FR.49 Genel [&hellip;]","og_url":"http:\/\/ticaret.edu.tr\/ogrenci-isleri-daire-baskanligi\/lisans-formlari\/","og_site_name":"\u00d6\u011frenci \u0130\u015fleri Daire Ba\u015fkanl\u0131\u011f\u0131","article_publisher":"https:\/\/www.facebook.com\/ticaretedutr","article_modified_time":"2025-02-28T11:28:37+00:00","og_image":[{"width":1250,"height":833,"url":"http:\/\/ticaret.edu.tr\/ogrenci-isleri-daire-baskanligi\/wp-content\/uploads\/sites\/68\/2021\/11\/web_logo-01.jpg","type":"image\/jpeg"}],"twitter_card":"summary_large_image","twitter_site":"@ticaretedutr","twitter_misc":{"Tahmini okuma s\u00fcresi":"1 dakika"},"schema":{"@context":"https:\/\/schema.org","@graph":[{"@type":"WebPage","@id":"http:\/\/ticaret.edu.tr\/ogrenci-isleri-daire-baskanligi\/lisans-formlari\/","url":"http:\/\/ticaret.edu.tr\/ogrenci-isleri-daire-baskanligi\/lisans-formlari\/","name":"Formlar - \u00d6\u011frenci \u0130\u015fleri Daire Ba\u015fkanl\u0131\u011f\u0131","isPartOf":{"@id":"https:\/\/ticaret.edu.tr\/ogrenci-isleri-daire-baskanligi\/#website"},"datePublished":"2021-06-16T11:00:17+00:00","dateModified":"2025-02-28T11:28:37+00:00","breadcrumb":{"@id":"http:\/\/ticaret.edu.tr\/ogrenci-isleri-daire-baskanligi\/lisans-formlari\/#breadcrumb"},"inLanguage":"tr","potentialAction":[{"@type":"ReadAction","target":["http:\/\/ticaret.edu.tr\/ogrenci-isleri-daire-baskanligi\/lisans-formlari\/"]}]},{"@type":"BreadcrumbList","@id":"http:\/\/ticaret.edu.tr\/ogrenci-isleri-daire-baskanligi\/lisans-formlari\/#breadcrumb","itemListElement":[{"@type":"ListItem","position":1,"name":"Anasayfa","item":"https:\/\/ticaret.edu.tr\/ogrenci-isleri-daire-baskanligi\/"},{"@type":"ListItem","position":2,"name":"Formlar"}]},{"@type":"WebSite","@id":"https:\/\/ticaret.edu.tr\/ogrenci-isleri-daire-baskanligi\/#website","url":"https:\/\/ticaret.edu.tr\/ogrenci-isleri-daire-baskanligi\/","name":"\u00d6\u011frenci \u0130\u015fleri Daire Ba\u015fkanl\u0131\u011f\u0131","description":"Bir ba\u015fka \u0130stanbul Ticaret \u00dcniversitesi site sitesi","potentialAction":[{"@type":"SearchAction","target":{"@type":"EntryPoint","urlTemplate":"https:\/\/ticaret.edu.tr\/ogrenci-isleri-daire-baskanligi\/?s={search_term_string}"},"query-input":"required name=search_term_string"}],"inLanguage":"tr"}]}},"lang":"tr","translations":{"tr":36},"pll_sync_post":[],"_links":{"self":[{"href":"http:\/\/ticaret.edu.tr\/ogrenci-isleri-daire-baskanligi\/wp-json\/wp\/v2\/pages\/36"}],"collection":[{"href":"http:\/\/ticaret.edu.tr\/ogrenci-isleri-daire-baskanligi\/wp-json\/wp\/v2\/pages"}],"about":[{"href":"http:\/\/ticaret.edu.tr\/ogrenci-isleri-daire-baskanligi\/wp-json\/wp\/v2\/types\/page"}],"author":[{"embeddable":true,"href":"http:\/\/ticaret.edu.tr\/ogrenci-isleri-daire-baskanligi\/wp-json\/wp\/v2\/users\/149"}],"replies":[{"embeddable":true,"href":"http:\/\/ticaret.edu.tr\/ogrenci-isleri-daire-baskanligi\/wp-json\/wp\/v2\/comments?post=36"}],"version-history":[{"count":11,"href":"http:\/\/ticaret.edu.tr\/ogrenci-isleri-daire-baskanligi\/wp-json\/wp\/v2\/pages\/36\/revisions"}],"predecessor-version":[{"id":550,"href":"http:\/\/ticaret.edu.tr\/ogrenci-isleri-daire-baskanligi\/wp-json\/wp\/v2\/pages\/36\/revisions\/550"}],"wp:attachment":[{"href":"http:\/\/ticaret.edu.tr\/ogrenci-isleri-daire-baskanligi\/wp-json\/wp\/v2\/media?parent=36"}],"curies":[{"name":"wp","href":"https:\/\/api.w.org\/{rel}","templated":true}]}}