{"id":720,"date":"2025-02-28T14:29:05","date_gmt":"2025-02-28T11:29:05","guid":{"rendered":"https:\/\/ticaret.edu.tr\/ogrenci-isleri-daire-baskanligi\/?page_id=720"},"modified":"2025-02-28T14:31:11","modified_gmt":"2025-02-28T11:31:11","slug":"hakkimizda","status":"publish","type":"page","link":"http:\/\/ticaret.edu.tr\/ogrenci-isleri-daire-baskanligi\/hakkimizda\/","title":{"rendered":"Hakk\u0131m\u0131zda"},"content":{"rendered":"<p><em>\u00dcniversitemiz \u00d6\u011frenci \u0130\u015fleri Daire Ba\u015fkanl\u0131\u011f\u0131 \u00f6\u011frencilere, \u00f6\u011fretim \u00fcyelerine ve idari personele sundu\u011fu hizmetlerle akademik ortam\u0131n d\u00fczenli y\u00fcr\u00fcmesine ve geli\u015fmesine katk\u0131da bulunmay\u0131 hedeflemektedir.\u00a0<\/em><em>\u00d6\u011frenci ile ilgili her t\u00fcrl\u00fc akademik i\u015flemin yap\u0131ld\u0131\u011f\u0131, kay\u0131tlar\u0131n tutuldu\u011fu, t\u00fcm belge ve evraklar\u0131n sakland\u0131\u011f\u0131, haz\u0131rland\u0131\u011f\u0131 ve da\u011f\u0131t\u0131ld\u0131\u011f\u0131 bir birimdir.<br \/>\n<\/em><em>\u00d6\u011frenci \u0130\u015fleri Daire Ba\u015fkanl\u0131\u011f\u0131 olarak, \u00d6\u011frenci merkezli bir \u00dcniversite olman\u0131n bilinci ile Akademik ve \u0130dari Birimler ile uyum i\u00e7inde \u00e7al\u0131\u015fmay\u0131 sa\u011flay\u0131p planlanan e\u011fitim-\u00f6\u011fretim s\u00fcrecinin d\u00fczenli y\u00fcr\u00fct\u00fclmesini, \u00f6\u011frencilere, adaylara, mezunlara, \u00f6\u011fretim elemanlar\u0131na ve hizmet vermekte oldu\u011fumuz \u00fcniversitemiz di\u011fer birimleri ve kurumlara, geli\u015fen bilgi ve teknolojileri kullan\u0131p, g\u00fcler y\u00fczl\u00fc bir ortamda g\u00fcvenli ve h\u0131zl\u0131 bilgi-belge hizmeti sunarak \u00f6\u011frenci, \u00f6\u011fretim eleman\u0131 ve \u00e7al\u0131\u015fanlar\u0131n\u0131n memnuniyetini \u00f6n plana \u00e7\u0131kar\u0131p fark yaratan birim olmas\u0131 \u00e7abas\u0131nday\u0131z.<\/em><\/p>\n","protected":false},"excerpt":{"rendered":"<p>\u00dcniversitemiz \u00d6\u011frenci \u0130\u015fleri Daire Ba\u015fkanl\u0131\u011f\u0131 \u00f6\u011frencilere, \u00f6\u011fretim \u00fcyelerine ve idari personele sundu\u011fu hizmetlerle akademik ortam\u0131n d\u00fczenli y\u00fcr\u00fcmesine ve geli\u015fmesine katk\u0131da bulunmay\u0131 hedeflemektedir.\u00a0\u00d6\u011frenci ile ilgili her t\u00fcrl\u00fc akademik i\u015flemin yap\u0131ld\u0131\u011f\u0131, kay\u0131tlar\u0131n tutuldu\u011fu, t\u00fcm belge ve evraklar\u0131n sakland\u0131\u011f\u0131, haz\u0131rland\u0131\u011f\u0131 ve da\u011f\u0131t\u0131ld\u0131\u011f\u0131 bir birimdir. \u00d6\u011frenci \u0130\u015fleri Daire Ba\u015fkanl\u0131\u011f\u0131 olarak, \u00d6\u011frenci merkezli bir \u00dcniversite olman\u0131n bilinci ile Akademik ve [&hellip;]<\/p>\n","protected":false},"author":228,"featured_media":0,"parent":0,"menu_order":0,"comment_status":"closed","ping_status":"closed","template":"genel_sayfa.php","meta":{"footnotes":""},"yoast_head":"<!-- This site is optimized with the Yoast SEO Premium plugin v22.1 (Yoast SEO v22.1) - https:\/\/yoast.com\/wordpress\/plugins\/seo\/ -->\n<title>Hakk\u0131m\u0131zda - \u00d6\u011frenci \u0130\u015fleri Daire Ba\u015fkanl\u0131\u011f\u0131<\/title>\n<meta name=\"robots\" content=\"index, follow, max-snippet:-1, max-image-preview:large, max-video-preview:-1\" \/>\n<link rel=\"canonical\" href=\"http:\/\/ticaret.edu.tr\/ogrenci-isleri-daire-baskanligi\/hakkimizda\/\" \/>\n<meta property=\"og:locale\" content=\"tr_TR\" \/>\n<meta property=\"og:type\" content=\"article\" \/>\n<meta property=\"og:title\" content=\"Hakk\u0131m\u0131zda\" \/>\n<meta property=\"og:description\" content=\"\u00dcniversitemiz \u00d6\u011frenci \u0130\u015fleri Daire Ba\u015fkanl\u0131\u011f\u0131 \u00f6\u011frencilere, \u00f6\u011fretim \u00fcyelerine ve idari personele sundu\u011fu hizmetlerle akademik ortam\u0131n d\u00fczenli y\u00fcr\u00fcmesine ve geli\u015fmesine katk\u0131da bulunmay\u0131 hedeflemektedir.\u00a0\u00d6\u011frenci ile ilgili her t\u00fcrl\u00fc akademik i\u015flemin yap\u0131ld\u0131\u011f\u0131, kay\u0131tlar\u0131n tutuldu\u011fu, t\u00fcm belge ve evraklar\u0131n sakland\u0131\u011f\u0131, haz\u0131rland\u0131\u011f\u0131 ve da\u011f\u0131t\u0131ld\u0131\u011f\u0131 bir birimdir. \u00d6\u011frenci \u0130\u015fleri Daire Ba\u015fkanl\u0131\u011f\u0131 olarak, \u00d6\u011frenci merkezli bir \u00dcniversite olman\u0131n bilinci ile Akademik ve [&hellip;]\" \/>\n<meta property=\"og:url\" content=\"http:\/\/ticaret.edu.tr\/ogrenci-isleri-daire-baskanligi\/hakkimizda\/\" \/>\n<meta property=\"og:site_name\" content=\"\u00d6\u011frenci \u0130\u015fleri Daire Ba\u015fkanl\u0131\u011f\u0131\" \/>\n<meta property=\"article:publisher\" content=\"https:\/\/www.facebook.com\/ticaretedutr\" \/>\n<meta property=\"article:modified_time\" content=\"2025-02-28T11:31:11+00:00\" \/>\n<meta property=\"og:image\" content=\"http:\/\/ticaret.edu.tr\/ogrenci-isleri-daire-baskanligi\/wp-content\/uploads\/sites\/68\/2021\/11\/web_logo-01.jpg\" \/>\n\t<meta property=\"og:image:width\" content=\"1250\" \/>\n\t<meta property=\"og:image:height\" content=\"833\" \/>\n\t<meta property=\"og:image:type\" content=\"image\/jpeg\" \/>\n<meta name=\"twitter:card\" content=\"summary_large_image\" \/>\n<meta name=\"twitter:site\" content=\"@ticaretedutr\" \/>\n<script type=\"application\/ld+json\" class=\"yoast-schema-graph\">{\"@context\":\"https:\/\/schema.org\",\"@graph\":[{\"@type\":\"WebPage\",\"@id\":\"http:\/\/ticaret.edu.tr\/ogrenci-isleri-daire-baskanligi\/hakkimizda\/\",\"url\":\"http:\/\/ticaret.edu.tr\/ogrenci-isleri-daire-baskanligi\/hakkimizda\/\",\"name\":\"Hakk\u0131m\u0131zda - \u00d6\u011frenci \u0130\u015fleri Daire Ba\u015fkanl\u0131\u011f\u0131\",\"isPartOf\":{\"@id\":\"https:\/\/ticaret.edu.tr\/ogrenci-isleri-daire-baskanligi\/#website\"},\"datePublished\":\"2025-02-28T11:29:05+00:00\",\"dateModified\":\"2025-02-28T11:31:11+00:00\",\"breadcrumb\":{\"@id\":\"http:\/\/ticaret.edu.tr\/ogrenci-isleri-daire-baskanligi\/hakkimizda\/#breadcrumb\"},\"inLanguage\":\"tr\",\"potentialAction\":[{\"@type\":\"ReadAction\",\"target\":[\"http:\/\/ticaret.edu.tr\/ogrenci-isleri-daire-baskanligi\/hakkimizda\/\"]}]},{\"@type\":\"BreadcrumbList\",\"@id\":\"http:\/\/ticaret.edu.tr\/ogrenci-isleri-daire-baskanligi\/hakkimizda\/#breadcrumb\",\"itemListElement\":[{\"@type\":\"ListItem\",\"position\":1,\"name\":\"Anasayfa\",\"item\":\"https:\/\/ticaret.edu.tr\/ogrenci-isleri-daire-baskanligi\/\"},{\"@type\":\"ListItem\",\"position\":2,\"name\":\"Hakk\u0131m\u0131zda\"}]},{\"@type\":\"WebSite\",\"@id\":\"https:\/\/ticaret.edu.tr\/ogrenci-isleri-daire-baskanligi\/#website\",\"url\":\"https:\/\/ticaret.edu.tr\/ogrenci-isleri-daire-baskanligi\/\",\"name\":\"\u00d6\u011frenci \u0130\u015fleri Daire Ba\u015fkanl\u0131\u011f\u0131\",\"description\":\"Bir ba\u015fka \u0130stanbul Ticaret \u00dcniversitesi site sitesi\",\"potentialAction\":[{\"@type\":\"SearchAction\",\"target\":{\"@type\":\"EntryPoint\",\"urlTemplate\":\"https:\/\/ticaret.edu.tr\/ogrenci-isleri-daire-baskanligi\/?s={search_term_string}\"},\"query-input\":\"required name=search_term_string\"}],\"inLanguage\":\"tr\"}]}<\/script>\n<!-- \/ Yoast SEO Premium plugin. -->","yoast_head_json":{"title":"Hakk\u0131m\u0131zda - \u00d6\u011frenci \u0130\u015fleri Daire Ba\u015fkanl\u0131\u011f\u0131","robots":{"index":"index","follow":"follow","max-snippet":"max-snippet:-1","max-image-preview":"max-image-preview:large","max-video-preview":"max-video-preview:-1"},"canonical":"http:\/\/ticaret.edu.tr\/ogrenci-isleri-daire-baskanligi\/hakkimizda\/","og_locale":"tr_TR","og_type":"article","og_title":"Hakk\u0131m\u0131zda","og_description":"\u00dcniversitemiz \u00d6\u011frenci \u0130\u015fleri Daire Ba\u015fkanl\u0131\u011f\u0131 \u00f6\u011frencilere, \u00f6\u011fretim \u00fcyelerine ve idari personele sundu\u011fu hizmetlerle akademik ortam\u0131n d\u00fczenli y\u00fcr\u00fcmesine ve geli\u015fmesine katk\u0131da bulunmay\u0131 hedeflemektedir.\u00a0\u00d6\u011frenci ile ilgili her t\u00fcrl\u00fc akademik i\u015flemin yap\u0131ld\u0131\u011f\u0131, kay\u0131tlar\u0131n tutuldu\u011fu, t\u00fcm belge ve evraklar\u0131n sakland\u0131\u011f\u0131, haz\u0131rland\u0131\u011f\u0131 ve da\u011f\u0131t\u0131ld\u0131\u011f\u0131 bir birimdir. \u00d6\u011frenci \u0130\u015fleri Daire Ba\u015fkanl\u0131\u011f\u0131 olarak, \u00d6\u011frenci merkezli bir \u00dcniversite olman\u0131n bilinci ile Akademik ve [&hellip;]","og_url":"http:\/\/ticaret.edu.tr\/ogrenci-isleri-daire-baskanligi\/hakkimizda\/","og_site_name":"\u00d6\u011frenci \u0130\u015fleri Daire Ba\u015fkanl\u0131\u011f\u0131","article_publisher":"https:\/\/www.facebook.com\/ticaretedutr","article_modified_time":"2025-02-28T11:31:11+00:00","og_image":[{"width":1250,"height":833,"url":"http:\/\/ticaret.edu.tr\/ogrenci-isleri-daire-baskanligi\/wp-content\/uploads\/sites\/68\/2021\/11\/web_logo-01.jpg","type":"image\/jpeg"}],"twitter_card":"summary_large_image","twitter_site":"@ticaretedutr","schema":{"@context":"https:\/\/schema.org","@graph":[{"@type":"WebPage","@id":"http:\/\/ticaret.edu.tr\/ogrenci-isleri-daire-baskanligi\/hakkimizda\/","url":"http:\/\/ticaret.edu.tr\/ogrenci-isleri-daire-baskanligi\/hakkimizda\/","name":"Hakk\u0131m\u0131zda - \u00d6\u011frenci \u0130\u015fleri Daire Ba\u015fkanl\u0131\u011f\u0131","isPartOf":{"@id":"https:\/\/ticaret.edu.tr\/ogrenci-isleri-daire-baskanligi\/#website"},"datePublished":"2025-02-28T11:29:05+00:00","dateModified":"2025-02-28T11:31:11+00:00","breadcrumb":{"@id":"http:\/\/ticaret.edu.tr\/ogrenci-isleri-daire-baskanligi\/hakkimizda\/#breadcrumb"},"inLanguage":"tr","potentialAction":[{"@type":"ReadAction","target":["http:\/\/ticaret.edu.tr\/ogrenci-isleri-daire-baskanligi\/hakkimizda\/"]}]},{"@type":"BreadcrumbList","@id":"http:\/\/ticaret.edu.tr\/ogrenci-isleri-daire-baskanligi\/hakkimizda\/#breadcrumb","itemListElement":[{"@type":"ListItem","position":1,"name":"Anasayfa","item":"https:\/\/ticaret.edu.tr\/ogrenci-isleri-daire-baskanligi\/"},{"@type":"ListItem","position":2,"name":"Hakk\u0131m\u0131zda"}]},{"@type":"WebSite","@id":"https:\/\/ticaret.edu.tr\/ogrenci-isleri-daire-baskanligi\/#website","url":"https:\/\/ticaret.edu.tr\/ogrenci-isleri-daire-baskanligi\/","name":"\u00d6\u011frenci \u0130\u015fleri Daire Ba\u015fkanl\u0131\u011f\u0131","description":"Bir ba\u015fka \u0130stanbul Ticaret \u00dcniversitesi site sitesi","potentialAction":[{"@type":"SearchAction","target":{"@type":"EntryPoint","urlTemplate":"https:\/\/ticaret.edu.tr\/ogrenci-isleri-daire-baskanligi\/?s={search_term_string}"},"query-input":"required name=search_term_string"}],"inLanguage":"tr"}]}},"lang":"tr","translations":{"en":722,"tr":720},"pll_sync_post":[],"_links":{"self":[{"href":"http:\/\/ticaret.edu.tr\/ogrenci-isleri-daire-baskanligi\/wp-json\/wp\/v2\/pages\/720"}],"collection":[{"href":"http:\/\/ticaret.edu.tr\/ogrenci-isleri-daire-baskanligi\/wp-json\/wp\/v2\/pages"}],"about":[{"href":"http:\/\/ticaret.edu.tr\/ogrenci-isleri-daire-baskanligi\/wp-json\/wp\/v2\/types\/page"}],"author":[{"embeddable":true,"href":"http:\/\/ticaret.edu.tr\/ogrenci-isleri-daire-baskanligi\/wp-json\/wp\/v2\/users\/228"}],"replies":[{"embeddable":true,"href":"http:\/\/ticaret.edu.tr\/ogrenci-isleri-daire-baskanligi\/wp-json\/wp\/v2\/comments?post=720"}],"version-history":[{"count":1,"href":"http:\/\/ticaret.edu.tr\/ogrenci-isleri-daire-baskanligi\/wp-json\/wp\/v2\/pages\/720\/revisions"}],"predecessor-version":[{"id":721,"href":"http:\/\/ticaret.edu.tr\/ogrenci-isleri-daire-baskanligi\/wp-json\/wp\/v2\/pages\/720\/revisions\/721"}],"wp:attachment":[{"href":"http:\/\/ticaret.edu.tr\/ogrenci-isleri-daire-baskanligi\/wp-json\/wp\/v2\/media?parent=720"}],"curies":[{"name":"wp","href":"https:\/\/api.w.org\/{rel}","templated":true}]}}