{"id":1255,"date":"2024-05-13T16:30:05","date_gmt":"2024-05-13T13:30:05","guid":{"rendered":"https:\/\/ticaret.edu.tr\/psikoloji\/?page_id=1255"},"modified":"2025-02-11T17:02:49","modified_gmt":"2025-02-11T14:02:49","slug":"internship","status":"publish","type":"page","link":"http:\/\/ticaret.edu.tr\/psikoloji\/en\/internship\/","title":{"rendered":"INTERNSHIP"},"content":{"rendered":"<p><strong>INTERNSHIP OPPORTUNITIES IN THE DEPARTMENT:<\/strong><\/p>\n<p>In the Istanbul Commerce University Department of Psychology, our program includes two mandatory internships within the scope of various subfields of psychology such as Clinical, Industrial, Forensic psychology, in addition to Nursery School. Each internship lasts for 20 working days and takes place during the summer periods.<\/p>\n<p>&nbsp;<\/p>\n<table width=\"517\">\n<tbody>\n<tr>\n<td><strong>PSYCHOLOGY DEPARTMENT INTERNSHIP COMMITTEE MEMBERS<\/strong><\/p>\n<p>ASST.PROF. ZEKER\u0130YA K\u00d6KREK<\/td>\n<\/tr>\n<tr>\n<td>ASST.PROF. YASEM\u0130N KU\u015e<\/td>\n<\/tr>\n<tr>\n<td>ASST. PROF. MEL\u0130KE \u0130LER\u0130SOY<\/td>\n<\/tr>\n<\/tbody>\n<\/table>\n<p>&nbsp;<\/p>\n<p>&nbsp;<\/p>\n<h5 id=\"category_baslik\"><strong>Department of Psychology Internship Guideline:<\/strong><\/h5>\n<p><a href=\"http:\/\/ticaret.edu.tr\/psikoloji\/wp-content\/uploads\/sites\/28\/2024\/05\/Department-of-Psychology-Internship-Guideline-1.pdf\">Department-of-Psychology-Internship-Guideline<\/a><\/p>\n","protected":false},"excerpt":{"rendered":"<p>INTERNSHIP OPPORTUNITIES IN THE DEPARTMENT: In the Istanbul Commerce University Department of Psychology, our program includes two mandatory internships within the scope of various subfields of psychology such as Clinical, Industrial, Forensic psychology, in addition to Nursery School. Each internship lasts for 20 working days and takes place during the summer periods. &nbsp; PSYCHOLOGY DEPARTMENT [&hellip;]<\/p>\n","protected":false},"author":182,"featured_media":0,"parent":0,"menu_order":0,"comment_status":"closed","ping_status":"closed","template":"genel_sayfa.php","meta":{"footnotes":""},"yoast_head":"<!-- This site is optimized with the Yoast SEO Premium plugin v22.1 (Yoast SEO v22.1) - https:\/\/yoast.com\/wordpress\/plugins\/seo\/ -->\n<title>INTERNSHIP - Psikoloji<\/title>\n<meta name=\"robots\" content=\"index, follow, max-snippet:-1, max-image-preview:large, max-video-preview:-1\" \/>\n<link rel=\"canonical\" href=\"https:\/\/ticaret.edu.tr\/psikoloji\/en\/internship\/\" \/>\n<meta property=\"og:locale\" content=\"tr_TR\" \/>\n<meta property=\"og:type\" content=\"article\" \/>\n<meta property=\"og:title\" content=\"INTERNSHIP\" \/>\n<meta property=\"og:description\" content=\"INTERNSHIP OPPORTUNITIES IN THE DEPARTMENT: In the Istanbul Commerce University Department of Psychology, our program includes two mandatory internships within the scope of various subfields of psychology such as Clinical, Industrial, Forensic psychology, in addition to Nursery School. Each internship lasts for 20 working days and takes place during the summer periods. &nbsp; PSYCHOLOGY DEPARTMENT [&hellip;]\" \/>\n<meta property=\"og:url\" content=\"https:\/\/ticaret.edu.tr\/psikoloji\/en\/internship\/\" \/>\n<meta property=\"og:site_name\" content=\"Psikoloji\" \/>\n<meta property=\"article:publisher\" content=\"https:\/\/www.facebook.com\/ticaretedutr\" \/>\n<meta property=\"article:modified_time\" content=\"2025-02-11T14:02:49+00:00\" \/>\n<meta property=\"og:image\" content=\"http:\/\/ticaret.edu.tr\/psikoloji\/wp-content\/uploads\/sites\/28\/2021\/11\/web_logo-01.jpg\" \/>\n\t<meta property=\"og:image:width\" content=\"1250\" \/>\n\t<meta property=\"og:image:height\" content=\"833\" \/>\n\t<meta property=\"og:image:type\" content=\"image\/jpeg\" \/>\n<meta name=\"twitter:card\" content=\"summary_large_image\" \/>\n<meta name=\"twitter:site\" content=\"@ticaretedutr\" \/>\n<meta name=\"twitter:label1\" content=\"Tahmini okuma s\u00fcresi\" \/>\n\t<meta name=\"twitter:data1\" content=\"1 dakika\" \/>\n<script type=\"application\/ld+json\" class=\"yoast-schema-graph\">{\"@context\":\"https:\/\/schema.org\",\"@graph\":[{\"@type\":\"WebPage\",\"@id\":\"https:\/\/ticaret.edu.tr\/psikoloji\/en\/internship\/\",\"url\":\"https:\/\/ticaret.edu.tr\/psikoloji\/en\/internship\/\",\"name\":\"INTERNSHIP - Psikoloji\",\"isPartOf\":{\"@id\":\"http:\/\/ticaret.edu.tr\/psikoloji\/#website\"},\"datePublished\":\"2024-05-13T13:30:05+00:00\",\"dateModified\":\"2025-02-11T14:02:49+00:00\",\"breadcrumb\":{\"@id\":\"https:\/\/ticaret.edu.tr\/psikoloji\/en\/internship\/#breadcrumb\"},\"inLanguage\":\"tr\",\"potentialAction\":[{\"@type\":\"ReadAction\",\"target\":[\"https:\/\/ticaret.edu.tr\/psikoloji\/en\/internship\/\"]}]},{\"@type\":\"BreadcrumbList\",\"@id\":\"https:\/\/ticaret.edu.tr\/psikoloji\/en\/internship\/#breadcrumb\",\"itemListElement\":[{\"@type\":\"ListItem\",\"position\":1,\"name\":\"Ana sayfa\",\"item\":\"http:\/\/ticaret.edu.tr\/psikoloji\/\"},{\"@type\":\"ListItem\",\"position\":2,\"name\":\"INTERNSHIP\"}]},{\"@type\":\"WebSite\",\"@id\":\"http:\/\/ticaret.edu.tr\/psikoloji\/#website\",\"url\":\"http:\/\/ticaret.edu.tr\/psikoloji\/\",\"name\":\"Psikoloji\",\"description\":\"\",\"potentialAction\":[{\"@type\":\"SearchAction\",\"target\":{\"@type\":\"EntryPoint\",\"urlTemplate\":\"http:\/\/ticaret.edu.tr\/psikoloji\/?s={search_term_string}\"},\"query-input\":\"required name=search_term_string\"}],\"inLanguage\":\"tr\"}]}<\/script>\n<!-- \/ Yoast SEO Premium plugin. -->","yoast_head_json":{"title":"INTERNSHIP - Psikoloji","robots":{"index":"index","follow":"follow","max-snippet":"max-snippet:-1","max-image-preview":"max-image-preview:large","max-video-preview":"max-video-preview:-1"},"canonical":"https:\/\/ticaret.edu.tr\/psikoloji\/en\/internship\/","og_locale":"tr_TR","og_type":"article","og_title":"INTERNSHIP","og_description":"INTERNSHIP OPPORTUNITIES IN THE DEPARTMENT: In the Istanbul Commerce University Department of Psychology, our program includes two mandatory internships within the scope of various subfields of psychology such as Clinical, Industrial, Forensic psychology, in addition to Nursery School. Each internship lasts for 20 working days and takes place during the summer periods. &nbsp; PSYCHOLOGY DEPARTMENT [&hellip;]","og_url":"https:\/\/ticaret.edu.tr\/psikoloji\/en\/internship\/","og_site_name":"Psikoloji","article_publisher":"https:\/\/www.facebook.com\/ticaretedutr","article_modified_time":"2025-02-11T14:02:49+00:00","og_image":[{"width":1250,"height":833,"url":"http:\/\/ticaret.edu.tr\/psikoloji\/wp-content\/uploads\/sites\/28\/2021\/11\/web_logo-01.jpg","type":"image\/jpeg"}],"twitter_card":"summary_large_image","twitter_site":"@ticaretedutr","twitter_misc":{"Tahmini okuma s\u00fcresi":"1 dakika"},"schema":{"@context":"https:\/\/schema.org","@graph":[{"@type":"WebPage","@id":"https:\/\/ticaret.edu.tr\/psikoloji\/en\/internship\/","url":"https:\/\/ticaret.edu.tr\/psikoloji\/en\/internship\/","name":"INTERNSHIP - Psikoloji","isPartOf":{"@id":"http:\/\/ticaret.edu.tr\/psikoloji\/#website"},"datePublished":"2024-05-13T13:30:05+00:00","dateModified":"2025-02-11T14:02:49+00:00","breadcrumb":{"@id":"https:\/\/ticaret.edu.tr\/psikoloji\/en\/internship\/#breadcrumb"},"inLanguage":"tr","potentialAction":[{"@type":"ReadAction","target":["https:\/\/ticaret.edu.tr\/psikoloji\/en\/internship\/"]}]},{"@type":"BreadcrumbList","@id":"https:\/\/ticaret.edu.tr\/psikoloji\/en\/internship\/#breadcrumb","itemListElement":[{"@type":"ListItem","position":1,"name":"Ana sayfa","item":"http:\/\/ticaret.edu.tr\/psikoloji\/"},{"@type":"ListItem","position":2,"name":"INTERNSHIP"}]},{"@type":"WebSite","@id":"http:\/\/ticaret.edu.tr\/psikoloji\/#website","url":"http:\/\/ticaret.edu.tr\/psikoloji\/","name":"Psikoloji","description":"","potentialAction":[{"@type":"SearchAction","target":{"@type":"EntryPoint","urlTemplate":"http:\/\/ticaret.edu.tr\/psikoloji\/?s={search_term_string}"},"query-input":"required name=search_term_string"}],"inLanguage":"tr"}]}},"lang":"en","translations":{"en":1255},"pll_sync_post":[],"_links":{"self":[{"href":"http:\/\/ticaret.edu.tr\/psikoloji\/wp-json\/wp\/v2\/pages\/1255"}],"collection":[{"href":"http:\/\/ticaret.edu.tr\/psikoloji\/wp-json\/wp\/v2\/pages"}],"about":[{"href":"http:\/\/ticaret.edu.tr\/psikoloji\/wp-json\/wp\/v2\/types\/page"}],"author":[{"embeddable":true,"href":"http:\/\/ticaret.edu.tr\/psikoloji\/wp-json\/wp\/v2\/users\/182"}],"replies":[{"embeddable":true,"href":"http:\/\/ticaret.edu.tr\/psikoloji\/wp-json\/wp\/v2\/comments?post=1255"}],"version-history":[{"count":1,"href":"http:\/\/ticaret.edu.tr\/psikoloji\/wp-json\/wp\/v2\/pages\/1255\/revisions"}],"predecessor-version":[{"id":1257,"href":"http:\/\/ticaret.edu.tr\/psikoloji\/wp-json\/wp\/v2\/pages\/1255\/revisions\/1257"}],"wp:attachment":[{"href":"http:\/\/ticaret.edu.tr\/psikoloji\/wp-json\/wp\/v2\/media?parent=1255"}],"curies":[{"name":"wp","href":"https:\/\/api.w.org\/{rel}","templated":true}]}}