{"id":1319,"date":"2025-01-26T21:51:49","date_gmt":"2025-01-26T18:51:49","guid":{"rendered":"https:\/\/ticaret.edu.tr\/psikoloji\/?page_id=1319"},"modified":"2025-02-11T17:02:12","modified_gmt":"2025-02-11T14:02:12","slug":"bolum-kurul-ve-komisyonlari","status":"publish","type":"page","link":"http:\/\/ticaret.edu.tr\/psikoloji\/bolum-kurul-ve-komisyonlari\/","title":{"rendered":"B\u00f6l\u00fcm Kurul ve Komisyonlar\u0131"},"content":{"rendered":"<p>&nbsp;<\/p>\n<div class=\"table-responsive\">\n<table class=\"table\" style=\"height: 241px\" width=\"579\">\n<tbody>\n<tr>\n<td style=\"text-align: center\" colspan=\"4\" width=\"691\"><strong>PS\u0130KOLOJ\u0130 B\u00d6L\u00dcM\u00dc DANI\u015eMA KURULU \u00dcYELER\u0130<\/strong><\/td>\n<\/tr>\n<tr>\n<td width=\"199\">PROF. DR. AHMET ERTAN TEZCAN<\/td>\n<td width=\"189\"><\/td>\n<td width=\"113\"><\/td>\n<td width=\"189\"><\/td>\n<\/tr>\n<tr>\n<td width=\"199\">DR. \u00d6ZGECAN NURY\u00dcZ AYDO\u011eMU\u015e<\/td>\n<td width=\"189\"><\/td>\n<td width=\"113\"><\/td>\n<td width=\"189\"><\/td>\n<\/tr>\n<tr>\n<td width=\"199\">PROF. DR. G\u00d6KHAN MALKO\u00c7<\/td>\n<td width=\"189\"><\/td>\n<td width=\"113\"><\/td>\n<td width=\"189\"><\/td>\n<\/tr>\n<tr>\n<td width=\"199\">DR. PINAR Y\u00d6R\u00dcK<\/td>\n<td width=\"189\"><\/td>\n<td width=\"113\"><\/td>\n<td width=\"189\"><\/td>\n<\/tr>\n<tr>\n<td width=\"199\">DR. \u00d6\u011eR. \u00dcYES\u0130 NESL\u0130HAN SAYRA\u00c7<\/td>\n<td width=\"189\"><\/td>\n<td width=\"113\"><\/td>\n<td width=\"189\"><\/td>\n<\/tr>\n<\/tbody>\n<\/table>\n<\/div>\n<p>&nbsp;<\/p>\n<p>&nbsp;<\/p>\n<table style=\"height: 149px\" width=\"478\">\n<tbody>\n<tr>\n<td style=\"text-align: center\" width=\"363\"><strong>PS\u0130KOLOJ\u0130 B\u00d6L\u00dcM\u00dc STAJ KOM\u0130SYONU \u00dcYELER\u0130<\/strong><\/td>\n<\/tr>\n<tr>\n<td>DR. \u00d6\u011eR. \u00dcYES\u0130 ZEKER\u0130YA K\u00d6KREK<\/td>\n<\/tr>\n<tr>\n<td>DR. \u00d6\u011eR. \u00dcYES\u0130 YASEM\u0130N KU\u015e<\/td>\n<\/tr>\n<tr>\n<td>DR. \u00d6\u011eR. \u00dcYES\u0130 MEL\u0130KE \u0130LER\u0130SOY<\/td>\n<\/tr>\n<\/tbody>\n<\/table>\n<p>&nbsp;<\/p>\n<p>&nbsp;<\/p>\n","protected":false},"excerpt":{"rendered":"<p>&nbsp; PS\u0130KOLOJ\u0130 B\u00d6L\u00dcM\u00dc DANI\u015eMA KURULU \u00dcYELER\u0130 PROF. DR. AHMET ERTAN TEZCAN DR. \u00d6ZGECAN NURY\u00dcZ AYDO\u011eMU\u015e PROF. DR. G\u00d6KHAN MALKO\u00c7 DR. PINAR Y\u00d6R\u00dcK DR. \u00d6\u011eR. \u00dcYES\u0130 NESL\u0130HAN SAYRA\u00c7 &nbsp; &nbsp; PS\u0130KOLOJ\u0130 B\u00d6L\u00dcM\u00dc STAJ KOM\u0130SYONU \u00dcYELER\u0130 DR. \u00d6\u011eR. \u00dcYES\u0130 ZEKER\u0130YA K\u00d6KREK DR. \u00d6\u011eR. \u00dcYES\u0130 YASEM\u0130N KU\u015e DR. \u00d6\u011eR. \u00dcYES\u0130 MEL\u0130KE \u0130LER\u0130SOY &nbsp; &nbsp;<\/p>\n","protected":false},"author":43,"featured_media":0,"parent":0,"menu_order":0,"comment_status":"closed","ping_status":"closed","template":"genel_sayfa.php","meta":{"footnotes":""},"yoast_head":"<!-- This site is optimized with the Yoast SEO Premium plugin v22.1 (Yoast SEO v22.1) - https:\/\/yoast.com\/wordpress\/plugins\/seo\/ -->\n<title>B\u00f6l\u00fcm Kurul ve Komisyonlar\u0131 - Psikoloji<\/title>\n<meta name=\"robots\" content=\"index, follow, max-snippet:-1, max-image-preview:large, max-video-preview:-1\" \/>\n<link rel=\"canonical\" href=\"http:\/\/ticaret.edu.tr\/psikoloji\/bolum-kurul-ve-komisyonlari\/\" \/>\n<meta property=\"og:locale\" content=\"tr_TR\" \/>\n<meta property=\"og:type\" content=\"article\" \/>\n<meta property=\"og:title\" content=\"B\u00f6l\u00fcm Kurul ve Komisyonlar\u0131\" \/>\n<meta property=\"og:description\" content=\"&nbsp; PS\u0130KOLOJ\u0130 B\u00d6L\u00dcM\u00dc DANI\u015eMA KURULU \u00dcYELER\u0130 PROF. DR. AHMET ERTAN TEZCAN DR. \u00d6ZGECAN NURY\u00dcZ AYDO\u011eMU\u015e PROF. DR. G\u00d6KHAN MALKO\u00c7 DR. PINAR Y\u00d6R\u00dcK DR. \u00d6\u011eR. \u00dcYES\u0130 NESL\u0130HAN SAYRA\u00c7 &nbsp; &nbsp; PS\u0130KOLOJ\u0130 B\u00d6L\u00dcM\u00dc STAJ KOM\u0130SYONU \u00dcYELER\u0130 DR. \u00d6\u011eR. \u00dcYES\u0130 ZEKER\u0130YA K\u00d6KREK DR. \u00d6\u011eR. \u00dcYES\u0130 YASEM\u0130N KU\u015e DR. \u00d6\u011eR. \u00dcYES\u0130 MEL\u0130KE \u0130LER\u0130SOY &nbsp; &nbsp;\" \/>\n<meta property=\"og:url\" content=\"http:\/\/ticaret.edu.tr\/psikoloji\/bolum-kurul-ve-komisyonlari\/\" \/>\n<meta property=\"og:site_name\" content=\"Psikoloji\" \/>\n<meta property=\"article:publisher\" content=\"https:\/\/www.facebook.com\/ticaretedutr\" \/>\n<meta property=\"article:modified_time\" content=\"2025-02-11T14:02:12+00:00\" \/>\n<meta property=\"og:image\" content=\"http:\/\/ticaret.edu.tr\/psikoloji\/wp-content\/uploads\/sites\/28\/2021\/11\/web_logo-01.jpg\" \/>\n\t<meta property=\"og:image:width\" content=\"1250\" \/>\n\t<meta property=\"og:image:height\" content=\"833\" \/>\n\t<meta property=\"og:image:type\" content=\"image\/jpeg\" \/>\n<meta name=\"twitter:card\" content=\"summary_large_image\" \/>\n<meta name=\"twitter:site\" content=\"@ticaretedutr\" \/>\n<meta name=\"twitter:label1\" content=\"Tahmini okuma s\u00fcresi\" \/>\n\t<meta name=\"twitter:data1\" content=\"1 dakika\" \/>\n<script type=\"application\/ld+json\" class=\"yoast-schema-graph\">{\"@context\":\"https:\/\/schema.org\",\"@graph\":[{\"@type\":\"WebPage\",\"@id\":\"http:\/\/ticaret.edu.tr\/psikoloji\/bolum-kurul-ve-komisyonlari\/\",\"url\":\"http:\/\/ticaret.edu.tr\/psikoloji\/bolum-kurul-ve-komisyonlari\/\",\"name\":\"B\u00f6l\u00fcm Kurul ve Komisyonlar\u0131 - Psikoloji\",\"isPartOf\":{\"@id\":\"http:\/\/ticaret.edu.tr\/psikoloji\/#website\"},\"datePublished\":\"2025-01-26T18:51:49+00:00\",\"dateModified\":\"2025-02-11T14:02:12+00:00\",\"breadcrumb\":{\"@id\":\"http:\/\/ticaret.edu.tr\/psikoloji\/bolum-kurul-ve-komisyonlari\/#breadcrumb\"},\"inLanguage\":\"tr\",\"potentialAction\":[{\"@type\":\"ReadAction\",\"target\":[\"http:\/\/ticaret.edu.tr\/psikoloji\/bolum-kurul-ve-komisyonlari\/\"]}]},{\"@type\":\"BreadcrumbList\",\"@id\":\"http:\/\/ticaret.edu.tr\/psikoloji\/bolum-kurul-ve-komisyonlari\/#breadcrumb\",\"itemListElement\":[{\"@type\":\"ListItem\",\"position\":1,\"name\":\"Ana sayfa\",\"item\":\"http:\/\/ticaret.edu.tr\/psikoloji\/\"},{\"@type\":\"ListItem\",\"position\":2,\"name\":\"B\u00f6l\u00fcm Kurul ve Komisyonlar\u0131\"}]},{\"@type\":\"WebSite\",\"@id\":\"http:\/\/ticaret.edu.tr\/psikoloji\/#website\",\"url\":\"http:\/\/ticaret.edu.tr\/psikoloji\/\",\"name\":\"Psikoloji\",\"description\":\"\",\"potentialAction\":[{\"@type\":\"SearchAction\",\"target\":{\"@type\":\"EntryPoint\",\"urlTemplate\":\"http:\/\/ticaret.edu.tr\/psikoloji\/?s={search_term_string}\"},\"query-input\":\"required name=search_term_string\"}],\"inLanguage\":\"tr\"}]}<\/script>\n<!-- \/ Yoast SEO Premium plugin. -->","yoast_head_json":{"title":"B\u00f6l\u00fcm Kurul ve Komisyonlar\u0131 - Psikoloji","robots":{"index":"index","follow":"follow","max-snippet":"max-snippet:-1","max-image-preview":"max-image-preview:large","max-video-preview":"max-video-preview:-1"},"canonical":"http:\/\/ticaret.edu.tr\/psikoloji\/bolum-kurul-ve-komisyonlari\/","og_locale":"tr_TR","og_type":"article","og_title":"B\u00f6l\u00fcm Kurul ve Komisyonlar\u0131","og_description":"&nbsp; PS\u0130KOLOJ\u0130 B\u00d6L\u00dcM\u00dc DANI\u015eMA KURULU \u00dcYELER\u0130 PROF. DR. AHMET ERTAN TEZCAN DR. \u00d6ZGECAN NURY\u00dcZ AYDO\u011eMU\u015e PROF. DR. G\u00d6KHAN MALKO\u00c7 DR. PINAR Y\u00d6R\u00dcK DR. \u00d6\u011eR. \u00dcYES\u0130 NESL\u0130HAN SAYRA\u00c7 &nbsp; &nbsp; PS\u0130KOLOJ\u0130 B\u00d6L\u00dcM\u00dc STAJ KOM\u0130SYONU \u00dcYELER\u0130 DR. \u00d6\u011eR. \u00dcYES\u0130 ZEKER\u0130YA K\u00d6KREK DR. \u00d6\u011eR. \u00dcYES\u0130 YASEM\u0130N KU\u015e DR. \u00d6\u011eR. \u00dcYES\u0130 MEL\u0130KE \u0130LER\u0130SOY &nbsp; &nbsp;","og_url":"http:\/\/ticaret.edu.tr\/psikoloji\/bolum-kurul-ve-komisyonlari\/","og_site_name":"Psikoloji","article_publisher":"https:\/\/www.facebook.com\/ticaretedutr","article_modified_time":"2025-02-11T14:02:12+00:00","og_image":[{"width":1250,"height":833,"url":"http:\/\/ticaret.edu.tr\/psikoloji\/wp-content\/uploads\/sites\/28\/2021\/11\/web_logo-01.jpg","type":"image\/jpeg"}],"twitter_card":"summary_large_image","twitter_site":"@ticaretedutr","twitter_misc":{"Tahmini okuma s\u00fcresi":"1 dakika"},"schema":{"@context":"https:\/\/schema.org","@graph":[{"@type":"WebPage","@id":"http:\/\/ticaret.edu.tr\/psikoloji\/bolum-kurul-ve-komisyonlari\/","url":"http:\/\/ticaret.edu.tr\/psikoloji\/bolum-kurul-ve-komisyonlari\/","name":"B\u00f6l\u00fcm Kurul ve Komisyonlar\u0131 - Psikoloji","isPartOf":{"@id":"http:\/\/ticaret.edu.tr\/psikoloji\/#website"},"datePublished":"2025-01-26T18:51:49+00:00","dateModified":"2025-02-11T14:02:12+00:00","breadcrumb":{"@id":"http:\/\/ticaret.edu.tr\/psikoloji\/bolum-kurul-ve-komisyonlari\/#breadcrumb"},"inLanguage":"tr","potentialAction":[{"@type":"ReadAction","target":["http:\/\/ticaret.edu.tr\/psikoloji\/bolum-kurul-ve-komisyonlari\/"]}]},{"@type":"BreadcrumbList","@id":"http:\/\/ticaret.edu.tr\/psikoloji\/bolum-kurul-ve-komisyonlari\/#breadcrumb","itemListElement":[{"@type":"ListItem","position":1,"name":"Ana sayfa","item":"http:\/\/ticaret.edu.tr\/psikoloji\/"},{"@type":"ListItem","position":2,"name":"B\u00f6l\u00fcm Kurul ve Komisyonlar\u0131"}]},{"@type":"WebSite","@id":"http:\/\/ticaret.edu.tr\/psikoloji\/#website","url":"http:\/\/ticaret.edu.tr\/psikoloji\/","name":"Psikoloji","description":"","potentialAction":[{"@type":"SearchAction","target":{"@type":"EntryPoint","urlTemplate":"http:\/\/ticaret.edu.tr\/psikoloji\/?s={search_term_string}"},"query-input":"required name=search_term_string"}],"inLanguage":"tr"}]}},"lang":"tr","translations":{"en":1321,"tr":1319},"pll_sync_post":[],"_links":{"self":[{"href":"http:\/\/ticaret.edu.tr\/psikoloji\/wp-json\/wp\/v2\/pages\/1319"}],"collection":[{"href":"http:\/\/ticaret.edu.tr\/psikoloji\/wp-json\/wp\/v2\/pages"}],"about":[{"href":"http:\/\/ticaret.edu.tr\/psikoloji\/wp-json\/wp\/v2\/types\/page"}],"author":[{"embeddable":true,"href":"http:\/\/ticaret.edu.tr\/psikoloji\/wp-json\/wp\/v2\/users\/43"}],"replies":[{"embeddable":true,"href":"http:\/\/ticaret.edu.tr\/psikoloji\/wp-json\/wp\/v2\/comments?post=1319"}],"version-history":[{"count":3,"href":"http:\/\/ticaret.edu.tr\/psikoloji\/wp-json\/wp\/v2\/pages\/1319\/revisions"}],"predecessor-version":[{"id":1671,"href":"http:\/\/ticaret.edu.tr\/psikoloji\/wp-json\/wp\/v2\/pages\/1319\/revisions\/1671"}],"wp:attachment":[{"href":"http:\/\/ticaret.edu.tr\/psikoloji\/wp-json\/wp\/v2\/media?parent=1319"}],"curies":[{"name":"wp","href":"https:\/\/api.w.org\/{rel}","templated":true}]}}