{"id":1335,"date":"2025-01-26T21:56:53","date_gmt":"2025-01-26T18:56:53","guid":{"rendered":"https:\/\/ticaret.edu.tr\/psikoloji\/?page_id=1335"},"modified":"2025-10-17T15:05:20","modified_gmt":"2025-10-17T12:05:20","slug":"giris-yazisi","status":"publish","type":"page","link":"http:\/\/ticaret.edu.tr\/psikoloji\/giris-yazisi\/","title":{"rendered":"Giri\u015f Yaz\u0131s\u0131"},"content":{"rendered":"<p data-start=\"24\" data-end=\"340\">\u0130stanbul Ticaret \u00dcniversitesi Psikoloji B\u00f6l\u00fcm\u00fc, insan davran\u0131\u015f\u0131n\u0131 ve zihinsel s\u00fcre\u00e7leri bilimsel temelde anlamay\u0131 ama\u00e7layan bir e\u011fitim program\u0131 sunar. B\u00f6l\u00fcm, \u00f6\u011frencilerine psikolojinin kuramsal temellerini kazand\u0131r\u0131rken, ayn\u0131 zamanda bu bilgileri uygulamaya d\u00f6n\u00fc\u015ft\u00fcrebilecek beceriler geli\u015ftirmelerine imk\u00e2n tan\u0131r.<\/p>\n<p data-start=\"342\" data-end=\"739\">E\u011fitim program\u0131; klinik, geli\u015fim, bili\u015fsel, adli, end\u00fcstri psikolojisi ve deneysel psikoloji gibi temel alt alanlar\u0131 kapsar. \u00d6\u011frenciler, bilimsel ara\u015ft\u0131rma y\u00f6ntemleri, istatistik ve akademik yaz\u0131m dersleriyle desteklenen g\u00fc\u00e7l\u00fc bir akademik altyap\u0131 edinirler. Zorunlu stajlar, ara\u015ft\u0131rma projeleri ve kurum i\u015f birlikleri sayesinde kuramsal bilgilerini ger\u00e7ek ya\u015famda uygulama f\u0131rsat\u0131 bulurlar.<\/p>\n<p data-start=\"741\" data-end=\"1039\">Program\u0131n b\u00fct\u00fcnc\u00fcl yap\u0131s\u0131, \u00f6\u011frencilerin ele\u015ftirel d\u00fc\u015f\u00fcnme, bilimsel sorgulama ve etik fark\u0131ndal\u0131k becerilerini geli\u015ftirmeyi hedefler. Mezunlar\u0131m\u0131z; sa\u011fl\u0131k, adalet, e\u011fitim, insan kaynaklar\u0131, ara\u015ft\u0131rma, dan\u0131\u015fmanl\u0131k, reklam ve sivil toplum kurulu\u015flar\u0131 gibi pek \u00e7ok alanda \u00e7al\u0131\u015fma olana\u011f\u0131na sahiptir.<\/p>\n","protected":false},"excerpt":{"rendered":"<p>\u0130stanbul Ticaret \u00dcniversitesi Psikoloji B\u00f6l\u00fcm\u00fc, insan davran\u0131\u015f\u0131n\u0131 ve zihinsel s\u00fcre\u00e7leri bilimsel temelde anlamay\u0131 ama\u00e7layan bir e\u011fitim program\u0131 sunar. B\u00f6l\u00fcm, \u00f6\u011frencilerine psikolojinin kuramsal temellerini kazand\u0131r\u0131rken, ayn\u0131 zamanda bu bilgileri uygulamaya d\u00f6n\u00fc\u015ft\u00fcrebilecek beceriler geli\u015ftirmelerine imk\u00e2n tan\u0131r. E\u011fitim program\u0131; klinik, geli\u015fim, bili\u015fsel, adli, end\u00fcstri psikolojisi ve deneysel psikoloji gibi temel alt alanlar\u0131 kapsar. \u00d6\u011frenciler, bilimsel ara\u015ft\u0131rma y\u00f6ntemleri, istatistik [&hellip;]<\/p>\n","protected":false},"author":43,"featured_media":0,"parent":0,"menu_order":0,"comment_status":"closed","ping_status":"closed","template":"genel_sayfa.php","meta":{"footnotes":""},"yoast_head":"<!-- This site is optimized with the Yoast SEO Premium plugin v22.1 (Yoast SEO v22.1) - https:\/\/yoast.com\/wordpress\/plugins\/seo\/ -->\n<title>Giri\u015f Yaz\u0131s\u0131 - Psikoloji<\/title>\n<meta name=\"robots\" content=\"index, follow, max-snippet:-1, max-image-preview:large, max-video-preview:-1\" \/>\n<link rel=\"canonical\" href=\"http:\/\/ticaret.edu.tr\/psikoloji\/giris-yazisi\/\" \/>\n<meta property=\"og:locale\" content=\"tr_TR\" \/>\n<meta property=\"og:type\" content=\"article\" \/>\n<meta property=\"og:title\" content=\"Giri\u015f Yaz\u0131s\u0131\" \/>\n<meta property=\"og:description\" content=\"\u0130stanbul Ticaret \u00dcniversitesi Psikoloji B\u00f6l\u00fcm\u00fc, insan davran\u0131\u015f\u0131n\u0131 ve zihinsel s\u00fcre\u00e7leri bilimsel temelde anlamay\u0131 ama\u00e7layan bir e\u011fitim program\u0131 sunar. B\u00f6l\u00fcm, \u00f6\u011frencilerine psikolojinin kuramsal temellerini kazand\u0131r\u0131rken, ayn\u0131 zamanda bu bilgileri uygulamaya d\u00f6n\u00fc\u015ft\u00fcrebilecek beceriler geli\u015ftirmelerine imk\u00e2n tan\u0131r. E\u011fitim program\u0131; klinik, geli\u015fim, bili\u015fsel, adli, end\u00fcstri psikolojisi ve deneysel psikoloji gibi temel alt alanlar\u0131 kapsar. \u00d6\u011frenciler, bilimsel ara\u015ft\u0131rma y\u00f6ntemleri, istatistik [&hellip;]\" \/>\n<meta property=\"og:url\" content=\"http:\/\/ticaret.edu.tr\/psikoloji\/giris-yazisi\/\" \/>\n<meta property=\"og:site_name\" content=\"Psikoloji\" \/>\n<meta property=\"article:publisher\" content=\"https:\/\/www.facebook.com\/ticaretedutr\" \/>\n<meta property=\"article:modified_time\" content=\"2025-10-17T12:05:20+00:00\" \/>\n<meta property=\"og:image\" content=\"http:\/\/ticaret.edu.tr\/psikoloji\/wp-content\/uploads\/sites\/28\/2021\/11\/web_logo-01.jpg\" \/>\n\t<meta property=\"og:image:width\" content=\"1250\" \/>\n\t<meta property=\"og:image:height\" content=\"833\" \/>\n\t<meta property=\"og:image:type\" content=\"image\/jpeg\" \/>\n<meta name=\"twitter:card\" content=\"summary_large_image\" \/>\n<meta name=\"twitter:site\" content=\"@ticaretedutr\" \/>\n<meta name=\"twitter:label1\" content=\"Tahmini okuma s\u00fcresi\" \/>\n\t<meta name=\"twitter:data1\" content=\"1 dakika\" \/>\n<script type=\"application\/ld+json\" class=\"yoast-schema-graph\">{\"@context\":\"https:\/\/schema.org\",\"@graph\":[{\"@type\":\"WebPage\",\"@id\":\"http:\/\/ticaret.edu.tr\/psikoloji\/giris-yazisi\/\",\"url\":\"http:\/\/ticaret.edu.tr\/psikoloji\/giris-yazisi\/\",\"name\":\"Giri\u015f Yaz\u0131s\u0131 - Psikoloji\",\"isPartOf\":{\"@id\":\"http:\/\/ticaret.edu.tr\/psikoloji\/#website\"},\"datePublished\":\"2025-01-26T18:56:53+00:00\",\"dateModified\":\"2025-10-17T12:05:20+00:00\",\"breadcrumb\":{\"@id\":\"http:\/\/ticaret.edu.tr\/psikoloji\/giris-yazisi\/#breadcrumb\"},\"inLanguage\":\"tr\",\"potentialAction\":[{\"@type\":\"ReadAction\",\"target\":[\"http:\/\/ticaret.edu.tr\/psikoloji\/giris-yazisi\/\"]}]},{\"@type\":\"BreadcrumbList\",\"@id\":\"http:\/\/ticaret.edu.tr\/psikoloji\/giris-yazisi\/#breadcrumb\",\"itemListElement\":[{\"@type\":\"ListItem\",\"position\":1,\"name\":\"Ana sayfa\",\"item\":\"http:\/\/ticaret.edu.tr\/psikoloji\/\"},{\"@type\":\"ListItem\",\"position\":2,\"name\":\"Giri\u015f Yaz\u0131s\u0131\"}]},{\"@type\":\"WebSite\",\"@id\":\"http:\/\/ticaret.edu.tr\/psikoloji\/#website\",\"url\":\"http:\/\/ticaret.edu.tr\/psikoloji\/\",\"name\":\"Psikoloji\",\"description\":\"\",\"potentialAction\":[{\"@type\":\"SearchAction\",\"target\":{\"@type\":\"EntryPoint\",\"urlTemplate\":\"http:\/\/ticaret.edu.tr\/psikoloji\/?s={search_term_string}\"},\"query-input\":\"required name=search_term_string\"}],\"inLanguage\":\"tr\"}]}<\/script>\n<!-- \/ Yoast SEO Premium plugin. -->","yoast_head_json":{"title":"Giri\u015f Yaz\u0131s\u0131 - Psikoloji","robots":{"index":"index","follow":"follow","max-snippet":"max-snippet:-1","max-image-preview":"max-image-preview:large","max-video-preview":"max-video-preview:-1"},"canonical":"http:\/\/ticaret.edu.tr\/psikoloji\/giris-yazisi\/","og_locale":"tr_TR","og_type":"article","og_title":"Giri\u015f Yaz\u0131s\u0131","og_description":"\u0130stanbul Ticaret \u00dcniversitesi Psikoloji B\u00f6l\u00fcm\u00fc, insan davran\u0131\u015f\u0131n\u0131 ve zihinsel s\u00fcre\u00e7leri bilimsel temelde anlamay\u0131 ama\u00e7layan bir e\u011fitim program\u0131 sunar. B\u00f6l\u00fcm, \u00f6\u011frencilerine psikolojinin kuramsal temellerini kazand\u0131r\u0131rken, ayn\u0131 zamanda bu bilgileri uygulamaya d\u00f6n\u00fc\u015ft\u00fcrebilecek beceriler geli\u015ftirmelerine imk\u00e2n tan\u0131r. E\u011fitim program\u0131; klinik, geli\u015fim, bili\u015fsel, adli, end\u00fcstri psikolojisi ve deneysel psikoloji gibi temel alt alanlar\u0131 kapsar. \u00d6\u011frenciler, bilimsel ara\u015ft\u0131rma y\u00f6ntemleri, istatistik [&hellip;]","og_url":"http:\/\/ticaret.edu.tr\/psikoloji\/giris-yazisi\/","og_site_name":"Psikoloji","article_publisher":"https:\/\/www.facebook.com\/ticaretedutr","article_modified_time":"2025-10-17T12:05:20+00:00","og_image":[{"width":1250,"height":833,"url":"http:\/\/ticaret.edu.tr\/psikoloji\/wp-content\/uploads\/sites\/28\/2021\/11\/web_logo-01.jpg","type":"image\/jpeg"}],"twitter_card":"summary_large_image","twitter_site":"@ticaretedutr","twitter_misc":{"Tahmini okuma s\u00fcresi":"1 dakika"},"schema":{"@context":"https:\/\/schema.org","@graph":[{"@type":"WebPage","@id":"http:\/\/ticaret.edu.tr\/psikoloji\/giris-yazisi\/","url":"http:\/\/ticaret.edu.tr\/psikoloji\/giris-yazisi\/","name":"Giri\u015f Yaz\u0131s\u0131 - Psikoloji","isPartOf":{"@id":"http:\/\/ticaret.edu.tr\/psikoloji\/#website"},"datePublished":"2025-01-26T18:56:53+00:00","dateModified":"2025-10-17T12:05:20+00:00","breadcrumb":{"@id":"http:\/\/ticaret.edu.tr\/psikoloji\/giris-yazisi\/#breadcrumb"},"inLanguage":"tr","potentialAction":[{"@type":"ReadAction","target":["http:\/\/ticaret.edu.tr\/psikoloji\/giris-yazisi\/"]}]},{"@type":"BreadcrumbList","@id":"http:\/\/ticaret.edu.tr\/psikoloji\/giris-yazisi\/#breadcrumb","itemListElement":[{"@type":"ListItem","position":1,"name":"Ana sayfa","item":"http:\/\/ticaret.edu.tr\/psikoloji\/"},{"@type":"ListItem","position":2,"name":"Giri\u015f Yaz\u0131s\u0131"}]},{"@type":"WebSite","@id":"http:\/\/ticaret.edu.tr\/psikoloji\/#website","url":"http:\/\/ticaret.edu.tr\/psikoloji\/","name":"Psikoloji","description":"","potentialAction":[{"@type":"SearchAction","target":{"@type":"EntryPoint","urlTemplate":"http:\/\/ticaret.edu.tr\/psikoloji\/?s={search_term_string}"},"query-input":"required name=search_term_string"}],"inLanguage":"tr"}]}},"lang":"tr","translations":{"en":1337,"tr":1335},"pll_sync_post":[],"_links":{"self":[{"href":"http:\/\/ticaret.edu.tr\/psikoloji\/wp-json\/wp\/v2\/pages\/1335"}],"collection":[{"href":"http:\/\/ticaret.edu.tr\/psikoloji\/wp-json\/wp\/v2\/pages"}],"about":[{"href":"http:\/\/ticaret.edu.tr\/psikoloji\/wp-json\/wp\/v2\/types\/page"}],"author":[{"embeddable":true,"href":"http:\/\/ticaret.edu.tr\/psikoloji\/wp-json\/wp\/v2\/users\/43"}],"replies":[{"embeddable":true,"href":"http:\/\/ticaret.edu.tr\/psikoloji\/wp-json\/wp\/v2\/comments?post=1335"}],"version-history":[{"count":2,"href":"http:\/\/ticaret.edu.tr\/psikoloji\/wp-json\/wp\/v2\/pages\/1335\/revisions"}],"predecessor-version":[{"id":1881,"href":"http:\/\/ticaret.edu.tr\/psikoloji\/wp-json\/wp\/v2\/pages\/1335\/revisions\/1881"}],"wp:attachment":[{"href":"http:\/\/ticaret.edu.tr\/psikoloji\/wp-json\/wp\/v2\/media?parent=1335"}],"curies":[{"name":"wp","href":"https:\/\/api.w.org\/{rel}","templated":true}]}}