{"id":1483,"date":"2025-01-26T23:51:16","date_gmt":"2025-01-26T20:51:16","guid":{"rendered":"https:\/\/ticaret.edu.tr\/psikoloji\/?page_id=1483"},"modified":"2025-02-11T17:02:05","modified_gmt":"2025-02-11T14:02:05","slug":"basvuru-kosullari","status":"publish","type":"page","link":"http:\/\/ticaret.edu.tr\/psikoloji\/basvuru-kosullari\/","title":{"rendered":"Ba\u015fvuru Ko\u015fullar\u0131"},"content":{"rendered":"<ul>\n<li><strong><u>Tezli Y\u00fcksek Lisans Programlar\u0131 i\u00e7in<\/u><\/strong>\u00a0 ALES Puan T\u00fcr\u00fcnden\u00a0<u>en az<\/u>\u00a055 puan.<\/li>\n<li>Uygulamal\u0131 Psikoloji Tezli Y\u00fcksek Lisans Program\u0131na sadece\u00a0<u>Psikoloji B\u00f6l\u00fcm\u00fc<\/u>\u00a0ile\u00a0<u>Psikolojik Dan\u0131\u015fmanl\u0131k ve Rehberlik B\u00f6l\u00fcm\u00fc<\/u>\u00a0(PDR) mezunlar\u0131 ba\u015fvuru yapabilir di\u011fer lisans b\u00f6l\u00fcmlerinden mezun olanlar ba\u015fvuru yapamazlar.<\/li>\n<\/ul>\n<ul>\n<li><strong><u>Tezsiz Y\u00fcksek Lisans Programlar\u0131 i\u00e7in<\/u><\/strong>\u00a0 ALES ko\u015fulunun aranmamas\u0131.<\/li>\n<li>Uygulamal\u0131 Psikoloji Tezsiz Y\u00fcksek Lisans Program\u0131na sadece\u00a0<u>Psikoloji B\u00f6l\u00fcm\u00fc<\/u>\u00a0ile\u00a0<u>Psikolojik Dan\u0131\u015fmanl\u0131k ve Rehberlik B\u00f6l\u00fcm\u00fc<\/u>\u00a0(PDR) mezunlar\u0131 ba\u015fvuru yapabilir di\u011fer lisans b\u00f6l\u00fcmlerinden mezun olanlar ba\u015fvuru yapamazlar.<\/li>\n<li><strong><u>Tezsiz\u00a0Y\u00fcksek Lisans Programlar\u0131na<\/u><\/strong>\u00a0 \u201c \u00d6zel \u00d6\u011frenci \u201d ba\u015fvurular\u0131n\u0131n kabul edilmemesi.<\/li>\n<li>Erkek adaylar i\u00e7in ;\u00a0<strong><u>Askerlik Terhis veya Tecil Belgesinin<\/u><\/strong>\u00a0ibraz edilmesi.<\/li>\n<\/ul>\n","protected":false},"excerpt":{"rendered":"<p>Tezli Y\u00fcksek Lisans Programlar\u0131 i\u00e7in\u00a0 ALES Puan T\u00fcr\u00fcnden\u00a0en az\u00a055 puan. Uygulamal\u0131 Psikoloji Tezli Y\u00fcksek Lisans Program\u0131na sadece\u00a0Psikoloji B\u00f6l\u00fcm\u00fc\u00a0ile\u00a0Psikolojik Dan\u0131\u015fmanl\u0131k ve Rehberlik B\u00f6l\u00fcm\u00fc\u00a0(PDR) mezunlar\u0131 ba\u015fvuru yapabilir di\u011fer lisans b\u00f6l\u00fcmlerinden mezun olanlar ba\u015fvuru yapamazlar. Tezsiz Y\u00fcksek Lisans Programlar\u0131 i\u00e7in\u00a0 ALES ko\u015fulunun aranmamas\u0131. Uygulamal\u0131 Psikoloji Tezsiz Y\u00fcksek Lisans Program\u0131na sadece\u00a0Psikoloji B\u00f6l\u00fcm\u00fc\u00a0ile\u00a0Psikolojik Dan\u0131\u015fmanl\u0131k ve Rehberlik B\u00f6l\u00fcm\u00fc\u00a0(PDR) mezunlar\u0131 ba\u015fvuru yapabilir [&hellip;]<\/p>\n","protected":false},"author":43,"featured_media":0,"parent":0,"menu_order":0,"comment_status":"closed","ping_status":"closed","template":"genel_sayfa.php","meta":{"footnotes":""},"yoast_head":"<!-- This site is optimized with the Yoast SEO Premium plugin v22.1 (Yoast SEO v22.1) - https:\/\/yoast.com\/wordpress\/plugins\/seo\/ -->\n<title>Ba\u015fvuru Ko\u015fullar\u0131 - Psikoloji<\/title>\n<meta name=\"robots\" content=\"index, follow, max-snippet:-1, max-image-preview:large, max-video-preview:-1\" \/>\n<link rel=\"canonical\" href=\"http:\/\/ticaret.edu.tr\/psikoloji\/basvuru-kosullari\/\" \/>\n<meta property=\"og:locale\" content=\"tr_TR\" \/>\n<meta property=\"og:type\" content=\"article\" \/>\n<meta property=\"og:title\" content=\"Ba\u015fvuru Ko\u015fullar\u0131\" \/>\n<meta property=\"og:description\" content=\"Tezli Y\u00fcksek Lisans Programlar\u0131 i\u00e7in\u00a0 ALES Puan T\u00fcr\u00fcnden\u00a0en az\u00a055 puan. Uygulamal\u0131 Psikoloji Tezli Y\u00fcksek Lisans Program\u0131na sadece\u00a0Psikoloji B\u00f6l\u00fcm\u00fc\u00a0ile\u00a0Psikolojik Dan\u0131\u015fmanl\u0131k ve Rehberlik B\u00f6l\u00fcm\u00fc\u00a0(PDR) mezunlar\u0131 ba\u015fvuru yapabilir di\u011fer lisans b\u00f6l\u00fcmlerinden mezun olanlar ba\u015fvuru yapamazlar. Tezsiz Y\u00fcksek Lisans Programlar\u0131 i\u00e7in\u00a0 ALES ko\u015fulunun aranmamas\u0131. Uygulamal\u0131 Psikoloji Tezsiz Y\u00fcksek Lisans Program\u0131na sadece\u00a0Psikoloji B\u00f6l\u00fcm\u00fc\u00a0ile\u00a0Psikolojik Dan\u0131\u015fmanl\u0131k ve Rehberlik B\u00f6l\u00fcm\u00fc\u00a0(PDR) mezunlar\u0131 ba\u015fvuru yapabilir [&hellip;]\" \/>\n<meta property=\"og:url\" content=\"http:\/\/ticaret.edu.tr\/psikoloji\/basvuru-kosullari\/\" \/>\n<meta property=\"og:site_name\" content=\"Psikoloji\" \/>\n<meta property=\"article:publisher\" content=\"https:\/\/www.facebook.com\/ticaretedutr\" \/>\n<meta property=\"article:modified_time\" content=\"2025-02-11T14:02:05+00:00\" \/>\n<meta property=\"og:image\" content=\"http:\/\/ticaret.edu.tr\/psikoloji\/wp-content\/uploads\/sites\/28\/2021\/11\/web_logo-01.jpg\" \/>\n\t<meta property=\"og:image:width\" content=\"1250\" \/>\n\t<meta property=\"og:image:height\" content=\"833\" \/>\n\t<meta property=\"og:image:type\" content=\"image\/jpeg\" \/>\n<meta name=\"twitter:card\" content=\"summary_large_image\" \/>\n<meta name=\"twitter:site\" content=\"@ticaretedutr\" \/>\n<meta name=\"twitter:label1\" content=\"Tahmini okuma s\u00fcresi\" \/>\n\t<meta name=\"twitter:data1\" content=\"1 dakika\" \/>\n<script type=\"application\/ld+json\" class=\"yoast-schema-graph\">{\"@context\":\"https:\/\/schema.org\",\"@graph\":[{\"@type\":\"WebPage\",\"@id\":\"http:\/\/ticaret.edu.tr\/psikoloji\/basvuru-kosullari\/\",\"url\":\"http:\/\/ticaret.edu.tr\/psikoloji\/basvuru-kosullari\/\",\"name\":\"Ba\u015fvuru Ko\u015fullar\u0131 - Psikoloji\",\"isPartOf\":{\"@id\":\"http:\/\/ticaret.edu.tr\/psikoloji\/#website\"},\"datePublished\":\"2025-01-26T20:51:16+00:00\",\"dateModified\":\"2025-02-11T14:02:05+00:00\",\"breadcrumb\":{\"@id\":\"http:\/\/ticaret.edu.tr\/psikoloji\/basvuru-kosullari\/#breadcrumb\"},\"inLanguage\":\"tr\",\"potentialAction\":[{\"@type\":\"ReadAction\",\"target\":[\"http:\/\/ticaret.edu.tr\/psikoloji\/basvuru-kosullari\/\"]}]},{\"@type\":\"BreadcrumbList\",\"@id\":\"http:\/\/ticaret.edu.tr\/psikoloji\/basvuru-kosullari\/#breadcrumb\",\"itemListElement\":[{\"@type\":\"ListItem\",\"position\":1,\"name\":\"Ana sayfa\",\"item\":\"http:\/\/ticaret.edu.tr\/psikoloji\/\"},{\"@type\":\"ListItem\",\"position\":2,\"name\":\"Ba\u015fvuru Ko\u015fullar\u0131\"}]},{\"@type\":\"WebSite\",\"@id\":\"http:\/\/ticaret.edu.tr\/psikoloji\/#website\",\"url\":\"http:\/\/ticaret.edu.tr\/psikoloji\/\",\"name\":\"Psikoloji\",\"description\":\"\",\"potentialAction\":[{\"@type\":\"SearchAction\",\"target\":{\"@type\":\"EntryPoint\",\"urlTemplate\":\"http:\/\/ticaret.edu.tr\/psikoloji\/?s={search_term_string}\"},\"query-input\":\"required name=search_term_string\"}],\"inLanguage\":\"tr\"}]}<\/script>\n<!-- \/ Yoast SEO Premium plugin. -->","yoast_head_json":{"title":"Ba\u015fvuru Ko\u015fullar\u0131 - Psikoloji","robots":{"index":"index","follow":"follow","max-snippet":"max-snippet:-1","max-image-preview":"max-image-preview:large","max-video-preview":"max-video-preview:-1"},"canonical":"http:\/\/ticaret.edu.tr\/psikoloji\/basvuru-kosullari\/","og_locale":"tr_TR","og_type":"article","og_title":"Ba\u015fvuru Ko\u015fullar\u0131","og_description":"Tezli Y\u00fcksek Lisans Programlar\u0131 i\u00e7in\u00a0 ALES Puan T\u00fcr\u00fcnden\u00a0en az\u00a055 puan. Uygulamal\u0131 Psikoloji Tezli Y\u00fcksek Lisans Program\u0131na sadece\u00a0Psikoloji B\u00f6l\u00fcm\u00fc\u00a0ile\u00a0Psikolojik Dan\u0131\u015fmanl\u0131k ve Rehberlik B\u00f6l\u00fcm\u00fc\u00a0(PDR) mezunlar\u0131 ba\u015fvuru yapabilir di\u011fer lisans b\u00f6l\u00fcmlerinden mezun olanlar ba\u015fvuru yapamazlar. Tezsiz Y\u00fcksek Lisans Programlar\u0131 i\u00e7in\u00a0 ALES ko\u015fulunun aranmamas\u0131. Uygulamal\u0131 Psikoloji Tezsiz Y\u00fcksek Lisans Program\u0131na sadece\u00a0Psikoloji B\u00f6l\u00fcm\u00fc\u00a0ile\u00a0Psikolojik Dan\u0131\u015fmanl\u0131k ve Rehberlik B\u00f6l\u00fcm\u00fc\u00a0(PDR) mezunlar\u0131 ba\u015fvuru yapabilir [&hellip;]","og_url":"http:\/\/ticaret.edu.tr\/psikoloji\/basvuru-kosullari\/","og_site_name":"Psikoloji","article_publisher":"https:\/\/www.facebook.com\/ticaretedutr","article_modified_time":"2025-02-11T14:02:05+00:00","og_image":[{"width":1250,"height":833,"url":"http:\/\/ticaret.edu.tr\/psikoloji\/wp-content\/uploads\/sites\/28\/2021\/11\/web_logo-01.jpg","type":"image\/jpeg"}],"twitter_card":"summary_large_image","twitter_site":"@ticaretedutr","twitter_misc":{"Tahmini okuma s\u00fcresi":"1 dakika"},"schema":{"@context":"https:\/\/schema.org","@graph":[{"@type":"WebPage","@id":"http:\/\/ticaret.edu.tr\/psikoloji\/basvuru-kosullari\/","url":"http:\/\/ticaret.edu.tr\/psikoloji\/basvuru-kosullari\/","name":"Ba\u015fvuru Ko\u015fullar\u0131 - Psikoloji","isPartOf":{"@id":"http:\/\/ticaret.edu.tr\/psikoloji\/#website"},"datePublished":"2025-01-26T20:51:16+00:00","dateModified":"2025-02-11T14:02:05+00:00","breadcrumb":{"@id":"http:\/\/ticaret.edu.tr\/psikoloji\/basvuru-kosullari\/#breadcrumb"},"inLanguage":"tr","potentialAction":[{"@type":"ReadAction","target":["http:\/\/ticaret.edu.tr\/psikoloji\/basvuru-kosullari\/"]}]},{"@type":"BreadcrumbList","@id":"http:\/\/ticaret.edu.tr\/psikoloji\/basvuru-kosullari\/#breadcrumb","itemListElement":[{"@type":"ListItem","position":1,"name":"Ana sayfa","item":"http:\/\/ticaret.edu.tr\/psikoloji\/"},{"@type":"ListItem","position":2,"name":"Ba\u015fvuru Ko\u015fullar\u0131"}]},{"@type":"WebSite","@id":"http:\/\/ticaret.edu.tr\/psikoloji\/#website","url":"http:\/\/ticaret.edu.tr\/psikoloji\/","name":"Psikoloji","description":"","potentialAction":[{"@type":"SearchAction","target":{"@type":"EntryPoint","urlTemplate":"http:\/\/ticaret.edu.tr\/psikoloji\/?s={search_term_string}"},"query-input":"required name=search_term_string"}],"inLanguage":"tr"}]}},"lang":"tr","translations":{"en":1485,"tr":1483},"pll_sync_post":[],"_links":{"self":[{"href":"http:\/\/ticaret.edu.tr\/psikoloji\/wp-json\/wp\/v2\/pages\/1483"}],"collection":[{"href":"http:\/\/ticaret.edu.tr\/psikoloji\/wp-json\/wp\/v2\/pages"}],"about":[{"href":"http:\/\/ticaret.edu.tr\/psikoloji\/wp-json\/wp\/v2\/types\/page"}],"author":[{"embeddable":true,"href":"http:\/\/ticaret.edu.tr\/psikoloji\/wp-json\/wp\/v2\/users\/43"}],"replies":[{"embeddable":true,"href":"http:\/\/ticaret.edu.tr\/psikoloji\/wp-json\/wp\/v2\/comments?post=1483"}],"version-history":[{"count":3,"href":"http:\/\/ticaret.edu.tr\/psikoloji\/wp-json\/wp\/v2\/pages\/1483\/revisions"}],"predecessor-version":[{"id":1634,"href":"http:\/\/ticaret.edu.tr\/psikoloji\/wp-json\/wp\/v2\/pages\/1483\/revisions\/1634"}],"wp:attachment":[{"href":"http:\/\/ticaret.edu.tr\/psikoloji\/wp-json\/wp\/v2\/media?parent=1483"}],"curies":[{"name":"wp","href":"https:\/\/api.w.org\/{rel}","templated":true}]}}