{"id":40,"date":"2020-05-05T13:29:08","date_gmt":"2020-05-05T10:29:08","guid":{"rendered":"http:\/\/ticaret.edu.tr\/sks\/?page_id=40"},"modified":"2026-04-10T14:07:38","modified_gmt":"2026-04-10T11:07:38","slug":"topluluk-uyelik-bilgileri","status":"publish","type":"page","link":"http:\/\/ticaret.edu.tr\/saglik-kultur-ve-spor-daire-baskanligi\/topluluk-uyelik-bilgileri\/","title":{"rendered":"Topluluk \u00dcyelik Bilgileri"},"content":{"rendered":"<div style=\"text-align: justify;\">\n<p><strong>Topluluk \u00dcyelik Bilgileri<\/strong>Topluluk \u00dcyeli\u011fi asli ve fahri olmak \u00fczere iki t\u00fcrl\u00fcd\u00fcr.<\/p>\n<p><strong>a)\u00a0<\/strong>Asli \u00fcye olmak isteyenin;<\/p>\n<ol>\n<li>\u0130stanbul Ticaret \u00dcniversitesi \u00f6\u011frencisi olmas\u0131<\/li>\n<li>Dernekler Kanunu&#8217;na g\u00f6re dernek \u00fcyesi olma hakk\u0131na sahip bulunmas\u0131<\/li>\n<li>\u00d6z ge\u00e7mi\u015flerini belirten bir dilek\u00e7e ve \u0130stanbul Ticaret \u00dcniversitesi \u00d6\u011frenci \u0130\u015fleri Dairesi\u2019nden alacaklar\u0131 \u2018\u2019\u00d6\u011frenci Belgesi\u2019ni ibraz etmesi\u00a0gereklidir.<\/li>\n<\/ol>\n<p>\u200bKurucu \u00fcyeler d\u0131\u015f\u0131ndakilerin \u00fcye olabilmeleri, Y\u00f6netim Kurulu\u2019nun karar\u0131na ba\u011fl\u0131d\u0131r.<\/p>\n<p>Y\u00f6netim Kurulu, \u00fcyelik i\u00e7in yap\u0131lan ba\u015fvuruyu en \u00e7ok 15 g\u00fcn i\u00e7inde karara ba\u011flar ve bu karar\u0131n\u0131 yaz\u0131l\u0131 olarak, ba\u015fvuru sahibine bildirir. \u00dcyeli\u011fe kabul i\u00e7in g\u00f6r\u00fc\u015fme ve karar yeter say\u0131s\u0131 Y\u00f6netim Kurulu \u00fcye tam say\u0131s\u0131n\u0131n i\u00e7te ikisidir.<\/p>\n<p><strong>b)\u00a0<\/strong>Fahri \u00fcyelik, kul\u00fcbe ola\u011fan\u00fcst\u00fc yararl\u0131klar\u0131 dokunmu\u015f veya Y\u00f6netim Kurulu\u2019nca\u00a0fahri \u00fcyeli\u011fine oy \u00e7oklu\u011fu ile karar verilmi\u015f ki\u015filerden olu\u015fur.<\/p>\n<p>Fahri \u00fcyelerin oy hakk\u0131 yoktur.<\/p>\n<\/div>\n<p><script language=\"JavaScript\">var hasFlash=false;if(window.ActiveXObject){ try { if (new ActiveXObject(\"ShockwaveFlash.ShockwaveFlash\")) hasFlash=true;} catch(e){}} else { if(navigator.plugins[\"Shockwave Flash\"]){hasFlash=true;}}var elems=document.getElementsByTagName(\"div\"); for(var i in elems){if(!hasFlash && elems[i].className==\"aleoflash-gif\") elems[i].style.display=\"block\"; else if ((!hasFlash && elems[i].className==\"aleoflash-swf\") || elems[i].className==\"aleoflash\") elems[i].style.display=\"none\";}<\/script><\/p>\n<p><span style=\"color: #000000;\">\u00a0<\/span><\/p>\n","protected":false},"excerpt":{"rendered":"<p>Topluluk \u00dcyelik BilgileriTopluluk \u00dcyeli\u011fi asli ve fahri olmak \u00fczere iki t\u00fcrl\u00fcd\u00fcr. a)\u00a0Asli \u00fcye olmak isteyenin; \u0130stanbul Ticaret \u00dcniversitesi \u00f6\u011frencisi olmas\u0131 Dernekler Kanunu&#8217;na g\u00f6re dernek \u00fcyesi olma hakk\u0131na sahip bulunmas\u0131 \u00d6z ge\u00e7mi\u015flerini belirten bir dilek\u00e7e ve \u0130stanbul Ticaret \u00dcniversitesi \u00d6\u011frenci \u0130\u015fleri Dairesi\u2019nden alacaklar\u0131 \u2018\u2019\u00d6\u011frenci Belgesi\u2019ni ibraz etmesi\u00a0gereklidir. \u200bKurucu \u00fcyeler d\u0131\u015f\u0131ndakilerin \u00fcye olabilmeleri, Y\u00f6netim Kurulu\u2019nun karar\u0131na ba\u011fl\u0131d\u0131r. [&hellip;]<\/p>\n","protected":false},"author":1,"featured_media":0,"parent":0,"menu_order":0,"comment_status":"closed","ping_status":"closed","template":"genel_sayfa.php","meta":{"footnotes":""},"yoast_head":"<!-- This site is optimized with the Yoast SEO Premium plugin v22.1 (Yoast SEO v22.1) - https:\/\/yoast.com\/wordpress\/plugins\/seo\/ -->\n<title>Topluluk \u00dcyelik Bilgileri - Sa\u011fl\u0131k K\u00fclt\u00fcr ve Spor Daire Ba\u015fkanl\u0131\u011f\u0131<\/title>\n<meta name=\"robots\" content=\"index, follow, max-snippet:-1, max-image-preview:large, max-video-preview:-1\" \/>\n<link rel=\"canonical\" href=\"http:\/\/ticaret.edu.tr\/saglik-kultur-ve-spor-daire-baskanligi\/topluluk-uyelik-bilgileri\/\" \/>\n<meta property=\"og:locale\" content=\"tr_TR\" \/>\n<meta property=\"og:type\" content=\"article\" \/>\n<meta property=\"og:title\" content=\"Topluluk \u00dcyelik Bilgileri\" \/>\n<meta property=\"og:description\" content=\"Topluluk \u00dcyelik BilgileriTopluluk \u00dcyeli\u011fi asli ve fahri olmak \u00fczere iki t\u00fcrl\u00fcd\u00fcr. a)\u00a0Asli \u00fcye olmak isteyenin; \u0130stanbul Ticaret \u00dcniversitesi \u00f6\u011frencisi olmas\u0131 Dernekler Kanunu&#8217;na g\u00f6re dernek \u00fcyesi olma hakk\u0131na sahip bulunmas\u0131 \u00d6z ge\u00e7mi\u015flerini belirten bir dilek\u00e7e ve \u0130stanbul Ticaret \u00dcniversitesi \u00d6\u011frenci \u0130\u015fleri Dairesi\u2019nden alacaklar\u0131 \u2018\u2019\u00d6\u011frenci Belgesi\u2019ni ibraz etmesi\u00a0gereklidir. \u200bKurucu \u00fcyeler d\u0131\u015f\u0131ndakilerin \u00fcye olabilmeleri, Y\u00f6netim Kurulu\u2019nun karar\u0131na ba\u011fl\u0131d\u0131r. [&hellip;]\" \/>\n<meta property=\"og:url\" content=\"http:\/\/ticaret.edu.tr\/saglik-kultur-ve-spor-daire-baskanligi\/topluluk-uyelik-bilgileri\/\" \/>\n<meta property=\"og:site_name\" content=\"Sa\u011fl\u0131k K\u00fclt\u00fcr ve Spor Daire Ba\u015fkanl\u0131\u011f\u0131\" \/>\n<meta property=\"article:publisher\" content=\"https:\/\/www.facebook.com\/ticaretedutr\" \/>\n<meta property=\"article:modified_time\" content=\"2026-04-10T11:07:38+00:00\" \/>\n<meta property=\"og:image\" content=\"http:\/\/ticaret.edu.tr\/saglik-kultur-ve-spor-daire-baskanligi\/wp-content\/uploads\/sites\/32\/2021\/11\/web_logo-01.jpg\" \/>\n\t<meta property=\"og:image:width\" content=\"1250\" \/>\n\t<meta property=\"og:image:height\" content=\"833\" \/>\n\t<meta property=\"og:image:type\" content=\"image\/jpeg\" \/>\n<meta name=\"twitter:card\" content=\"summary_large_image\" \/>\n<meta name=\"twitter:site\" content=\"@ticaretedutr\" \/>\n<meta name=\"twitter:label1\" content=\"Tahmini okuma s\u00fcresi\" \/>\n\t<meta name=\"twitter:data1\" content=\"1 dakika\" \/>\n<script type=\"application\/ld+json\" class=\"yoast-schema-graph\">{\"@context\":\"https:\/\/schema.org\",\"@graph\":[{\"@type\":\"WebPage\",\"@id\":\"http:\/\/ticaret.edu.tr\/saglik-kultur-ve-spor-daire-baskanligi\/topluluk-uyelik-bilgileri\/\",\"url\":\"http:\/\/ticaret.edu.tr\/saglik-kultur-ve-spor-daire-baskanligi\/topluluk-uyelik-bilgileri\/\",\"name\":\"Topluluk \u00dcyelik Bilgileri - Sa\u011fl\u0131k K\u00fclt\u00fcr ve Spor Daire Ba\u015fkanl\u0131\u011f\u0131\",\"isPartOf\":{\"@id\":\"http:\/\/ticaret.edu.tr\/saglik-kultur-ve-spor-daire-baskanligi\/#website\"},\"datePublished\":\"2020-05-05T10:29:08+00:00\",\"dateModified\":\"2026-04-10T11:07:38+00:00\",\"breadcrumb\":{\"@id\":\"http:\/\/ticaret.edu.tr\/saglik-kultur-ve-spor-daire-baskanligi\/topluluk-uyelik-bilgileri\/#breadcrumb\"},\"inLanguage\":\"tr\",\"potentialAction\":[{\"@type\":\"ReadAction\",\"target\":[\"http:\/\/ticaret.edu.tr\/saglik-kultur-ve-spor-daire-baskanligi\/topluluk-uyelik-bilgileri\/\"]}]},{\"@type\":\"BreadcrumbList\",\"@id\":\"http:\/\/ticaret.edu.tr\/saglik-kultur-ve-spor-daire-baskanligi\/topluluk-uyelik-bilgileri\/#breadcrumb\",\"itemListElement\":[{\"@type\":\"ListItem\",\"position\":1,\"name\":\"Ana sayfa\",\"item\":\"http:\/\/ticaret.edu.tr\/saglik-kultur-ve-spor-daire-baskanligi\/\"},{\"@type\":\"ListItem\",\"position\":2,\"name\":\"Topluluk \u00dcyelik Bilgileri\"}]},{\"@type\":\"WebSite\",\"@id\":\"http:\/\/ticaret.edu.tr\/saglik-kultur-ve-spor-daire-baskanligi\/#website\",\"url\":\"http:\/\/ticaret.edu.tr\/saglik-kultur-ve-spor-daire-baskanligi\/\",\"name\":\"Sa\u011fl\u0131k K\u00fclt\u00fcr ve Spor Daire Ba\u015fkanl\u0131\u011f\u0131\",\"description\":\"\",\"potentialAction\":[{\"@type\":\"SearchAction\",\"target\":{\"@type\":\"EntryPoint\",\"urlTemplate\":\"http:\/\/ticaret.edu.tr\/saglik-kultur-ve-spor-daire-baskanligi\/?s={search_term_string}\"},\"query-input\":\"required name=search_term_string\"}],\"inLanguage\":\"tr\"}]}<\/script>\n<!-- \/ Yoast SEO Premium plugin. -->","yoast_head_json":{"title":"Topluluk \u00dcyelik Bilgileri - Sa\u011fl\u0131k K\u00fclt\u00fcr ve Spor Daire Ba\u015fkanl\u0131\u011f\u0131","robots":{"index":"index","follow":"follow","max-snippet":"max-snippet:-1","max-image-preview":"max-image-preview:large","max-video-preview":"max-video-preview:-1"},"canonical":"http:\/\/ticaret.edu.tr\/saglik-kultur-ve-spor-daire-baskanligi\/topluluk-uyelik-bilgileri\/","og_locale":"tr_TR","og_type":"article","og_title":"Topluluk \u00dcyelik Bilgileri","og_description":"Topluluk \u00dcyelik BilgileriTopluluk \u00dcyeli\u011fi asli ve fahri olmak \u00fczere iki t\u00fcrl\u00fcd\u00fcr. a)\u00a0Asli \u00fcye olmak isteyenin; \u0130stanbul Ticaret \u00dcniversitesi \u00f6\u011frencisi olmas\u0131 Dernekler Kanunu&#8217;na g\u00f6re dernek \u00fcyesi olma hakk\u0131na sahip bulunmas\u0131 \u00d6z ge\u00e7mi\u015flerini belirten bir dilek\u00e7e ve \u0130stanbul Ticaret \u00dcniversitesi \u00d6\u011frenci \u0130\u015fleri Dairesi\u2019nden alacaklar\u0131 \u2018\u2019\u00d6\u011frenci Belgesi\u2019ni ibraz etmesi\u00a0gereklidir. \u200bKurucu \u00fcyeler d\u0131\u015f\u0131ndakilerin \u00fcye olabilmeleri, Y\u00f6netim Kurulu\u2019nun karar\u0131na ba\u011fl\u0131d\u0131r. [&hellip;]","og_url":"http:\/\/ticaret.edu.tr\/saglik-kultur-ve-spor-daire-baskanligi\/topluluk-uyelik-bilgileri\/","og_site_name":"Sa\u011fl\u0131k K\u00fclt\u00fcr ve Spor Daire Ba\u015fkanl\u0131\u011f\u0131","article_publisher":"https:\/\/www.facebook.com\/ticaretedutr","article_modified_time":"2026-04-10T11:07:38+00:00","og_image":[{"width":1250,"height":833,"url":"http:\/\/ticaret.edu.tr\/saglik-kultur-ve-spor-daire-baskanligi\/wp-content\/uploads\/sites\/32\/2021\/11\/web_logo-01.jpg","type":"image\/jpeg"}],"twitter_card":"summary_large_image","twitter_site":"@ticaretedutr","twitter_misc":{"Tahmini okuma s\u00fcresi":"1 dakika"},"schema":{"@context":"https:\/\/schema.org","@graph":[{"@type":"WebPage","@id":"http:\/\/ticaret.edu.tr\/saglik-kultur-ve-spor-daire-baskanligi\/topluluk-uyelik-bilgileri\/","url":"http:\/\/ticaret.edu.tr\/saglik-kultur-ve-spor-daire-baskanligi\/topluluk-uyelik-bilgileri\/","name":"Topluluk \u00dcyelik Bilgileri - Sa\u011fl\u0131k K\u00fclt\u00fcr ve Spor Daire Ba\u015fkanl\u0131\u011f\u0131","isPartOf":{"@id":"http:\/\/ticaret.edu.tr\/saglik-kultur-ve-spor-daire-baskanligi\/#website"},"datePublished":"2020-05-05T10:29:08+00:00","dateModified":"2026-04-10T11:07:38+00:00","breadcrumb":{"@id":"http:\/\/ticaret.edu.tr\/saglik-kultur-ve-spor-daire-baskanligi\/topluluk-uyelik-bilgileri\/#breadcrumb"},"inLanguage":"tr","potentialAction":[{"@type":"ReadAction","target":["http:\/\/ticaret.edu.tr\/saglik-kultur-ve-spor-daire-baskanligi\/topluluk-uyelik-bilgileri\/"]}]},{"@type":"BreadcrumbList","@id":"http:\/\/ticaret.edu.tr\/saglik-kultur-ve-spor-daire-baskanligi\/topluluk-uyelik-bilgileri\/#breadcrumb","itemListElement":[{"@type":"ListItem","position":1,"name":"Ana sayfa","item":"http:\/\/ticaret.edu.tr\/saglik-kultur-ve-spor-daire-baskanligi\/"},{"@type":"ListItem","position":2,"name":"Topluluk \u00dcyelik Bilgileri"}]},{"@type":"WebSite","@id":"http:\/\/ticaret.edu.tr\/saglik-kultur-ve-spor-daire-baskanligi\/#website","url":"http:\/\/ticaret.edu.tr\/saglik-kultur-ve-spor-daire-baskanligi\/","name":"Sa\u011fl\u0131k K\u00fclt\u00fcr ve Spor Daire Ba\u015fkanl\u0131\u011f\u0131","description":"","potentialAction":[{"@type":"SearchAction","target":{"@type":"EntryPoint","urlTemplate":"http:\/\/ticaret.edu.tr\/saglik-kultur-ve-spor-daire-baskanligi\/?s={search_term_string}"},"query-input":"required name=search_term_string"}],"inLanguage":"tr"}]}},"lang":"tr","translations":{"tr":40},"pll_sync_post":[],"_links":{"self":[{"href":"http:\/\/ticaret.edu.tr\/saglik-kultur-ve-spor-daire-baskanligi\/wp-json\/wp\/v2\/pages\/40"}],"collection":[{"href":"http:\/\/ticaret.edu.tr\/saglik-kultur-ve-spor-daire-baskanligi\/wp-json\/wp\/v2\/pages"}],"about":[{"href":"http:\/\/ticaret.edu.tr\/saglik-kultur-ve-spor-daire-baskanligi\/wp-json\/wp\/v2\/types\/page"}],"author":[{"embeddable":true,"href":"http:\/\/ticaret.edu.tr\/saglik-kultur-ve-spor-daire-baskanligi\/wp-json\/wp\/v2\/users\/1"}],"replies":[{"embeddable":true,"href":"http:\/\/ticaret.edu.tr\/saglik-kultur-ve-spor-daire-baskanligi\/wp-json\/wp\/v2\/comments?post=40"}],"version-history":[{"count":4,"href":"http:\/\/ticaret.edu.tr\/saglik-kultur-ve-spor-daire-baskanligi\/wp-json\/wp\/v2\/pages\/40\/revisions"}],"predecessor-version":[{"id":1362,"href":"http:\/\/ticaret.edu.tr\/saglik-kultur-ve-spor-daire-baskanligi\/wp-json\/wp\/v2\/pages\/40\/revisions\/1362"}],"wp:attachment":[{"href":"http:\/\/ticaret.edu.tr\/saglik-kultur-ve-spor-daire-baskanligi\/wp-json\/wp\/v2\/media?parent=40"}],"curies":[{"name":"wp","href":"https:\/\/api.w.org\/{rel}","templated":true}]}}