{"id":343,"date":"2021-10-27T11:20:31","date_gmt":"2021-10-27T08:20:31","guid":{"rendered":"https:\/\/ticaret.edu.tr\/spkm\/?page_id=343"},"modified":"2025-02-26T16:06:27","modified_gmt":"2025-02-26T13:06:27","slug":"project","status":"publish","type":"page","link":"http:\/\/ticaret.edu.tr\/sanayi-politikalari-ve-kalkinma-merkezi\/en\/project\/","title":{"rendered":"PROJECT"},"content":{"rendered":"<p><strong>Development Ministry, 11th Development Plan Existing Case and Proposals Research<\/strong><\/p>\n<ul>\n<li>Report includes policies about excluding based national industrial capasity constituting on the parallel of Prof. Murat Y\u00fclek\u2019s academic papers.<\/li>\n<li>On the leadership of SPKM Director Prof. Murat Y\u00fclek, 11th Development Plan Manufacturing Industry Policies Specialization Commission Report was prepared and presented.<\/li>\n<\/ul>\n<p><strong>Projects:<\/strong><\/p>\n<p><em><u>\u2018Industry, Science and Technology Policies Experiences In Selected Countries\u2019 <\/u><\/em><\/p>\n<ul>\n<li>It is supported by Turkey Science and Technological Research Institution (T\u00dcB\u0130TAK). Project no: 114K583, December 2014-2017.<\/li>\n<li>On the context of this project, industrial, scientific and technological policy experience for Japan and Korea is evaluated, thanks to this, policy designs are reviewed as comparatively. Emerging results are expected to be an integrated reference on public decision maker\u2019s development policy designs in Turkey and developing countries. Industrial policys\u2019 theorical and practical aspects are evaluated in detail.<\/li>\n<\/ul>\n","protected":false},"excerpt":{"rendered":"<p>Development Ministry, 11th Development Plan Existing Case and Proposals Research Report includes policies about excluding based national industrial capasity constituting on the parallel of Prof. Murat Y\u00fclek\u2019s academic papers. On the leadership of SPKM Director Prof. Murat Y\u00fclek, 11th Development Plan Manufacturing Industry Policies Specialization Commission Report was prepared and presented. Projects: \u2018Industry, Science and [&hellip;]<\/p>\n","protected":false},"author":149,"featured_media":0,"parent":0,"menu_order":0,"comment_status":"closed","ping_status":"closed","template":"genel_sayfa.php","meta":{"footnotes":""},"yoast_head":"<!-- This site is optimized with the Yoast SEO Premium plugin v22.1 (Yoast SEO v22.1) - https:\/\/yoast.com\/wordpress\/plugins\/seo\/ -->\n<title>PROJECT - Sanayi Politikalar\u0131 ve Kalk\u0131nma Merkezi<\/title>\n<meta name=\"robots\" content=\"index, follow, max-snippet:-1, max-image-preview:large, max-video-preview:-1\" \/>\n<link rel=\"canonical\" href=\"https:\/\/ticaret.edu.tr\/sanayi-politikalari-ve-kalkinma-merkezi\/en\/project\/\" \/>\n<meta property=\"og:locale\" content=\"tr_TR\" \/>\n<meta property=\"og:type\" content=\"article\" \/>\n<meta property=\"og:title\" content=\"PROJECT\" \/>\n<meta property=\"og:description\" content=\"Development Ministry, 11th Development Plan Existing Case and Proposals Research Report includes policies about excluding based national industrial capasity constituting on the parallel of Prof. Murat Y\u00fclek\u2019s academic papers. On the leadership of SPKM Director Prof. Murat Y\u00fclek, 11th Development Plan Manufacturing Industry Policies Specialization Commission Report was prepared and presented. Projects: \u2018Industry, Science and [&hellip;]\" \/>\n<meta property=\"og:url\" content=\"https:\/\/ticaret.edu.tr\/sanayi-politikalari-ve-kalkinma-merkezi\/en\/project\/\" \/>\n<meta property=\"og:site_name\" content=\"Sanayi Politikalar\u0131 ve Kalk\u0131nma Merkezi\" \/>\n<meta property=\"article:publisher\" content=\"https:\/\/www.facebook.com\/ticaretedutr\" \/>\n<meta property=\"article:modified_time\" content=\"2025-02-26T13:06:27+00:00\" \/>\n<meta property=\"og:image\" content=\"http:\/\/ticaret.edu.tr\/sanayi-politikalari-ve-kalkinma-merkezi\/wp-content\/uploads\/sites\/56\/2021\/11\/web_logo-01.jpg\" \/>\n\t<meta property=\"og:image:width\" content=\"1250\" \/>\n\t<meta property=\"og:image:height\" content=\"833\" \/>\n\t<meta property=\"og:image:type\" content=\"image\/jpeg\" \/>\n<meta name=\"twitter:card\" content=\"summary_large_image\" \/>\n<meta name=\"twitter:site\" content=\"@ticaretedutr\" \/>\n<meta name=\"twitter:label1\" content=\"Tahmini okuma s\u00fcresi\" \/>\n\t<meta name=\"twitter:data1\" content=\"1 dakika\" \/>\n<script type=\"application\/ld+json\" class=\"yoast-schema-graph\">{\"@context\":\"https:\/\/schema.org\",\"@graph\":[{\"@type\":\"WebPage\",\"@id\":\"https:\/\/ticaret.edu.tr\/sanayi-politikalari-ve-kalkinma-merkezi\/en\/project\/\",\"url\":\"https:\/\/ticaret.edu.tr\/sanayi-politikalari-ve-kalkinma-merkezi\/en\/project\/\",\"name\":\"PROJECT - Sanayi Politikalar\u0131 ve Kalk\u0131nma Merkezi\",\"isPartOf\":{\"@id\":\"https:\/\/ticaret.edu.tr\/sanayi-politikalari-ve-kalkinma-merkezi\/#website\"},\"datePublished\":\"2021-10-27T08:20:31+00:00\",\"dateModified\":\"2025-02-26T13:06:27+00:00\",\"breadcrumb\":{\"@id\":\"https:\/\/ticaret.edu.tr\/sanayi-politikalari-ve-kalkinma-merkezi\/en\/project\/#breadcrumb\"},\"inLanguage\":\"tr\",\"potentialAction\":[{\"@type\":\"ReadAction\",\"target\":[\"https:\/\/ticaret.edu.tr\/sanayi-politikalari-ve-kalkinma-merkezi\/en\/project\/\"]}]},{\"@type\":\"BreadcrumbList\",\"@id\":\"https:\/\/ticaret.edu.tr\/sanayi-politikalari-ve-kalkinma-merkezi\/en\/project\/#breadcrumb\",\"itemListElement\":[{\"@type\":\"ListItem\",\"position\":1,\"name\":\"Ana sayfa\",\"item\":\"https:\/\/ticaret.edu.tr\/sanayi-politikalari-ve-kalkinma-merkezi\/\"},{\"@type\":\"ListItem\",\"position\":2,\"name\":\"PROJECT\"}]},{\"@type\":\"WebSite\",\"@id\":\"https:\/\/ticaret.edu.tr\/sanayi-politikalari-ve-kalkinma-merkezi\/#website\",\"url\":\"https:\/\/ticaret.edu.tr\/sanayi-politikalari-ve-kalkinma-merkezi\/\",\"name\":\"Sanayi Politikalar\u0131 ve Kalk\u0131nma Merkezi\",\"description\":\"Bir ba\u015fka \u0130stanbul Ticaret \u00dcniversitesi site sitesi\",\"potentialAction\":[{\"@type\":\"SearchAction\",\"target\":{\"@type\":\"EntryPoint\",\"urlTemplate\":\"https:\/\/ticaret.edu.tr\/sanayi-politikalari-ve-kalkinma-merkezi\/?s={search_term_string}\"},\"query-input\":\"required name=search_term_string\"}],\"inLanguage\":\"tr\"}]}<\/script>\n<!-- \/ Yoast SEO Premium plugin. -->","yoast_head_json":{"title":"PROJECT - Sanayi Politikalar\u0131 ve Kalk\u0131nma Merkezi","robots":{"index":"index","follow":"follow","max-snippet":"max-snippet:-1","max-image-preview":"max-image-preview:large","max-video-preview":"max-video-preview:-1"},"canonical":"https:\/\/ticaret.edu.tr\/sanayi-politikalari-ve-kalkinma-merkezi\/en\/project\/","og_locale":"tr_TR","og_type":"article","og_title":"PROJECT","og_description":"Development Ministry, 11th Development Plan Existing Case and Proposals Research Report includes policies about excluding based national industrial capasity constituting on the parallel of Prof. Murat Y\u00fclek\u2019s academic papers. On the leadership of SPKM Director Prof. Murat Y\u00fclek, 11th Development Plan Manufacturing Industry Policies Specialization Commission Report was prepared and presented. Projects: \u2018Industry, Science and [&hellip;]","og_url":"https:\/\/ticaret.edu.tr\/sanayi-politikalari-ve-kalkinma-merkezi\/en\/project\/","og_site_name":"Sanayi Politikalar\u0131 ve Kalk\u0131nma Merkezi","article_publisher":"https:\/\/www.facebook.com\/ticaretedutr","article_modified_time":"2025-02-26T13:06:27+00:00","og_image":[{"width":1250,"height":833,"url":"http:\/\/ticaret.edu.tr\/sanayi-politikalari-ve-kalkinma-merkezi\/wp-content\/uploads\/sites\/56\/2021\/11\/web_logo-01.jpg","type":"image\/jpeg"}],"twitter_card":"summary_large_image","twitter_site":"@ticaretedutr","twitter_misc":{"Tahmini okuma s\u00fcresi":"1 dakika"},"schema":{"@context":"https:\/\/schema.org","@graph":[{"@type":"WebPage","@id":"https:\/\/ticaret.edu.tr\/sanayi-politikalari-ve-kalkinma-merkezi\/en\/project\/","url":"https:\/\/ticaret.edu.tr\/sanayi-politikalari-ve-kalkinma-merkezi\/en\/project\/","name":"PROJECT - Sanayi Politikalar\u0131 ve Kalk\u0131nma Merkezi","isPartOf":{"@id":"https:\/\/ticaret.edu.tr\/sanayi-politikalari-ve-kalkinma-merkezi\/#website"},"datePublished":"2021-10-27T08:20:31+00:00","dateModified":"2025-02-26T13:06:27+00:00","breadcrumb":{"@id":"https:\/\/ticaret.edu.tr\/sanayi-politikalari-ve-kalkinma-merkezi\/en\/project\/#breadcrumb"},"inLanguage":"tr","potentialAction":[{"@type":"ReadAction","target":["https:\/\/ticaret.edu.tr\/sanayi-politikalari-ve-kalkinma-merkezi\/en\/project\/"]}]},{"@type":"BreadcrumbList","@id":"https:\/\/ticaret.edu.tr\/sanayi-politikalari-ve-kalkinma-merkezi\/en\/project\/#breadcrumb","itemListElement":[{"@type":"ListItem","position":1,"name":"Ana sayfa","item":"https:\/\/ticaret.edu.tr\/sanayi-politikalari-ve-kalkinma-merkezi\/"},{"@type":"ListItem","position":2,"name":"PROJECT"}]},{"@type":"WebSite","@id":"https:\/\/ticaret.edu.tr\/sanayi-politikalari-ve-kalkinma-merkezi\/#website","url":"https:\/\/ticaret.edu.tr\/sanayi-politikalari-ve-kalkinma-merkezi\/","name":"Sanayi Politikalar\u0131 ve Kalk\u0131nma Merkezi","description":"Bir ba\u015fka \u0130stanbul Ticaret \u00dcniversitesi site sitesi","potentialAction":[{"@type":"SearchAction","target":{"@type":"EntryPoint","urlTemplate":"https:\/\/ticaret.edu.tr\/sanayi-politikalari-ve-kalkinma-merkezi\/?s={search_term_string}"},"query-input":"required name=search_term_string"}],"inLanguage":"tr"}]}},"lang":"en","translations":{"en":343,"tr":77},"pll_sync_post":[],"_links":{"self":[{"href":"http:\/\/ticaret.edu.tr\/sanayi-politikalari-ve-kalkinma-merkezi\/wp-json\/wp\/v2\/pages\/343"}],"collection":[{"href":"http:\/\/ticaret.edu.tr\/sanayi-politikalari-ve-kalkinma-merkezi\/wp-json\/wp\/v2\/pages"}],"about":[{"href":"http:\/\/ticaret.edu.tr\/sanayi-politikalari-ve-kalkinma-merkezi\/wp-json\/wp\/v2\/types\/page"}],"author":[{"embeddable":true,"href":"http:\/\/ticaret.edu.tr\/sanayi-politikalari-ve-kalkinma-merkezi\/wp-json\/wp\/v2\/users\/149"}],"replies":[{"embeddable":true,"href":"http:\/\/ticaret.edu.tr\/sanayi-politikalari-ve-kalkinma-merkezi\/wp-json\/wp\/v2\/comments?post=343"}],"version-history":[{"count":2,"href":"http:\/\/ticaret.edu.tr\/sanayi-politikalari-ve-kalkinma-merkezi\/wp-json\/wp\/v2\/pages\/343\/revisions"}],"predecessor-version":[{"id":383,"href":"http:\/\/ticaret.edu.tr\/sanayi-politikalari-ve-kalkinma-merkezi\/wp-json\/wp\/v2\/pages\/343\/revisions\/383"}],"wp:attachment":[{"href":"http:\/\/ticaret.edu.tr\/sanayi-politikalari-ve-kalkinma-merkezi\/wp-json\/wp\/v2\/media?parent=343"}],"curies":[{"name":"wp","href":"https:\/\/api.w.org\/{rel}","templated":true}]}}