{"id":274,"date":"2025-01-27T00:50:24","date_gmt":"2025-01-26T21:50:24","guid":{"rendered":"https:\/\/ticaret.edu.tr\/siyaset-bilimi-uluslararasi-iliskiler\/?page_id=274"},"modified":"2025-02-18T13:58:55","modified_gmt":"2025-02-18T10:58:55","slug":"giris-yazisi","status":"publish","type":"page","link":"http:\/\/ticaret.edu.tr\/siyaset-bilimi-uluslararasi-iliskiler\/giris-yazisi\/","title":{"rendered":"Giri\u015f Yaz\u0131s\u0131"},"content":{"rendered":"<p>Sevgili \u00a0\u00d6\u011frencilerimiz,<\/p>\n<p>Uzun bir s\u0131nav maratonunu tamamlayarak hayat\u0131n\u0131z\u0131n en \u00f6nemli tercihlerinden birini yapmak \u00fczeresiniz. \u00dcniversite ve B\u00f6l\u00fcm tercihi; sizi ya\u015fam boyu ileriye ta\u015f\u0131yacak, \u00fclkenize, ailenize ve kendinize katma de\u011fer \u00fcretecek \u00fcretim zincirinin en \u00f6nemli halkas\u0131d\u0131r. Siyaset Bilimi ve Uluslararas\u0131 \u0130li\u015fkiler (T\u00fcrk\u00e7e) B\u00f6l\u00fcm\u00fcm\u00fcz size bunlar\u0131 katacak bilgi birikimi ve tecr\u00fcbeyi, evrensel vizyonu ve ya\u015fam boyu kaliteli farkl\u0131l\u0131k parolas\u0131n\u0131 kazand\u0131racakt\u0131r. Bizlerin bir par\u00e7as\u0131 oldu\u011funuz andan itibaren ekonomi, siyaset, uluslararas\u0131 ili\u015fkiler, hukuk, evrensel k\u00fclt\u00fcrle donat\u0131lm\u0131\u015f bir e\u011fitim alacaks\u0131n\u0131z.<\/p>\n<p>B\u00f6l\u00fcm\u00fcm\u00fcz b\u00fcnyesinde yer alan \u00f6\u011fretim \u00fcyelerimizin disiplinler aras\u0131 \u00e7al\u0131\u015fmalara h\u00e2kim, g\u00fcncel ekonomik ve siyasal geli\u015fmeleri yak\u0131ndan takip eden, alanlar\u0131nda \u00f6nemli akademik tecr\u00fcbe ve yetkinli\u011fe sahip isimlerden olu\u015fmas\u0131yla, s\u00fcrekli g\u00fcncel kalacak ve ya\u015famda \u00f6ne ge\u00e7eceksiniz.<\/p>\n<p>Akademik y\u0131l boyunca sosyal ve entelekt\u00fcel geli\u015fiminize y\u00f6nelik b\u00f6l\u00fcm seminerleri, \u00e7al\u0131\u015fma toplant\u0131lar\u0131 ve \u00f6\u011frenci toplulu\u011fu faaliyetleri ile Siyaset Bilimi ve Uluslararas\u0131 \u0130li\u015fkiler b\u00f6l\u00fcm\u00fcn\u00fc t\u00fcm y\u00f6nleriyle ya\u015fayacaks\u0131n\u0131z.<\/p>\n<p>Sizi de bu dinamik ya\u015fam\u0131n bir par\u00e7as\u0131 olmaya davet ediyoruz!<\/p>\n","protected":false},"excerpt":{"rendered":"<p>Sevgili \u00a0\u00d6\u011frencilerimiz, Uzun bir s\u0131nav maratonunu tamamlayarak hayat\u0131n\u0131z\u0131n en \u00f6nemli tercihlerinden birini yapmak \u00fczeresiniz. \u00dcniversite ve B\u00f6l\u00fcm tercihi; sizi ya\u015fam boyu ileriye ta\u015f\u0131yacak, \u00fclkenize, ailenize ve kendinize katma de\u011fer \u00fcretecek \u00fcretim zincirinin en \u00f6nemli halkas\u0131d\u0131r. Siyaset Bilimi ve Uluslararas\u0131 \u0130li\u015fkiler (T\u00fcrk\u00e7e) B\u00f6l\u00fcm\u00fcm\u00fcz size bunlar\u0131 katacak bilgi birikimi ve tecr\u00fcbeyi, evrensel vizyonu ve ya\u015fam boyu kaliteli [&hellip;]<\/p>\n","protected":false},"author":181,"featured_media":0,"parent":0,"menu_order":0,"comment_status":"closed","ping_status":"closed","template":"genel_sayfa.php","meta":{"footnotes":""},"yoast_head":"<!-- This site is optimized with the Yoast SEO Premium plugin v22.1 (Yoast SEO v22.1) - https:\/\/yoast.com\/wordpress\/plugins\/seo\/ -->\n<title>Giri\u015f Yaz\u0131s\u0131 - Siyaset Bilimi ve Uluslararas\u0131 \u0130li\u015fkiler<\/title>\n<meta name=\"robots\" content=\"index, follow, max-snippet:-1, max-image-preview:large, max-video-preview:-1\" \/>\n<link rel=\"canonical\" href=\"http:\/\/ticaret.edu.tr\/siyaset-bilimi-uluslararasi-iliskiler\/giris-yazisi\/\" \/>\n<meta property=\"og:locale\" content=\"tr_TR\" \/>\n<meta property=\"og:type\" content=\"article\" \/>\n<meta property=\"og:title\" content=\"Giri\u015f Yaz\u0131s\u0131\" \/>\n<meta property=\"og:description\" content=\"Sevgili \u00a0\u00d6\u011frencilerimiz, Uzun bir s\u0131nav maratonunu tamamlayarak hayat\u0131n\u0131z\u0131n en \u00f6nemli tercihlerinden birini yapmak \u00fczeresiniz. \u00dcniversite ve B\u00f6l\u00fcm tercihi; sizi ya\u015fam boyu ileriye ta\u015f\u0131yacak, \u00fclkenize, ailenize ve kendinize katma de\u011fer \u00fcretecek \u00fcretim zincirinin en \u00f6nemli halkas\u0131d\u0131r. Siyaset Bilimi ve Uluslararas\u0131 \u0130li\u015fkiler (T\u00fcrk\u00e7e) B\u00f6l\u00fcm\u00fcm\u00fcz size bunlar\u0131 katacak bilgi birikimi ve tecr\u00fcbeyi, evrensel vizyonu ve ya\u015fam boyu kaliteli [&hellip;]\" \/>\n<meta property=\"og:url\" content=\"http:\/\/ticaret.edu.tr\/siyaset-bilimi-uluslararasi-iliskiler\/giris-yazisi\/\" \/>\n<meta property=\"og:site_name\" content=\"Siyaset Bilimi ve Uluslararas\u0131 \u0130li\u015fkiler\" \/>\n<meta property=\"article:publisher\" content=\"https:\/\/www.facebook.com\/ticaretedutr\" \/>\n<meta property=\"article:modified_time\" content=\"2025-02-18T10:58:55+00:00\" \/>\n<meta name=\"twitter:card\" content=\"summary_large_image\" \/>\n<meta name=\"twitter:site\" content=\"@ticaretedutr\" \/>\n<meta name=\"twitter:label1\" content=\"Tahmini okuma s\u00fcresi\" \/>\n\t<meta name=\"twitter:data1\" content=\"1 dakika\" \/>\n<script type=\"application\/ld+json\" class=\"yoast-schema-graph\">{\"@context\":\"https:\/\/schema.org\",\"@graph\":[{\"@type\":\"WebPage\",\"@id\":\"http:\/\/ticaret.edu.tr\/siyaset-bilimi-uluslararasi-iliskiler\/giris-yazisi\/\",\"url\":\"http:\/\/ticaret.edu.tr\/siyaset-bilimi-uluslararasi-iliskiler\/giris-yazisi\/\",\"name\":\"Giri\u015f Yaz\u0131s\u0131 - Siyaset Bilimi ve Uluslararas\u0131 \u0130li\u015fkiler\",\"isPartOf\":{\"@id\":\"http:\/\/ticaret.edu.tr\/siyaset-bilimi-uluslararasi-iliskiler\/#website\"},\"datePublished\":\"2025-01-26T21:50:24+00:00\",\"dateModified\":\"2025-02-18T10:58:55+00:00\",\"breadcrumb\":{\"@id\":\"http:\/\/ticaret.edu.tr\/siyaset-bilimi-uluslararasi-iliskiler\/giris-yazisi\/#breadcrumb\"},\"inLanguage\":\"tr\",\"potentialAction\":[{\"@type\":\"ReadAction\",\"target\":[\"http:\/\/ticaret.edu.tr\/siyaset-bilimi-uluslararasi-iliskiler\/giris-yazisi\/\"]}]},{\"@type\":\"BreadcrumbList\",\"@id\":\"http:\/\/ticaret.edu.tr\/siyaset-bilimi-uluslararasi-iliskiler\/giris-yazisi\/#breadcrumb\",\"itemListElement\":[{\"@type\":\"ListItem\",\"position\":1,\"name\":\"Ana sayfa\",\"item\":\"http:\/\/ticaret.edu.tr\/siyaset-bilimi-uluslararasi-iliskiler\/\"},{\"@type\":\"ListItem\",\"position\":2,\"name\":\"Giri\u015f Yaz\u0131s\u0131\"}]},{\"@type\":\"WebSite\",\"@id\":\"http:\/\/ticaret.edu.tr\/siyaset-bilimi-uluslararasi-iliskiler\/#website\",\"url\":\"http:\/\/ticaret.edu.tr\/siyaset-bilimi-uluslararasi-iliskiler\/\",\"name\":\"Siyaset Bilimi ve Uluslararas\u0131 \u0130li\u015fkiler\",\"description\":\"\",\"publisher\":{\"@id\":\"http:\/\/ticaret.edu.tr\/siyaset-bilimi-uluslararasi-iliskiler\/#organization\"},\"potentialAction\":[{\"@type\":\"SearchAction\",\"target\":{\"@type\":\"EntryPoint\",\"urlTemplate\":\"http:\/\/ticaret.edu.tr\/siyaset-bilimi-uluslararasi-iliskiler\/?s={search_term_string}\"},\"query-input\":\"required name=search_term_string\"}],\"inLanguage\":\"tr\"},{\"@type\":\"Organization\",\"@id\":\"http:\/\/ticaret.edu.tr\/siyaset-bilimi-uluslararasi-iliskiler\/#organization\",\"name\":\"\u0130stanbul Ticaret \u00dcniversitesi\",\"url\":\"http:\/\/ticaret.edu.tr\/siyaset-bilimi-uluslararasi-iliskiler\/\",\"logo\":{\"@type\":\"ImageObject\",\"inLanguage\":\"tr\",\"@id\":\"http:\/\/ticaret.edu.tr\/siyaset-bilimi-uluslararasi-iliskiler\/#\/schema\/logo\/image\/\",\"url\":\"https:\/\/ticaret.edu.tr\/wp-content\/uploads\/2021\/11\/logo22.png\",\"contentUrl\":\"https:\/\/ticaret.edu.tr\/wp-content\/uploads\/2021\/11\/logo22.png\",\"width\":172,\"height\":112,\"caption\":\"\u0130stanbul Ticaret \u00dcniversitesi\"},\"image\":{\"@id\":\"http:\/\/ticaret.edu.tr\/siyaset-bilimi-uluslararasi-iliskiler\/#\/schema\/logo\/image\/\"},\"sameAs\":[\"https:\/\/www.facebook.com\/ticaretedutr\",\"https:\/\/twitter.com\/ticaretedutr\"]}]}<\/script>\n<!-- \/ Yoast SEO Premium plugin. -->","yoast_head_json":{"title":"Giri\u015f Yaz\u0131s\u0131 - Siyaset Bilimi ve Uluslararas\u0131 \u0130li\u015fkiler","robots":{"index":"index","follow":"follow","max-snippet":"max-snippet:-1","max-image-preview":"max-image-preview:large","max-video-preview":"max-video-preview:-1"},"canonical":"http:\/\/ticaret.edu.tr\/siyaset-bilimi-uluslararasi-iliskiler\/giris-yazisi\/","og_locale":"tr_TR","og_type":"article","og_title":"Giri\u015f Yaz\u0131s\u0131","og_description":"Sevgili \u00a0\u00d6\u011frencilerimiz, Uzun bir s\u0131nav maratonunu tamamlayarak hayat\u0131n\u0131z\u0131n en \u00f6nemli tercihlerinden birini yapmak \u00fczeresiniz. \u00dcniversite ve B\u00f6l\u00fcm tercihi; sizi ya\u015fam boyu ileriye ta\u015f\u0131yacak, \u00fclkenize, ailenize ve kendinize katma de\u011fer \u00fcretecek \u00fcretim zincirinin en \u00f6nemli halkas\u0131d\u0131r. Siyaset Bilimi ve Uluslararas\u0131 \u0130li\u015fkiler (T\u00fcrk\u00e7e) B\u00f6l\u00fcm\u00fcm\u00fcz size bunlar\u0131 katacak bilgi birikimi ve tecr\u00fcbeyi, evrensel vizyonu ve ya\u015fam boyu kaliteli [&hellip;]","og_url":"http:\/\/ticaret.edu.tr\/siyaset-bilimi-uluslararasi-iliskiler\/giris-yazisi\/","og_site_name":"Siyaset Bilimi ve Uluslararas\u0131 \u0130li\u015fkiler","article_publisher":"https:\/\/www.facebook.com\/ticaretedutr","article_modified_time":"2025-02-18T10:58:55+00:00","twitter_card":"summary_large_image","twitter_site":"@ticaretedutr","twitter_misc":{"Tahmini okuma s\u00fcresi":"1 dakika"},"schema":{"@context":"https:\/\/schema.org","@graph":[{"@type":"WebPage","@id":"http:\/\/ticaret.edu.tr\/siyaset-bilimi-uluslararasi-iliskiler\/giris-yazisi\/","url":"http:\/\/ticaret.edu.tr\/siyaset-bilimi-uluslararasi-iliskiler\/giris-yazisi\/","name":"Giri\u015f Yaz\u0131s\u0131 - Siyaset Bilimi ve Uluslararas\u0131 \u0130li\u015fkiler","isPartOf":{"@id":"http:\/\/ticaret.edu.tr\/siyaset-bilimi-uluslararasi-iliskiler\/#website"},"datePublished":"2025-01-26T21:50:24+00:00","dateModified":"2025-02-18T10:58:55+00:00","breadcrumb":{"@id":"http:\/\/ticaret.edu.tr\/siyaset-bilimi-uluslararasi-iliskiler\/giris-yazisi\/#breadcrumb"},"inLanguage":"tr","potentialAction":[{"@type":"ReadAction","target":["http:\/\/ticaret.edu.tr\/siyaset-bilimi-uluslararasi-iliskiler\/giris-yazisi\/"]}]},{"@type":"BreadcrumbList","@id":"http:\/\/ticaret.edu.tr\/siyaset-bilimi-uluslararasi-iliskiler\/giris-yazisi\/#breadcrumb","itemListElement":[{"@type":"ListItem","position":1,"name":"Ana sayfa","item":"http:\/\/ticaret.edu.tr\/siyaset-bilimi-uluslararasi-iliskiler\/"},{"@type":"ListItem","position":2,"name":"Giri\u015f Yaz\u0131s\u0131"}]},{"@type":"WebSite","@id":"http:\/\/ticaret.edu.tr\/siyaset-bilimi-uluslararasi-iliskiler\/#website","url":"http:\/\/ticaret.edu.tr\/siyaset-bilimi-uluslararasi-iliskiler\/","name":"Siyaset Bilimi ve Uluslararas\u0131 \u0130li\u015fkiler","description":"","publisher":{"@id":"http:\/\/ticaret.edu.tr\/siyaset-bilimi-uluslararasi-iliskiler\/#organization"},"potentialAction":[{"@type":"SearchAction","target":{"@type":"EntryPoint","urlTemplate":"http:\/\/ticaret.edu.tr\/siyaset-bilimi-uluslararasi-iliskiler\/?s={search_term_string}"},"query-input":"required name=search_term_string"}],"inLanguage":"tr"},{"@type":"Organization","@id":"http:\/\/ticaret.edu.tr\/siyaset-bilimi-uluslararasi-iliskiler\/#organization","name":"\u0130stanbul Ticaret \u00dcniversitesi","url":"http:\/\/ticaret.edu.tr\/siyaset-bilimi-uluslararasi-iliskiler\/","logo":{"@type":"ImageObject","inLanguage":"tr","@id":"http:\/\/ticaret.edu.tr\/siyaset-bilimi-uluslararasi-iliskiler\/#\/schema\/logo\/image\/","url":"https:\/\/ticaret.edu.tr\/wp-content\/uploads\/2021\/11\/logo22.png","contentUrl":"https:\/\/ticaret.edu.tr\/wp-content\/uploads\/2021\/11\/logo22.png","width":172,"height":112,"caption":"\u0130stanbul Ticaret \u00dcniversitesi"},"image":{"@id":"http:\/\/ticaret.edu.tr\/siyaset-bilimi-uluslararasi-iliskiler\/#\/schema\/logo\/image\/"},"sameAs":["https:\/\/www.facebook.com\/ticaretedutr","https:\/\/twitter.com\/ticaretedutr"]}]}},"lang":"tr","translations":{"tr":274},"pll_sync_post":[],"_links":{"self":[{"href":"http:\/\/ticaret.edu.tr\/siyaset-bilimi-uluslararasi-iliskiler\/wp-json\/wp\/v2\/pages\/274"}],"collection":[{"href":"http:\/\/ticaret.edu.tr\/siyaset-bilimi-uluslararasi-iliskiler\/wp-json\/wp\/v2\/pages"}],"about":[{"href":"http:\/\/ticaret.edu.tr\/siyaset-bilimi-uluslararasi-iliskiler\/wp-json\/wp\/v2\/types\/page"}],"author":[{"embeddable":true,"href":"http:\/\/ticaret.edu.tr\/siyaset-bilimi-uluslararasi-iliskiler\/wp-json\/wp\/v2\/users\/181"}],"replies":[{"embeddable":true,"href":"http:\/\/ticaret.edu.tr\/siyaset-bilimi-uluslararasi-iliskiler\/wp-json\/wp\/v2\/comments?post=274"}],"version-history":[{"count":1,"href":"http:\/\/ticaret.edu.tr\/siyaset-bilimi-uluslararasi-iliskiler\/wp-json\/wp\/v2\/pages\/274\/revisions"}],"predecessor-version":[{"id":275,"href":"http:\/\/ticaret.edu.tr\/siyaset-bilimi-uluslararasi-iliskiler\/wp-json\/wp\/v2\/pages\/274\/revisions\/275"}],"wp:attachment":[{"href":"http:\/\/ticaret.edu.tr\/siyaset-bilimi-uluslararasi-iliskiler\/wp-json\/wp\/v2\/media?parent=274"}],"curies":[{"name":"wp","href":"https:\/\/api.w.org\/{rel}","templated":true}]}}