{"id":1420,"date":"2025-01-26T19:24:27","date_gmt":"2025-01-26T16:24:27","guid":{"rendered":"https:\/\/ticaret.edu.tr\/siyaset-bilimi-ve-uluslararasi-iliskiler\/?page_id=1420"},"modified":"2025-02-17T16:30:15","modified_gmt":"2025-02-17T13:30:15","slug":"giris-yazisi","status":"publish","type":"page","link":"http:\/\/ticaret.edu.tr\/siyaset-bilimi-ve-uluslararasi-iliskiler\/giris-yazisi\/","title":{"rendered":"Giri\u015f Yaz\u0131s\u0131"},"content":{"rendered":"<div>\n<p>Siyaset Bilimi ve Uluslararas\u0131 \u0130li\u015fkiler (\u0130ngilizce) B\u00f6l\u00fcm\u00fcm\u00fcz\u00fcn akademik ve idari s\u00fcre\u00e7lerinin kalitesi Sosyal, Be\u015feri ve Temel Bilimler Akreditasyon ve Rating Derne\u011fi \u2013 STAR Akreditasyon taraf\u0131ndan yap\u0131lan de\u011ferlendirme sonucu 2024-2028 y\u0131llar\u0131 aras\u0131nda 4 y\u0131l s\u00fcreyle Akredite edilmi\u015ftir. B\u00f6l\u00fcm\u00fcm\u00fcz, T\u00fcrkiye\u2019de bu alanda ilkler aras\u0131nda yer almaktad\u0131r.<\/p>\n<\/div>\n<div>\n<p>B\u00f6l\u00fcm\u00fcm\u00fcz b\u00fcnyesinde yer alan \u00f6\u011fretim \u00fcyeleri disiplinler aras\u0131 \u00e7al\u0131\u015fmalara h\u00e2kim, g\u00fcncel ekonomik ve siyasal geli\u015fmeleri yak\u0131ndan takip eden, alanlar\u0131nda \u00f6nemli akademik tecr\u00fcbe ve yetkinli\u011fe sahip isimlerden olu\u015fmaktad\u0131r.<\/p>\n<\/div>\n<div>\n<p>\u00d6\u011frencilerimiz, ilk iki y\u0131l a\u011f\u0131rl\u0131kl\u0131 olarak siyaset bilimi, uluslararas\u0131 ili\u015fkiler, hukuk, bilim felsefesi ve ekonominin temel olgu ve kavramlar\u0131n\u0131, \u0130ngilizce derslerle i\u00e7selle\u015ftirmekte, \u00fc\u00e7\u00fcnc\u00fc y\u0131ldan itibaren uzmanla\u015fmak istedikleri alt disiplinlere y\u00f6nelik olduk\u00e7a geni\u015f bir se\u00e7meli ders havuzundan faydalanabilmektedir.<\/p>\n<\/div>\n<div>\n<p>S\u00f6z konusu se\u00e7meli derslere ek olarak \u00f6\u011frencilerimiz, d\u00f6rd\u00fcnc\u00fc y\u0131l ger\u00e7ekle\u015fen mesleki seminer ve bitirme projesi \u00e7al\u0131\u015fmalar\u0131 ile mezuniyet \u00f6ncesi uygulama alanlar\u0131na ili\u015fkin tecr\u00fcbe edinebilmektedir. \u00d6\u011frencilerimizin sosyal ve entelekt\u00fcel geli\u015fimine y\u00f6nelik b\u00f6l\u00fcm seminerleri, \u00e7al\u0131\u015fma toplant\u0131lar\u0131 ve \u00f6\u011frenci toplulu\u011fu faaliyetleri akademik y\u0131l i\u00e7erisinde yo\u011fun bir \u015fekilde ger\u00e7ekle\u015ftirilmektedir.<\/p>\n<\/div>\n<div>\n<p>Mezunlar\u0131m\u0131z ba\u015fta D\u0131\u015fi\u015fleri Bakanl\u0131\u011f\u0131 olmak \u00fczere \u00e7e\u015fitli Bakanl\u0131klarda, kamu ve \u00f6zel sekt\u00f6r kurulu\u015flar\u0131nda, medya kurulu\u015flar\u0131nda, sivil toplum kurulu\u015flar\u0131nda, bankac\u0131l\u0131k ve uluslararas\u0131 finans sekt\u00f6r\u00fcnde, Birle\u015fmi\u015f Milletler ba\u015fta olmak \u00fczere \u00e7e\u015fitli uluslararas\u0131 kurulu\u015flarda T\u00fcrkiye\u2019yi temsilen g\u00f6rev alabilmekte; akademik kariyerine devam etmek isteyen \u00f6\u011frencilerimiz gerek \u00fcniversitemizde ve T\u00fcrkiye\u2019nin \u00e7e\u015fitli \u00fcniversitelerinde gerekse yurtd\u0131\u015f\u0131ndaki \u00fcniversitelerde y\u00fcksek lisans ve doktora e\u011fitimlerine devam ederek akademisyen olabilmektedir.<\/p>\n<\/div>\n<div>\n<p>Siyaset Bilimi ve Uluslararas\u0131 \u0130li\u015fkiler (\u0130ngilizce) B\u00f6l\u00fcm\u00fcm\u00fcz, d\u00fcnyan\u0131n en g\u00fc\u00e7l\u00fc ticaret odalar\u0131ndan birisi olan \u0130stanbul Ticaret Odas\u0131\u2019n\u0131n bilgi birikimi ve tecr\u00fcbesinden yararlanmak suretiyle, Lisans, Y\u00fcksek Lisans ve Doktora d\u00fczeyinde alan\u0131nda iddial\u0131 bir b\u00f6l\u00fcm olarak yoluna devam etmektedir.<\/p>\n<\/div>\n","protected":false},"excerpt":{"rendered":"<p>Siyaset Bilimi ve Uluslararas\u0131 \u0130li\u015fkiler (\u0130ngilizce) B\u00f6l\u00fcm\u00fcm\u00fcz\u00fcn akademik ve idari s\u00fcre\u00e7lerinin kalitesi Sosyal, Be\u015feri ve Temel Bilimler Akreditasyon ve Rating Derne\u011fi \u2013 STAR Akreditasyon taraf\u0131ndan yap\u0131lan de\u011ferlendirme sonucu 2024-2028 y\u0131llar\u0131 aras\u0131nda 4 y\u0131l s\u00fcreyle Akredite edilmi\u015ftir. B\u00f6l\u00fcm\u00fcm\u00fcz, T\u00fcrkiye\u2019de bu alanda ilkler aras\u0131nda yer almaktad\u0131r. B\u00f6l\u00fcm\u00fcm\u00fcz b\u00fcnyesinde yer alan \u00f6\u011fretim \u00fcyeleri disiplinler aras\u0131 \u00e7al\u0131\u015fmalara h\u00e2kim, g\u00fcncel [&hellip;]<\/p>\n","protected":false},"author":181,"featured_media":0,"parent":0,"menu_order":0,"comment_status":"closed","ping_status":"closed","template":"genel_sayfa.php","meta":{"footnotes":""},"yoast_head":"<!-- This site is optimized with the Yoast SEO Premium plugin v22.1 (Yoast SEO v22.1) - https:\/\/yoast.com\/wordpress\/plugins\/seo\/ -->\n<title>Giri\u015f Yaz\u0131s\u0131 - Siyaset Bilimi ve Uluslararas\u0131 \u0130li\u015fkiler<\/title>\n<meta name=\"robots\" content=\"index, follow, max-snippet:-1, max-image-preview:large, max-video-preview:-1\" \/>\n<link rel=\"canonical\" href=\"http:\/\/ticaret.edu.tr\/siyaset-bilimi-ve-uluslararasi-iliskiler\/giris-yazisi\/\" \/>\n<meta property=\"og:locale\" content=\"tr_TR\" \/>\n<meta property=\"og:type\" content=\"article\" \/>\n<meta property=\"og:title\" content=\"Giri\u015f Yaz\u0131s\u0131\" \/>\n<meta property=\"og:description\" content=\"Siyaset Bilimi ve Uluslararas\u0131 \u0130li\u015fkiler (\u0130ngilizce) B\u00f6l\u00fcm\u00fcm\u00fcz\u00fcn akademik ve idari s\u00fcre\u00e7lerinin kalitesi Sosyal, Be\u015feri ve Temel Bilimler Akreditasyon ve Rating Derne\u011fi \u2013 STAR Akreditasyon taraf\u0131ndan yap\u0131lan de\u011ferlendirme sonucu 2024-2028 y\u0131llar\u0131 aras\u0131nda 4 y\u0131l s\u00fcreyle Akredite edilmi\u015ftir. B\u00f6l\u00fcm\u00fcm\u00fcz, T\u00fcrkiye\u2019de bu alanda ilkler aras\u0131nda yer almaktad\u0131r. B\u00f6l\u00fcm\u00fcm\u00fcz b\u00fcnyesinde yer alan \u00f6\u011fretim \u00fcyeleri disiplinler aras\u0131 \u00e7al\u0131\u015fmalara h\u00e2kim, g\u00fcncel [&hellip;]\" \/>\n<meta property=\"og:url\" content=\"http:\/\/ticaret.edu.tr\/siyaset-bilimi-ve-uluslararasi-iliskiler\/giris-yazisi\/\" \/>\n<meta property=\"og:site_name\" content=\"Siyaset Bilimi ve Uluslararas\u0131 \u0130li\u015fkiler\" \/>\n<meta property=\"article:publisher\" content=\"https:\/\/www.facebook.com\/ticaretedutr\" \/>\n<meta property=\"article:modified_time\" content=\"2025-02-17T13:30:15+00:00\" \/>\n<meta property=\"og:image\" content=\"http:\/\/ticaret.edu.tr\/siyaset-bilimi-ve-uluslararasi-iliskiler\/wp-content\/uploads\/sites\/27\/2021\/11\/web_logo-01.jpg\" \/>\n\t<meta property=\"og:image:width\" content=\"1250\" \/>\n\t<meta property=\"og:image:height\" content=\"833\" \/>\n\t<meta property=\"og:image:type\" content=\"image\/jpeg\" \/>\n<meta name=\"twitter:card\" content=\"summary_large_image\" \/>\n<meta name=\"twitter:site\" content=\"@ticaretedutr\" \/>\n<meta name=\"twitter:label1\" content=\"Tahmini okuma s\u00fcresi\" \/>\n\t<meta name=\"twitter:data1\" content=\"2 dakika\" \/>\n<script type=\"application\/ld+json\" class=\"yoast-schema-graph\">{\"@context\":\"https:\/\/schema.org\",\"@graph\":[{\"@type\":\"WebPage\",\"@id\":\"http:\/\/ticaret.edu.tr\/siyaset-bilimi-ve-uluslararasi-iliskiler\/giris-yazisi\/\",\"url\":\"http:\/\/ticaret.edu.tr\/siyaset-bilimi-ve-uluslararasi-iliskiler\/giris-yazisi\/\",\"name\":\"Giri\u015f Yaz\u0131s\u0131 - Siyaset Bilimi ve Uluslararas\u0131 \u0130li\u015fkiler\",\"isPartOf\":{\"@id\":\"http:\/\/ticaret.edu.tr\/siyaset-bilimi-ve-uluslararasi-iliskiler\/en\/#website\"},\"datePublished\":\"2025-01-26T16:24:27+00:00\",\"dateModified\":\"2025-02-17T13:30:15+00:00\",\"breadcrumb\":{\"@id\":\"http:\/\/ticaret.edu.tr\/siyaset-bilimi-ve-uluslararasi-iliskiler\/giris-yazisi\/#breadcrumb\"},\"inLanguage\":\"tr\",\"potentialAction\":[{\"@type\":\"ReadAction\",\"target\":[\"http:\/\/ticaret.edu.tr\/siyaset-bilimi-ve-uluslararasi-iliskiler\/giris-yazisi\/\"]}]},{\"@type\":\"BreadcrumbList\",\"@id\":\"http:\/\/ticaret.edu.tr\/siyaset-bilimi-ve-uluslararasi-iliskiler\/giris-yazisi\/#breadcrumb\",\"itemListElement\":[{\"@type\":\"ListItem\",\"position\":1,\"name\":\"Ana sayfa\",\"item\":\"http:\/\/ticaret.edu.tr\/siyaset-bilimi-ve-uluslararasi-iliskiler\/\"},{\"@type\":\"ListItem\",\"position\":2,\"name\":\"Giri\u015f Yaz\u0131s\u0131\"}]},{\"@type\":\"WebSite\",\"@id\":\"http:\/\/ticaret.edu.tr\/siyaset-bilimi-ve-uluslararasi-iliskiler\/en\/#website\",\"url\":\"http:\/\/ticaret.edu.tr\/siyaset-bilimi-ve-uluslararasi-iliskiler\/en\/\",\"name\":\"Siyaset Bilimi ve Uluslararas\u0131 \u0130li\u015fkiler\",\"description\":\"\",\"potentialAction\":[{\"@type\":\"SearchAction\",\"target\":{\"@type\":\"EntryPoint\",\"urlTemplate\":\"http:\/\/ticaret.edu.tr\/siyaset-bilimi-ve-uluslararasi-iliskiler\/en\/?s={search_term_string}\"},\"query-input\":\"required name=search_term_string\"}],\"inLanguage\":\"tr\"}]}<\/script>\n<!-- \/ Yoast SEO Premium plugin. -->","yoast_head_json":{"title":"Giri\u015f Yaz\u0131s\u0131 - Siyaset Bilimi ve Uluslararas\u0131 \u0130li\u015fkiler","robots":{"index":"index","follow":"follow","max-snippet":"max-snippet:-1","max-image-preview":"max-image-preview:large","max-video-preview":"max-video-preview:-1"},"canonical":"http:\/\/ticaret.edu.tr\/siyaset-bilimi-ve-uluslararasi-iliskiler\/giris-yazisi\/","og_locale":"tr_TR","og_type":"article","og_title":"Giri\u015f Yaz\u0131s\u0131","og_description":"Siyaset Bilimi ve Uluslararas\u0131 \u0130li\u015fkiler (\u0130ngilizce) B\u00f6l\u00fcm\u00fcm\u00fcz\u00fcn akademik ve idari s\u00fcre\u00e7lerinin kalitesi Sosyal, Be\u015feri ve Temel Bilimler Akreditasyon ve Rating Derne\u011fi \u2013 STAR Akreditasyon taraf\u0131ndan yap\u0131lan de\u011ferlendirme sonucu 2024-2028 y\u0131llar\u0131 aras\u0131nda 4 y\u0131l s\u00fcreyle Akredite edilmi\u015ftir. B\u00f6l\u00fcm\u00fcm\u00fcz, T\u00fcrkiye\u2019de bu alanda ilkler aras\u0131nda yer almaktad\u0131r. B\u00f6l\u00fcm\u00fcm\u00fcz b\u00fcnyesinde yer alan \u00f6\u011fretim \u00fcyeleri disiplinler aras\u0131 \u00e7al\u0131\u015fmalara h\u00e2kim, g\u00fcncel [&hellip;]","og_url":"http:\/\/ticaret.edu.tr\/siyaset-bilimi-ve-uluslararasi-iliskiler\/giris-yazisi\/","og_site_name":"Siyaset Bilimi ve Uluslararas\u0131 \u0130li\u015fkiler","article_publisher":"https:\/\/www.facebook.com\/ticaretedutr","article_modified_time":"2025-02-17T13:30:15+00:00","og_image":[{"width":1250,"height":833,"url":"http:\/\/ticaret.edu.tr\/siyaset-bilimi-ve-uluslararasi-iliskiler\/wp-content\/uploads\/sites\/27\/2021\/11\/web_logo-01.jpg","type":"image\/jpeg"}],"twitter_card":"summary_large_image","twitter_site":"@ticaretedutr","twitter_misc":{"Tahmini okuma s\u00fcresi":"2 dakika"},"schema":{"@context":"https:\/\/schema.org","@graph":[{"@type":"WebPage","@id":"http:\/\/ticaret.edu.tr\/siyaset-bilimi-ve-uluslararasi-iliskiler\/giris-yazisi\/","url":"http:\/\/ticaret.edu.tr\/siyaset-bilimi-ve-uluslararasi-iliskiler\/giris-yazisi\/","name":"Giri\u015f Yaz\u0131s\u0131 - Siyaset Bilimi ve Uluslararas\u0131 \u0130li\u015fkiler","isPartOf":{"@id":"http:\/\/ticaret.edu.tr\/siyaset-bilimi-ve-uluslararasi-iliskiler\/en\/#website"},"datePublished":"2025-01-26T16:24:27+00:00","dateModified":"2025-02-17T13:30:15+00:00","breadcrumb":{"@id":"http:\/\/ticaret.edu.tr\/siyaset-bilimi-ve-uluslararasi-iliskiler\/giris-yazisi\/#breadcrumb"},"inLanguage":"tr","potentialAction":[{"@type":"ReadAction","target":["http:\/\/ticaret.edu.tr\/siyaset-bilimi-ve-uluslararasi-iliskiler\/giris-yazisi\/"]}]},{"@type":"BreadcrumbList","@id":"http:\/\/ticaret.edu.tr\/siyaset-bilimi-ve-uluslararasi-iliskiler\/giris-yazisi\/#breadcrumb","itemListElement":[{"@type":"ListItem","position":1,"name":"Ana sayfa","item":"http:\/\/ticaret.edu.tr\/siyaset-bilimi-ve-uluslararasi-iliskiler\/"},{"@type":"ListItem","position":2,"name":"Giri\u015f Yaz\u0131s\u0131"}]},{"@type":"WebSite","@id":"http:\/\/ticaret.edu.tr\/siyaset-bilimi-ve-uluslararasi-iliskiler\/en\/#website","url":"http:\/\/ticaret.edu.tr\/siyaset-bilimi-ve-uluslararasi-iliskiler\/en\/","name":"Siyaset Bilimi ve Uluslararas\u0131 \u0130li\u015fkiler","description":"","potentialAction":[{"@type":"SearchAction","target":{"@type":"EntryPoint","urlTemplate":"http:\/\/ticaret.edu.tr\/siyaset-bilimi-ve-uluslararasi-iliskiler\/en\/?s={search_term_string}"},"query-input":"required name=search_term_string"}],"inLanguage":"tr"}]}},"lang":"tr","translations":{"en":1530,"tr":1420},"pll_sync_post":[],"_links":{"self":[{"href":"http:\/\/ticaret.edu.tr\/siyaset-bilimi-ve-uluslararasi-iliskiler\/wp-json\/wp\/v2\/pages\/1420"}],"collection":[{"href":"http:\/\/ticaret.edu.tr\/siyaset-bilimi-ve-uluslararasi-iliskiler\/wp-json\/wp\/v2\/pages"}],"about":[{"href":"http:\/\/ticaret.edu.tr\/siyaset-bilimi-ve-uluslararasi-iliskiler\/wp-json\/wp\/v2\/types\/page"}],"author":[{"embeddable":true,"href":"http:\/\/ticaret.edu.tr\/siyaset-bilimi-ve-uluslararasi-iliskiler\/wp-json\/wp\/v2\/users\/181"}],"replies":[{"embeddable":true,"href":"http:\/\/ticaret.edu.tr\/siyaset-bilimi-ve-uluslararasi-iliskiler\/wp-json\/wp\/v2\/comments?post=1420"}],"version-history":[{"count":1,"href":"http:\/\/ticaret.edu.tr\/siyaset-bilimi-ve-uluslararasi-iliskiler\/wp-json\/wp\/v2\/pages\/1420\/revisions"}],"predecessor-version":[{"id":1421,"href":"http:\/\/ticaret.edu.tr\/siyaset-bilimi-ve-uluslararasi-iliskiler\/wp-json\/wp\/v2\/pages\/1420\/revisions\/1421"}],"wp:attachment":[{"href":"http:\/\/ticaret.edu.tr\/siyaset-bilimi-ve-uluslararasi-iliskiler\/wp-json\/wp\/v2\/media?parent=1420"}],"curies":[{"name":"wp","href":"https:\/\/api.w.org\/{rel}","templated":true}]}}