{"id":1489,"date":"2025-01-26T19:26:13","date_gmt":"2025-01-26T16:26:13","guid":{"rendered":"https:\/\/ticaret.edu.tr\/siyaset-bilimi-ve-uluslararasi-iliskiler\/?page_id=1489"},"modified":"2025-10-21T10:13:59","modified_gmt":"2025-10-21T07:13:59","slug":"bolum-kalite-guvence-politikasi","status":"publish","type":"page","link":"http:\/\/ticaret.edu.tr\/siyaset-bilimi-ve-uluslararasi-iliskiler\/bolum-kalite-guvence-politikasi\/","title":{"rendered":"B\u00f6l\u00fcm Kalite G\u00fcvence Politikas\u0131"},"content":{"rendered":"<p data-start=\"0\" data-end=\"45\"><strong data-start=\"0\" data-end=\"43\">Kalite G\u00fcvencesi ve S\u00fcrekli \u0130yile\u015ftirme<\/strong><\/p>\n<p data-start=\"47\" data-end=\"444\">\u0130stanbul Ticaret \u00dcniversitesi\u00a0<strong data-start=\"77\" data-end=\"128\">Siyaset Bilimi ve Uluslararas\u0131 \u0130li\u015fkiler (\u0130ngilizce) B\u00f6l\u00fcm\u00fc<\/strong>, y\u00fcksek\u00f6\u011fretimde\u00a0<strong data-start=\"146\" data-end=\"192\">akademik kaliteyi ve s\u00fcrekli iyile\u015ftirmeyi<\/strong>\u00a0temel hedeflerinden biri olarak benimsemektedir. Bu do\u011frultuda b\u00f6l\u00fcmde y\u00fcr\u00fct\u00fclen t\u00fcm\u00a0<strong data-start=\"278\" data-end=\"339\">e\u011fitim-\u00f6\u011fretim, ara\u015ft\u0131rma ve toplumsal katk\u0131 faaliyetleri<\/strong>, etkin bir\u00a0<strong data-start=\"351\" data-end=\"377\">kalite g\u00fcvence sistemi<\/strong>\u00a0\u00e7er\u00e7evesinde d\u00fczenli olarak izlenmekte ve de\u011ferlendirilmektedir.<\/p>\n<p data-start=\"446\" data-end=\"939\"><strong data-start=\"446\" data-end=\"489\">Y\u00fcksek\u00f6\u011fretim Kalite G\u00fcvencesi ilkeleri<\/strong>\u00a0do\u011frultusunda;\u00a0<strong data-start=\"505\" data-end=\"574\">\u00f6\u011frenci odakl\u0131l\u0131k, kat\u0131l\u0131mc\u0131l\u0131k, \u015feffafl\u0131k ve s\u00fcrekli iyile\u015ftirme<\/strong>\u00a0esas al\u0131narak akademik ve idari s\u00fcre\u00e7ler sistematik bi\u00e7imde geli\u015ftirilmektedir. B\u00f6l\u00fcm,\u00a0<strong data-start=\"662\" data-end=\"765\">program \u00e7\u0131kt\u0131lar\u0131n\u0131n g\u00fcncel uluslararas\u0131 geli\u015fmelere, bilimsel yeniliklere ve toplumsal ihtiya\u00e7lara<\/strong>\u00a0uyumlu olmas\u0131n\u0131 ama\u00e7lamakta; bu kapsamda\u00a0<strong data-start=\"807\" data-end=\"862\">\u00f6\u011frenci, mezun, akademisyen ve d\u0131\u015f payda\u015f g\u00f6r\u00fc\u015fleri<\/strong>\u00a0d\u00fczenli bi\u00e7imde al\u0131nmakta ve de\u011ferlendirme s\u00fcre\u00e7lerine d\u00e2hil edilmektedir.<\/p>\n<p data-start=\"941\" data-end=\"1227\">Siyaset Bilimi ve Uluslararas\u0131 \u0130li\u015fkiler B\u00f6l\u00fcm\u00fc, y\u00fcr\u00fctt\u00fc\u011f\u00fc e\u011fitim programlar\u0131n\u0131 yaln\u0131zca bilgi aktar\u0131m\u0131yla s\u0131n\u0131rl\u0131 g\u00f6rmeyip,\u00a0<strong data-start=\"1066\" data-end=\"1195\">ele\u015ftirel d\u00fc\u015f\u00fcnebilen, analitik de\u011ferlendirme yetene\u011fi geli\u015fmi\u015f, etik de\u011ferlere ba\u011fl\u0131 ve k\u00fcresel bak\u0131\u015f a\u00e7\u0131s\u0131na sahip bireyler<\/strong> yeti\u015ftirmeyi hedeflemektedir.<\/p>\n","protected":false},"excerpt":{"rendered":"<p>Kalite G\u00fcvencesi ve S\u00fcrekli \u0130yile\u015ftirme \u0130stanbul Ticaret \u00dcniversitesi\u00a0Siyaset Bilimi ve Uluslararas\u0131 \u0130li\u015fkiler (\u0130ngilizce) B\u00f6l\u00fcm\u00fc, y\u00fcksek\u00f6\u011fretimde\u00a0akademik kaliteyi ve s\u00fcrekli iyile\u015ftirmeyi\u00a0temel hedeflerinden biri olarak benimsemektedir. Bu do\u011frultuda b\u00f6l\u00fcmde y\u00fcr\u00fct\u00fclen t\u00fcm\u00a0e\u011fitim-\u00f6\u011fretim, ara\u015ft\u0131rma ve toplumsal katk\u0131 faaliyetleri, etkin bir\u00a0kalite g\u00fcvence sistemi\u00a0\u00e7er\u00e7evesinde d\u00fczenli olarak izlenmekte ve de\u011ferlendirilmektedir. Y\u00fcksek\u00f6\u011fretim Kalite G\u00fcvencesi ilkeleri\u00a0do\u011frultusunda;\u00a0\u00f6\u011frenci odakl\u0131l\u0131k, kat\u0131l\u0131mc\u0131l\u0131k, \u015feffafl\u0131k ve s\u00fcrekli iyile\u015ftirme\u00a0esas al\u0131narak akademik ve [&hellip;]<\/p>\n","protected":false},"author":181,"featured_media":0,"parent":0,"menu_order":0,"comment_status":"closed","ping_status":"closed","template":"genel_sayfa.php","meta":{"footnotes":""},"yoast_head":"<!-- This site is optimized with the Yoast SEO Premium plugin v22.1 (Yoast SEO v22.1) - https:\/\/yoast.com\/wordpress\/plugins\/seo\/ -->\n<title>B\u00f6l\u00fcm Kalite G\u00fcvence Politikas\u0131 - Siyaset Bilimi ve Uluslararas\u0131 \u0130li\u015fkiler<\/title>\n<meta name=\"robots\" content=\"index, follow, max-snippet:-1, max-image-preview:large, max-video-preview:-1\" \/>\n<link rel=\"canonical\" href=\"https:\/\/ticaret.edu.tr\/siyaset-bilimi-ve-uluslararasi-iliskiler\/bolum-kalite-guvence-politikasi\/\" \/>\n<meta property=\"og:locale\" content=\"tr_TR\" \/>\n<meta property=\"og:type\" content=\"article\" \/>\n<meta property=\"og:title\" content=\"B\u00f6l\u00fcm Kalite G\u00fcvence Politikas\u0131\" \/>\n<meta property=\"og:description\" content=\"Kalite G\u00fcvencesi ve S\u00fcrekli \u0130yile\u015ftirme \u0130stanbul Ticaret \u00dcniversitesi\u00a0Siyaset Bilimi ve Uluslararas\u0131 \u0130li\u015fkiler (\u0130ngilizce) B\u00f6l\u00fcm\u00fc, y\u00fcksek\u00f6\u011fretimde\u00a0akademik kaliteyi ve s\u00fcrekli iyile\u015ftirmeyi\u00a0temel hedeflerinden biri olarak benimsemektedir. Bu do\u011frultuda b\u00f6l\u00fcmde y\u00fcr\u00fct\u00fclen t\u00fcm\u00a0e\u011fitim-\u00f6\u011fretim, ara\u015ft\u0131rma ve toplumsal katk\u0131 faaliyetleri, etkin bir\u00a0kalite g\u00fcvence sistemi\u00a0\u00e7er\u00e7evesinde d\u00fczenli olarak izlenmekte ve de\u011ferlendirilmektedir. Y\u00fcksek\u00f6\u011fretim Kalite G\u00fcvencesi ilkeleri\u00a0do\u011frultusunda;\u00a0\u00f6\u011frenci odakl\u0131l\u0131k, kat\u0131l\u0131mc\u0131l\u0131k, \u015feffafl\u0131k ve s\u00fcrekli iyile\u015ftirme\u00a0esas al\u0131narak akademik ve [&hellip;]\" \/>\n<meta property=\"og:url\" content=\"https:\/\/ticaret.edu.tr\/siyaset-bilimi-ve-uluslararasi-iliskiler\/bolum-kalite-guvence-politikasi\/\" \/>\n<meta property=\"og:site_name\" content=\"Siyaset Bilimi ve Uluslararas\u0131 \u0130li\u015fkiler\" \/>\n<meta property=\"article:publisher\" content=\"https:\/\/www.facebook.com\/ticaretedutr\" \/>\n<meta property=\"article:modified_time\" content=\"2025-10-21T07:13:59+00:00\" \/>\n<meta property=\"og:image\" content=\"http:\/\/ticaret.edu.tr\/siyaset-bilimi-ve-uluslararasi-iliskiler\/wp-content\/uploads\/sites\/27\/2021\/11\/web_logo-01.jpg\" \/>\n\t<meta property=\"og:image:width\" content=\"1250\" \/>\n\t<meta property=\"og:image:height\" content=\"833\" \/>\n\t<meta property=\"og:image:type\" content=\"image\/jpeg\" \/>\n<meta name=\"twitter:card\" content=\"summary_large_image\" \/>\n<meta name=\"twitter:site\" content=\"@ticaretedutr\" \/>\n<meta name=\"twitter:label1\" content=\"Tahmini okuma s\u00fcresi\" \/>\n\t<meta name=\"twitter:data1\" content=\"1 dakika\" \/>\n<script type=\"application\/ld+json\" class=\"yoast-schema-graph\">{\"@context\":\"https:\/\/schema.org\",\"@graph\":[{\"@type\":\"WebPage\",\"@id\":\"https:\/\/ticaret.edu.tr\/siyaset-bilimi-ve-uluslararasi-iliskiler\/bolum-kalite-guvence-politikasi\/\",\"url\":\"https:\/\/ticaret.edu.tr\/siyaset-bilimi-ve-uluslararasi-iliskiler\/bolum-kalite-guvence-politikasi\/\",\"name\":\"B\u00f6l\u00fcm Kalite G\u00fcvence Politikas\u0131 - Siyaset Bilimi ve Uluslararas\u0131 \u0130li\u015fkiler\",\"isPartOf\":{\"@id\":\"http:\/\/ticaret.edu.tr\/siyaset-bilimi-ve-uluslararasi-iliskiler\/en\/#website\"},\"datePublished\":\"2025-01-26T16:26:13+00:00\",\"dateModified\":\"2025-10-21T07:13:59+00:00\",\"breadcrumb\":{\"@id\":\"https:\/\/ticaret.edu.tr\/siyaset-bilimi-ve-uluslararasi-iliskiler\/bolum-kalite-guvence-politikasi\/#breadcrumb\"},\"inLanguage\":\"tr\",\"potentialAction\":[{\"@type\":\"ReadAction\",\"target\":[\"https:\/\/ticaret.edu.tr\/siyaset-bilimi-ve-uluslararasi-iliskiler\/bolum-kalite-guvence-politikasi\/\"]}]},{\"@type\":\"BreadcrumbList\",\"@id\":\"https:\/\/ticaret.edu.tr\/siyaset-bilimi-ve-uluslararasi-iliskiler\/bolum-kalite-guvence-politikasi\/#breadcrumb\",\"itemListElement\":[{\"@type\":\"ListItem\",\"position\":1,\"name\":\"Ana sayfa\",\"item\":\"http:\/\/ticaret.edu.tr\/siyaset-bilimi-ve-uluslararasi-iliskiler\/\"},{\"@type\":\"ListItem\",\"position\":2,\"name\":\"B\u00f6l\u00fcm Kalite G\u00fcvence Politikas\u0131\"}]},{\"@type\":\"WebSite\",\"@id\":\"http:\/\/ticaret.edu.tr\/siyaset-bilimi-ve-uluslararasi-iliskiler\/en\/#website\",\"url\":\"http:\/\/ticaret.edu.tr\/siyaset-bilimi-ve-uluslararasi-iliskiler\/en\/\",\"name\":\"Siyaset Bilimi ve Uluslararas\u0131 \u0130li\u015fkiler\",\"description\":\"\",\"potentialAction\":[{\"@type\":\"SearchAction\",\"target\":{\"@type\":\"EntryPoint\",\"urlTemplate\":\"http:\/\/ticaret.edu.tr\/siyaset-bilimi-ve-uluslararasi-iliskiler\/en\/?s={search_term_string}\"},\"query-input\":\"required name=search_term_string\"}],\"inLanguage\":\"tr\"}]}<\/script>\n<!-- \/ Yoast SEO Premium plugin. -->","yoast_head_json":{"title":"B\u00f6l\u00fcm Kalite G\u00fcvence Politikas\u0131 - Siyaset Bilimi ve Uluslararas\u0131 \u0130li\u015fkiler","robots":{"index":"index","follow":"follow","max-snippet":"max-snippet:-1","max-image-preview":"max-image-preview:large","max-video-preview":"max-video-preview:-1"},"canonical":"https:\/\/ticaret.edu.tr\/siyaset-bilimi-ve-uluslararasi-iliskiler\/bolum-kalite-guvence-politikasi\/","og_locale":"tr_TR","og_type":"article","og_title":"B\u00f6l\u00fcm Kalite G\u00fcvence Politikas\u0131","og_description":"Kalite G\u00fcvencesi ve S\u00fcrekli \u0130yile\u015ftirme \u0130stanbul Ticaret \u00dcniversitesi\u00a0Siyaset Bilimi ve Uluslararas\u0131 \u0130li\u015fkiler (\u0130ngilizce) B\u00f6l\u00fcm\u00fc, y\u00fcksek\u00f6\u011fretimde\u00a0akademik kaliteyi ve s\u00fcrekli iyile\u015ftirmeyi\u00a0temel hedeflerinden biri olarak benimsemektedir. Bu do\u011frultuda b\u00f6l\u00fcmde y\u00fcr\u00fct\u00fclen t\u00fcm\u00a0e\u011fitim-\u00f6\u011fretim, ara\u015ft\u0131rma ve toplumsal katk\u0131 faaliyetleri, etkin bir\u00a0kalite g\u00fcvence sistemi\u00a0\u00e7er\u00e7evesinde d\u00fczenli olarak izlenmekte ve de\u011ferlendirilmektedir. Y\u00fcksek\u00f6\u011fretim Kalite G\u00fcvencesi ilkeleri\u00a0do\u011frultusunda;\u00a0\u00f6\u011frenci odakl\u0131l\u0131k, kat\u0131l\u0131mc\u0131l\u0131k, \u015feffafl\u0131k ve s\u00fcrekli iyile\u015ftirme\u00a0esas al\u0131narak akademik ve [&hellip;]","og_url":"https:\/\/ticaret.edu.tr\/siyaset-bilimi-ve-uluslararasi-iliskiler\/bolum-kalite-guvence-politikasi\/","og_site_name":"Siyaset Bilimi ve Uluslararas\u0131 \u0130li\u015fkiler","article_publisher":"https:\/\/www.facebook.com\/ticaretedutr","article_modified_time":"2025-10-21T07:13:59+00:00","og_image":[{"width":1250,"height":833,"url":"http:\/\/ticaret.edu.tr\/siyaset-bilimi-ve-uluslararasi-iliskiler\/wp-content\/uploads\/sites\/27\/2021\/11\/web_logo-01.jpg","type":"image\/jpeg"}],"twitter_card":"summary_large_image","twitter_site":"@ticaretedutr","twitter_misc":{"Tahmini okuma s\u00fcresi":"1 dakika"},"schema":{"@context":"https:\/\/schema.org","@graph":[{"@type":"WebPage","@id":"https:\/\/ticaret.edu.tr\/siyaset-bilimi-ve-uluslararasi-iliskiler\/bolum-kalite-guvence-politikasi\/","url":"https:\/\/ticaret.edu.tr\/siyaset-bilimi-ve-uluslararasi-iliskiler\/bolum-kalite-guvence-politikasi\/","name":"B\u00f6l\u00fcm Kalite G\u00fcvence Politikas\u0131 - Siyaset Bilimi ve Uluslararas\u0131 \u0130li\u015fkiler","isPartOf":{"@id":"http:\/\/ticaret.edu.tr\/siyaset-bilimi-ve-uluslararasi-iliskiler\/en\/#website"},"datePublished":"2025-01-26T16:26:13+00:00","dateModified":"2025-10-21T07:13:59+00:00","breadcrumb":{"@id":"https:\/\/ticaret.edu.tr\/siyaset-bilimi-ve-uluslararasi-iliskiler\/bolum-kalite-guvence-politikasi\/#breadcrumb"},"inLanguage":"tr","potentialAction":[{"@type":"ReadAction","target":["https:\/\/ticaret.edu.tr\/siyaset-bilimi-ve-uluslararasi-iliskiler\/bolum-kalite-guvence-politikasi\/"]}]},{"@type":"BreadcrumbList","@id":"https:\/\/ticaret.edu.tr\/siyaset-bilimi-ve-uluslararasi-iliskiler\/bolum-kalite-guvence-politikasi\/#breadcrumb","itemListElement":[{"@type":"ListItem","position":1,"name":"Ana sayfa","item":"http:\/\/ticaret.edu.tr\/siyaset-bilimi-ve-uluslararasi-iliskiler\/"},{"@type":"ListItem","position":2,"name":"B\u00f6l\u00fcm Kalite G\u00fcvence Politikas\u0131"}]},{"@type":"WebSite","@id":"http:\/\/ticaret.edu.tr\/siyaset-bilimi-ve-uluslararasi-iliskiler\/en\/#website","url":"http:\/\/ticaret.edu.tr\/siyaset-bilimi-ve-uluslararasi-iliskiler\/en\/","name":"Siyaset Bilimi ve Uluslararas\u0131 \u0130li\u015fkiler","description":"","potentialAction":[{"@type":"SearchAction","target":{"@type":"EntryPoint","urlTemplate":"http:\/\/ticaret.edu.tr\/siyaset-bilimi-ve-uluslararasi-iliskiler\/en\/?s={search_term_string}"},"query-input":"required name=search_term_string"}],"inLanguage":"tr"}]}},"lang":"tr","translations":{"en":1654,"tr":1489},"pll_sync_post":[],"_links":{"self":[{"href":"http:\/\/ticaret.edu.tr\/siyaset-bilimi-ve-uluslararasi-iliskiler\/wp-json\/wp\/v2\/pages\/1489"}],"collection":[{"href":"http:\/\/ticaret.edu.tr\/siyaset-bilimi-ve-uluslararasi-iliskiler\/wp-json\/wp\/v2\/pages"}],"about":[{"href":"http:\/\/ticaret.edu.tr\/siyaset-bilimi-ve-uluslararasi-iliskiler\/wp-json\/wp\/v2\/types\/page"}],"author":[{"embeddable":true,"href":"http:\/\/ticaret.edu.tr\/siyaset-bilimi-ve-uluslararasi-iliskiler\/wp-json\/wp\/v2\/users\/181"}],"replies":[{"embeddable":true,"href":"http:\/\/ticaret.edu.tr\/siyaset-bilimi-ve-uluslararasi-iliskiler\/wp-json\/wp\/v2\/comments?post=1489"}],"version-history":[{"count":2,"href":"http:\/\/ticaret.edu.tr\/siyaset-bilimi-ve-uluslararasi-iliskiler\/wp-json\/wp\/v2\/pages\/1489\/revisions"}],"predecessor-version":[{"id":2006,"href":"http:\/\/ticaret.edu.tr\/siyaset-bilimi-ve-uluslararasi-iliskiler\/wp-json\/wp\/v2\/pages\/1489\/revisions\/2006"}],"wp:attachment":[{"href":"http:\/\/ticaret.edu.tr\/siyaset-bilimi-ve-uluslararasi-iliskiler\/wp-json\/wp\/v2\/media?parent=1489"}],"curies":[{"name":"wp","href":"https:\/\/api.w.org\/{rel}","templated":true}]}}