{"id":609,"date":"2022-01-04T14:53:26","date_gmt":"2022-01-04T11:53:26","guid":{"rendered":"https:\/\/ticaret.edu.tr\/siyaset-bilimi-ve-uluslararasi-iliskiler\/?page_id=609"},"modified":"2025-11-25T11:49:46","modified_gmt":"2025-11-25T08:49:46","slug":"undergraduate-course-contents","status":"publish","type":"page","link":"http:\/\/ticaret.edu.tr\/siyaset-bilimi-ve-uluslararasi-iliskiler\/en\/undergraduate-course-contents\/","title":{"rendered":"Course Contents"},"content":{"rendered":"<p><a href=\"http:\/\/ticaret.edu.tr\/siyaset-bilimi-ve-uluslararasi-iliskiler\/wp-content\/uploads\/sites\/27\/2025\/10\/2025-2026-Siyaset-Bilimi-ve-Uluslararasi-Iliskiler-Bolumu-100-Ing-Ders-Icerikleri_compressed.pdf\">2025 \u2013 2026 SU\u0130 (%100 \u0130ngilizce) Ders \u0130\u00e7erikleri<\/a><\/p>\n<p><a href=\"http:\/\/ticaret.edu.tr\/siyaset-bilimi-ve-uluslararasi-iliskiler\/wp-content\/uploads\/sites\/27\/2025\/10\/2025-2026-Siyaset-Bilimi-ve-Uluslararasi-Iliskiler-Bolumu-30-Ing-Ders-Icerikleri_compressed.pdf\">2025 \u2013 2026 SU\u0130 (%30 \u0130ngilizce) Ders \u0130\u00e7erikleri<\/a><\/p>\n<p><a href=\"http:\/\/ticaret.edu.tr\/siyaset-bilimi-ve-uluslararasi-iliskiler\/wp-content\/uploads\/sites\/27\/2024\/09\/2024-2025-SBUI-Ingilizce-Ders-Icerigi.pdf\">2024-2025 (%100 \u0130ngilizce) Ders \u0130\u00e7erikleri<\/a><\/p>\n<p><a href=\"http:\/\/ticaret.edu.tr\/siyaset-bilimi-ve-uluslararasi-iliskiler\/wp-content\/uploads\/sites\/27\/2024\/09\/2024-2025-SBUI-30-Ders-Icerigi.pdf\">2024-2025 SUI (%30 \u0130ngilizce) Ders \u0130\u00e7erikleri<\/a><\/p>\n<p><a href=\"http:\/\/ticaret.edu.tr\/siyaset-bilimi-ve-uluslararasi-iliskiler\/wp-content\/uploads\/sites\/27\/2024\/01\/SUI-Ingilizce-Ders-Icerigi.pdf\">2023-2024 SUI (%100 \u0130ngilizce) Ders \u0130\u00e7erikleri<\/a><\/p>\n<p><a href=\"http:\/\/ticaret.edu.tr\/siyaset-bilimi-ve-uluslararasi-iliskiler\/wp-content\/uploads\/sites\/27\/2024\/01\/SUI-30-Ders-Icerigi-.pdf\">2023-2024 SUI (%30 \u0130ngilizce) Ders \u0130\u00e7erikleri<\/a><\/p>\n<p><strong><a href=\"http:\/\/ticaret.edu.tr\/siyaset-bilimi-ve-uluslararasi-iliskiler\/wp-content\/uploads\/sites\/27\/2022\/09\/2022-2023_SUI_Ders-Icerikleri.pdf\">2022-2023_SUI (%100 \u0130ngilizce)_Ders \u0130\u00e7erikleri<\/a><\/strong><\/p>\n<p><strong><a href=\"http:\/\/ticaret.edu.tr\/siyaset-bilimi-ve-uluslararasi-iliskiler\/wp-content\/uploads\/sites\/27\/2022\/01\/SUI-DERS-ICERIGI-2021-2022.pdf\">SUI DERS \u0130\u00c7ER\u0130\u011e\u0130 2021-2022<\/a><\/strong><\/p>\n<p><strong><a href=\"http:\/\/ticaret.edu.tr\/sbui\/wp-content\/uploads\/sites\/27\/2021\/09\/2020-2021_Siyaset-Bilimi-ve-Uluslararasi-Iliskiler_Ders-Icerikleri.pdf\">2020-2021_Siyaset Bilimi ve Uluslararas\u0131 \u0130li\u015fkiler_Ders \u0130\u00e7erikleri<\/a><\/strong><\/p>\n<p><strong><a href=\"http:\/\/ticaret.edu.tr\/sbui\/wp-content\/uploads\/sites\/27\/2021\/09\/2019-2020_SUI_Ders-Icerikleri.pdf\">2019-2020_SU\u0130_Ders \u0130\u00e7erikleri<\/a><\/strong><\/p>\n<p><strong><a href=\"http:\/\/ticaret.edu.tr\/sbui\/wp-content\/uploads\/sites\/27\/2021\/09\/2018-2019_SUI_Ders-Icerikleri.pdf\">2018-2019_SU\u0130_Ders \u0130\u00e7erikleri<\/a><\/strong><\/p>\n<p><strong><a href=\"http:\/\/ticaret.edu.tr\/sbui\/wp-content\/uploads\/sites\/27\/2021\/09\/2017-2018_SUI_Ders-Icerikleri.pdf\">2017-2018_SU\u0130_Ders \u0130\u00e7erikleri<\/a><\/strong><\/p>\n<p><strong><a href=\"http:\/\/ticaret.edu.tr\/sbui\/wp-content\/uploads\/sites\/27\/2021\/09\/2016-2017_SUI_Ders-Icerikleri.pdf\">2016-2017_SU\u0130_Ders \u0130\u00e7erikleri<\/a><\/strong><\/p>\n<p><strong><a href=\"http:\/\/ticaret.edu.tr\/sbui\/wp-content\/uploads\/sites\/27\/2021\/09\/2015-2016_SUI_Ders-Icerikleri.pdf\">2015-2016_SU\u0130_Ders \u0130\u00e7erikleri<\/a><\/strong><\/p>\n<p><strong><a href=\"http:\/\/ticaret.edu.tr\/sbui\/wp-content\/uploads\/sites\/27\/2021\/09\/2014-2015_SUI_Ders-Icerikleri.pdf\">2014-2015_SU\u0130_Ders \u0130\u00e7erikleri<\/a><\/strong><\/p>\n<p>&nbsp;<\/p>\n<p>International Relations Course Contents<\/p>\n<p><strong><a href=\"http:\/\/ticaret.edu.tr\/siyaset-bilimi-ve-uluslararasi-iliskiler\/wp-content\/uploads\/sites\/27\/2022\/09\/2005-2006-Egitim-Ogretim-Yili-Ders-Icerikleri.pdf\">2005-2006 E\u011fitim \u00d6\u011fretim Y\u0131l\u0131 Ders \u0130\u00e7erikleri<\/a><\/strong><\/p>\n<p><strong><a href=\"http:\/\/ticaret.edu.tr\/siyaset-bilimi-ve-uluslararasi-iliskiler\/wp-content\/uploads\/sites\/27\/2022\/09\/2006-2007-Egitim-Ogretim-Yili-Ders-Icerikleri.pdf\">2006-2007 E\u011fitim \u00d6\u011fretim Y\u0131l\u0131 Ders \u0130\u00e7erikleri<\/a><\/strong><\/p>\n<p><strong><a href=\"http:\/\/ticaret.edu.tr\/siyaset-bilimi-ve-uluslararasi-iliskiler\/wp-content\/uploads\/sites\/27\/2022\/09\/2007-2008-Egitim-Ogretim-Yili-Ders-Icerikleri.pdf\">2007-2008 E\u011fitim \u00d6\u011fretim Y\u0131l\u0131 Ders \u0130\u00e7erikleri<\/a><\/strong><\/p>\n<p><strong><a href=\"http:\/\/ticaret.edu.tr\/siyaset-bilimi-ve-uluslararasi-iliskiler\/wp-content\/uploads\/sites\/27\/2022\/09\/2008-2009-Egitim-Ogretim-Yili-Ders-Icerikleri.pdf\">2008-2009 E\u011fitim \u00d6\u011fretim Y\u0131l\u0131 Ders \u0130\u00e7erikleri<\/a><\/strong><\/p>\n<p><strong><a href=\"http:\/\/ticaret.edu.tr\/siyaset-bilimi-ve-uluslararasi-iliskiler\/wp-content\/uploads\/sites\/27\/2022\/09\/2009-2010-Egitim-Ogretim-Yili-Ders-Icerikleri.pdf\">2009-2010 E\u011fitim \u00d6\u011fretim Y\u0131l\u0131 Ders \u0130\u00e7erikleri<\/a><\/strong><\/p>\n<p><strong><a href=\"http:\/\/ticaret.edu.tr\/siyaset-bilimi-ve-uluslararasi-iliskiler\/wp-content\/uploads\/sites\/27\/2022\/09\/2010-2011-Egitim-Ogretim-Yili-Ders-Icerikleri.pdf\">2010-2011 E\u011fitim \u00d6\u011fretim Y\u0131l\u0131 Ders \u0130\u00e7erikleri<\/a><\/strong><\/p>\n<p><strong><a href=\"http:\/\/ticaret.edu.tr\/siyaset-bilimi-ve-uluslararasi-iliskiler\/wp-content\/uploads\/sites\/27\/2022\/09\/2011-2012-Egitim-Ogretim-Yili-Ders-Icerikleri.pdf\">2011-2012 E\u011fitim \u00d6\u011fretim Y\u0131l\u0131 Ders \u0130\u00e7erikleri<\/a><\/strong><\/p>\n<p><strong><a href=\"http:\/\/ticaret.edu.tr\/siyaset-bilimi-ve-uluslararasi-iliskiler\/wp-content\/uploads\/sites\/27\/2022\/09\/2012-2013-Egitim-Ogretim-Yili-Ders-Icerikleri.pdf\">2012-2013 E\u011fitim \u00d6\u011fretim Y\u0131l\u0131 Ders \u0130\u00e7erikleri<\/a><\/strong><\/p>\n<p><strong><a href=\"http:\/\/ticaret.edu.tr\/siyaset-bilimi-ve-uluslararasi-iliskiler\/wp-content\/uploads\/sites\/27\/2022\/09\/2013-2014-Egitim-Ogretim-Yili-Ders-Icerikleri.pdf\">2013-2014 E\u011fitim \u00d6\u011fretim Y\u0131l\u0131 Ders \u0130\u00e7erikleri<\/a><\/strong><\/p>\n","protected":false},"excerpt":{"rendered":"<p>2025 \u2013 2026 SU\u0130 (%100 \u0130ngilizce) Ders \u0130\u00e7erikleri 2025 \u2013 2026 SU\u0130 (%30 \u0130ngilizce) Ders \u0130\u00e7erikleri 2024-2025 (%100 \u0130ngilizce) Ders \u0130\u00e7erikleri 2024-2025 SUI (%30 \u0130ngilizce) Ders \u0130\u00e7erikleri 2023-2024 SUI (%100 \u0130ngilizce) Ders \u0130\u00e7erikleri 2023-2024 SUI (%30 \u0130ngilizce) Ders \u0130\u00e7erikleri 2022-2023_SUI (%100 \u0130ngilizce)_Ders \u0130\u00e7erikleri SUI DERS \u0130\u00c7ER\u0130\u011e\u0130 2021-2022 2020-2021_Siyaset Bilimi ve Uluslararas\u0131 \u0130li\u015fkiler_Ders \u0130\u00e7erikleri 2019-2020_SU\u0130_Ders \u0130\u00e7erikleri [&hellip;]<\/p>\n","protected":false},"author":149,"featured_media":0,"parent":0,"menu_order":0,"comment_status":"closed","ping_status":"closed","template":"genel_sayfa.php","meta":{"footnotes":""},"yoast_head":"<!-- This site is optimized with the Yoast SEO Premium plugin v22.1 (Yoast SEO v22.1) - https:\/\/yoast.com\/wordpress\/plugins\/seo\/ -->\n<title>Course Contents - Siyaset Bilimi ve Uluslararas\u0131 \u0130li\u015fkiler<\/title>\n<meta name=\"robots\" content=\"index, follow, max-snippet:-1, max-image-preview:large, max-video-preview:-1\" \/>\n<link rel=\"canonical\" href=\"http:\/\/ticaret.edu.tr\/siyaset-bilimi-ve-uluslararasi-iliskiler\/en\/undergraduate-course-contents\/\" \/>\n<meta property=\"og:locale\" content=\"tr_TR\" \/>\n<meta property=\"og:type\" content=\"article\" \/>\n<meta property=\"og:title\" content=\"Course Contents\" \/>\n<meta property=\"og:description\" content=\"2025 \u2013 2026 SU\u0130 (%100 \u0130ngilizce) Ders \u0130\u00e7erikleri 2025 \u2013 2026 SU\u0130 (%30 \u0130ngilizce) Ders \u0130\u00e7erikleri 2024-2025 (%100 \u0130ngilizce) Ders \u0130\u00e7erikleri 2024-2025 SUI (%30 \u0130ngilizce) Ders \u0130\u00e7erikleri 2023-2024 SUI (%100 \u0130ngilizce) Ders \u0130\u00e7erikleri 2023-2024 SUI (%30 \u0130ngilizce) Ders \u0130\u00e7erikleri 2022-2023_SUI (%100 \u0130ngilizce)_Ders \u0130\u00e7erikleri SUI DERS \u0130\u00c7ER\u0130\u011e\u0130 2021-2022 2020-2021_Siyaset Bilimi ve Uluslararas\u0131 \u0130li\u015fkiler_Ders \u0130\u00e7erikleri 2019-2020_SU\u0130_Ders \u0130\u00e7erikleri [&hellip;]\" \/>\n<meta property=\"og:url\" content=\"http:\/\/ticaret.edu.tr\/siyaset-bilimi-ve-uluslararasi-iliskiler\/en\/undergraduate-course-contents\/\" \/>\n<meta property=\"og:site_name\" content=\"Siyaset Bilimi ve Uluslararas\u0131 \u0130li\u015fkiler\" \/>\n<meta property=\"article:publisher\" content=\"https:\/\/www.facebook.com\/ticaretedutr\" \/>\n<meta property=\"article:modified_time\" content=\"2025-11-25T08:49:46+00:00\" \/>\n<meta property=\"og:image\" content=\"http:\/\/ticaret.edu.tr\/siyaset-bilimi-ve-uluslararasi-iliskiler\/wp-content\/uploads\/sites\/27\/2021\/11\/web_logo-01.jpg\" \/>\n\t<meta property=\"og:image:width\" content=\"1250\" \/>\n\t<meta property=\"og:image:height\" content=\"833\" \/>\n\t<meta property=\"og:image:type\" content=\"image\/jpeg\" \/>\n<meta name=\"twitter:card\" content=\"summary_large_image\" \/>\n<meta name=\"twitter:site\" content=\"@ticaretedutr\" \/>\n<meta name=\"twitter:label1\" content=\"Tahmini okuma s\u00fcresi\" \/>\n\t<meta name=\"twitter:data1\" content=\"1 dakika\" \/>\n<script type=\"application\/ld+json\" class=\"yoast-schema-graph\">{\"@context\":\"https:\/\/schema.org\",\"@graph\":[{\"@type\":\"WebPage\",\"@id\":\"http:\/\/ticaret.edu.tr\/siyaset-bilimi-ve-uluslararasi-iliskiler\/en\/undergraduate-course-contents\/\",\"url\":\"http:\/\/ticaret.edu.tr\/siyaset-bilimi-ve-uluslararasi-iliskiler\/en\/undergraduate-course-contents\/\",\"name\":\"Course Contents - Siyaset Bilimi ve Uluslararas\u0131 \u0130li\u015fkiler\",\"isPartOf\":{\"@id\":\"https:\/\/ticaret.edu.tr\/siyaset-bilimi-ve-uluslararasi-iliskiler\/#website\"},\"datePublished\":\"2022-01-04T11:53:26+00:00\",\"dateModified\":\"2025-11-25T08:49:46+00:00\",\"breadcrumb\":{\"@id\":\"http:\/\/ticaret.edu.tr\/siyaset-bilimi-ve-uluslararasi-iliskiler\/en\/undergraduate-course-contents\/#breadcrumb\"},\"inLanguage\":\"tr\",\"potentialAction\":[{\"@type\":\"ReadAction\",\"target\":[\"http:\/\/ticaret.edu.tr\/siyaset-bilimi-ve-uluslararasi-iliskiler\/en\/undergraduate-course-contents\/\"]}]},{\"@type\":\"BreadcrumbList\",\"@id\":\"http:\/\/ticaret.edu.tr\/siyaset-bilimi-ve-uluslararasi-iliskiler\/en\/undergraduate-course-contents\/#breadcrumb\",\"itemListElement\":[{\"@type\":\"ListItem\",\"position\":1,\"name\":\"Ana sayfa\",\"item\":\"https:\/\/ticaret.edu.tr\/siyaset-bilimi-ve-uluslararasi-iliskiler\/\"},{\"@type\":\"ListItem\",\"position\":2,\"name\":\"Course Contents\"}]},{\"@type\":\"WebSite\",\"@id\":\"https:\/\/ticaret.edu.tr\/siyaset-bilimi-ve-uluslararasi-iliskiler\/#website\",\"url\":\"https:\/\/ticaret.edu.tr\/siyaset-bilimi-ve-uluslararasi-iliskiler\/\",\"name\":\"Siyaset Bilimi ve Uluslararas\u0131 \u0130li\u015fkiler\",\"description\":\"\",\"potentialAction\":[{\"@type\":\"SearchAction\",\"target\":{\"@type\":\"EntryPoint\",\"urlTemplate\":\"https:\/\/ticaret.edu.tr\/siyaset-bilimi-ve-uluslararasi-iliskiler\/?s={search_term_string}\"},\"query-input\":\"required name=search_term_string\"}],\"inLanguage\":\"tr\"}]}<\/script>\n<!-- \/ Yoast SEO Premium plugin. -->","yoast_head_json":{"title":"Course Contents - Siyaset Bilimi ve Uluslararas\u0131 \u0130li\u015fkiler","robots":{"index":"index","follow":"follow","max-snippet":"max-snippet:-1","max-image-preview":"max-image-preview:large","max-video-preview":"max-video-preview:-1"},"canonical":"http:\/\/ticaret.edu.tr\/siyaset-bilimi-ve-uluslararasi-iliskiler\/en\/undergraduate-course-contents\/","og_locale":"tr_TR","og_type":"article","og_title":"Course Contents","og_description":"2025 \u2013 2026 SU\u0130 (%100 \u0130ngilizce) Ders \u0130\u00e7erikleri 2025 \u2013 2026 SU\u0130 (%30 \u0130ngilizce) Ders \u0130\u00e7erikleri 2024-2025 (%100 \u0130ngilizce) Ders \u0130\u00e7erikleri 2024-2025 SUI (%30 \u0130ngilizce) Ders \u0130\u00e7erikleri 2023-2024 SUI (%100 \u0130ngilizce) Ders \u0130\u00e7erikleri 2023-2024 SUI (%30 \u0130ngilizce) Ders \u0130\u00e7erikleri 2022-2023_SUI (%100 \u0130ngilizce)_Ders \u0130\u00e7erikleri SUI DERS \u0130\u00c7ER\u0130\u011e\u0130 2021-2022 2020-2021_Siyaset Bilimi ve Uluslararas\u0131 \u0130li\u015fkiler_Ders \u0130\u00e7erikleri 2019-2020_SU\u0130_Ders \u0130\u00e7erikleri [&hellip;]","og_url":"http:\/\/ticaret.edu.tr\/siyaset-bilimi-ve-uluslararasi-iliskiler\/en\/undergraduate-course-contents\/","og_site_name":"Siyaset Bilimi ve Uluslararas\u0131 \u0130li\u015fkiler","article_publisher":"https:\/\/www.facebook.com\/ticaretedutr","article_modified_time":"2025-11-25T08:49:46+00:00","og_image":[{"width":1250,"height":833,"url":"http:\/\/ticaret.edu.tr\/siyaset-bilimi-ve-uluslararasi-iliskiler\/wp-content\/uploads\/sites\/27\/2021\/11\/web_logo-01.jpg","type":"image\/jpeg"}],"twitter_card":"summary_large_image","twitter_site":"@ticaretedutr","twitter_misc":{"Tahmini okuma s\u00fcresi":"1 dakika"},"schema":{"@context":"https:\/\/schema.org","@graph":[{"@type":"WebPage","@id":"http:\/\/ticaret.edu.tr\/siyaset-bilimi-ve-uluslararasi-iliskiler\/en\/undergraduate-course-contents\/","url":"http:\/\/ticaret.edu.tr\/siyaset-bilimi-ve-uluslararasi-iliskiler\/en\/undergraduate-course-contents\/","name":"Course Contents - Siyaset Bilimi ve Uluslararas\u0131 \u0130li\u015fkiler","isPartOf":{"@id":"https:\/\/ticaret.edu.tr\/siyaset-bilimi-ve-uluslararasi-iliskiler\/#website"},"datePublished":"2022-01-04T11:53:26+00:00","dateModified":"2025-11-25T08:49:46+00:00","breadcrumb":{"@id":"http:\/\/ticaret.edu.tr\/siyaset-bilimi-ve-uluslararasi-iliskiler\/en\/undergraduate-course-contents\/#breadcrumb"},"inLanguage":"tr","potentialAction":[{"@type":"ReadAction","target":["http:\/\/ticaret.edu.tr\/siyaset-bilimi-ve-uluslararasi-iliskiler\/en\/undergraduate-course-contents\/"]}]},{"@type":"BreadcrumbList","@id":"http:\/\/ticaret.edu.tr\/siyaset-bilimi-ve-uluslararasi-iliskiler\/en\/undergraduate-course-contents\/#breadcrumb","itemListElement":[{"@type":"ListItem","position":1,"name":"Ana sayfa","item":"https:\/\/ticaret.edu.tr\/siyaset-bilimi-ve-uluslararasi-iliskiler\/"},{"@type":"ListItem","position":2,"name":"Course Contents"}]},{"@type":"WebSite","@id":"https:\/\/ticaret.edu.tr\/siyaset-bilimi-ve-uluslararasi-iliskiler\/#website","url":"https:\/\/ticaret.edu.tr\/siyaset-bilimi-ve-uluslararasi-iliskiler\/","name":"Siyaset Bilimi ve Uluslararas\u0131 \u0130li\u015fkiler","description":"","potentialAction":[{"@type":"SearchAction","target":{"@type":"EntryPoint","urlTemplate":"https:\/\/ticaret.edu.tr\/siyaset-bilimi-ve-uluslararasi-iliskiler\/?s={search_term_string}"},"query-input":"required name=search_term_string"}],"inLanguage":"tr"}]}},"lang":"en","translations":{"en":609,"tr":107},"pll_sync_post":[],"_links":{"self":[{"href":"http:\/\/ticaret.edu.tr\/siyaset-bilimi-ve-uluslararasi-iliskiler\/wp-json\/wp\/v2\/pages\/609"}],"collection":[{"href":"http:\/\/ticaret.edu.tr\/siyaset-bilimi-ve-uluslararasi-iliskiler\/wp-json\/wp\/v2\/pages"}],"about":[{"href":"http:\/\/ticaret.edu.tr\/siyaset-bilimi-ve-uluslararasi-iliskiler\/wp-json\/wp\/v2\/types\/page"}],"author":[{"embeddable":true,"href":"http:\/\/ticaret.edu.tr\/siyaset-bilimi-ve-uluslararasi-iliskiler\/wp-json\/wp\/v2\/users\/149"}],"replies":[{"embeddable":true,"href":"http:\/\/ticaret.edu.tr\/siyaset-bilimi-ve-uluslararasi-iliskiler\/wp-json\/wp\/v2\/comments?post=609"}],"version-history":[{"count":24,"href":"http:\/\/ticaret.edu.tr\/siyaset-bilimi-ve-uluslararasi-iliskiler\/wp-json\/wp\/v2\/pages\/609\/revisions"}],"predecessor-version":[{"id":2063,"href":"http:\/\/ticaret.edu.tr\/siyaset-bilimi-ve-uluslararasi-iliskiler\/wp-json\/wp\/v2\/pages\/609\/revisions\/2063"}],"wp:attachment":[{"href":"http:\/\/ticaret.edu.tr\/siyaset-bilimi-ve-uluslararasi-iliskiler\/wp-json\/wp\/v2\/media?parent=609"}],"curies":[{"name":"wp","href":"https:\/\/api.w.org\/{rel}","templated":true}]}}