{"id":1320,"date":"2025-01-25T23:38:46","date_gmt":"2025-01-25T20:38:46","guid":{"rendered":"https:\/\/ticaret.edu.tr\/tekstil-ve-moda-tasarimi\/?page_id=1320"},"modified":"2025-10-20T10:40:32","modified_gmt":"2025-10-20T07:40:32","slug":"tarihce","status":"publish","type":"page","link":"http:\/\/ticaret.edu.tr\/tekstil-ve-moda-tasarimi\/tarihce\/","title":{"rendered":"Tarih\u00e7e"},"content":{"rendered":"<p>Tekstil ve Moda Tasar\u0131m\u0131 B\u00f6l\u00fcm\u00fc, 2002 y\u0131l\u0131nda \u0130stanbul Ticaret \u00dcniversitesi b\u00fcnyesinde kurulmu\u015ftur. B\u00f6l\u00fcm\u00fcn ilk Ba\u015fkanl\u0131\u011f\u0131n\u0131 y\u00fcr\u00fcten <strong>Prof. Dr. \u0130nci Tezcan<\/strong>, program\u0131n akademik temellerinin at\u0131lmas\u0131nda ve e\u011fitim-\u00f6\u011fretim yap\u0131s\u0131n\u0131n \u015fekillenmesinde \u00f6nemli katk\u0131lar sa\u011flam\u0131\u015ft\u0131r. B\u00f6l\u00fcm\u00fcm\u00fcz\u00fcn ve ayn\u0131 zamanda\u00a0\u00dcniversitemizin kurucu Rekt\u00f6r\u00fc olan <strong>Prof. Dr. Sait Sezgener<\/strong>, vizyoner yakla\u015f\u0131m\u0131yla b\u00f6l\u00fcm\u00fcn geli\u015fiminde belirleyici bir rol oynam\u0131\u015ft\u0131r.<\/p>\n<p>Kurulu\u015fundan itibaren b\u00f6l\u00fcm\u00fcn teknik altyap\u0131s\u0131n\u0131n g\u00fc\u00e7lendirilmesine b\u00fcy\u00fck \u00f6nem verilmi\u015f; <strong>dokuma, \u00f6rme, diki\u015f ve boya at\u00f6lyeleri<\/strong>\u00a0titizlikle olu\u015fturulmu\u015f ve zaman i\u00e7erisinde eksiklikler tamamlanarak g\u00fc\u00e7l\u00fc bir uygulama alt yap\u0131s\u0131 olu\u015fturulmu\u015ftur.<\/p>\n<p>B\u00f6l\u00fcm, ilk olarak <strong>\u00dcsk\u00fcdar Yerle\u015fkesi<\/strong>&#8216;nde e\u011fitim faaliyetlerine ba\u015flam\u0131\u015f, daha sonra <strong>Emin\u00f6n\u00fc Yerle\u015fkesi<\/strong>&#8216;nde \u00e7al\u0131\u015fmalar\u0131n\u0131 s\u00fcrd\u00fcrm\u00fc\u015f ve nihayetinde geli\u015fmi\u015f altyap\u0131 olanaklar\u0131yla donat\u0131lm\u0131\u015f <strong>K\u00fc\u00e7\u00fckyal\u0131 Kamp\u00fcs\u00fc<\/strong>&#8216;nde faaliyetlerine devam etmektedir. Bug\u00fcn, Tekstil ve Moda Tasar\u0131m\u0131 B\u00f6l\u00fcm\u00fc, k\u00f6kl\u00fc ge\u00e7mi\u015finden ald\u0131\u011f\u0131 g\u00fc\u00e7le, yenilik\u00e7i tasar\u0131m anlay\u0131\u015f\u0131n\u0131 \u00e7a\u011fda\u015f teknolojiyle bulu\u015fturarak sekt\u00f6re yarat\u0131c\u0131 ve donan\u0131ml\u0131 tasar\u0131mc\u0131lar kazand\u0131rmay\u0131 hedeflemektedir.<\/p>\n","protected":false},"excerpt":{"rendered":"<p>Tekstil ve Moda Tasar\u0131m\u0131 B\u00f6l\u00fcm\u00fc, 2002 y\u0131l\u0131nda \u0130stanbul Ticaret \u00dcniversitesi b\u00fcnyesinde kurulmu\u015ftur. B\u00f6l\u00fcm\u00fcn ilk Ba\u015fkanl\u0131\u011f\u0131n\u0131 y\u00fcr\u00fcten Prof. Dr. \u0130nci Tezcan, program\u0131n akademik temellerinin at\u0131lmas\u0131nda ve e\u011fitim-\u00f6\u011fretim yap\u0131s\u0131n\u0131n \u015fekillenmesinde \u00f6nemli katk\u0131lar sa\u011flam\u0131\u015ft\u0131r. B\u00f6l\u00fcm\u00fcm\u00fcz\u00fcn ve ayn\u0131 zamanda\u00a0\u00dcniversitemizin kurucu Rekt\u00f6r\u00fc olan Prof. Dr. Sait Sezgener, vizyoner yakla\u015f\u0131m\u0131yla b\u00f6l\u00fcm\u00fcn geli\u015fiminde belirleyici bir rol oynam\u0131\u015ft\u0131r. Kurulu\u015fundan itibaren b\u00f6l\u00fcm\u00fcn teknik altyap\u0131s\u0131n\u0131n [&hellip;]<\/p>\n","protected":false},"author":224,"featured_media":0,"parent":0,"menu_order":0,"comment_status":"closed","ping_status":"closed","template":"genel_sayfa.php","meta":{"footnotes":""},"yoast_head":"<!-- This site is optimized with the Yoast SEO Premium plugin v22.1 (Yoast SEO v22.1) - https:\/\/yoast.com\/wordpress\/plugins\/seo\/ -->\n<title>Tarih\u00e7e - Tekstil ve Moda Tasar\u0131m\u0131<\/title>\n<meta name=\"robots\" content=\"index, follow, max-snippet:-1, max-image-preview:large, max-video-preview:-1\" \/>\n<link rel=\"canonical\" href=\"http:\/\/ticaret.edu.tr\/tekstil-ve-moda-tasarimi\/tarihce\/\" \/>\n<meta property=\"og:locale\" content=\"tr_TR\" \/>\n<meta property=\"og:type\" content=\"article\" \/>\n<meta property=\"og:title\" content=\"Tarih\u00e7e\" \/>\n<meta property=\"og:description\" content=\"Tekstil ve Moda Tasar\u0131m\u0131 B\u00f6l\u00fcm\u00fc, 2002 y\u0131l\u0131nda \u0130stanbul Ticaret \u00dcniversitesi b\u00fcnyesinde kurulmu\u015ftur. B\u00f6l\u00fcm\u00fcn ilk Ba\u015fkanl\u0131\u011f\u0131n\u0131 y\u00fcr\u00fcten Prof. Dr. \u0130nci Tezcan, program\u0131n akademik temellerinin at\u0131lmas\u0131nda ve e\u011fitim-\u00f6\u011fretim yap\u0131s\u0131n\u0131n \u015fekillenmesinde \u00f6nemli katk\u0131lar sa\u011flam\u0131\u015ft\u0131r. B\u00f6l\u00fcm\u00fcm\u00fcz\u00fcn ve ayn\u0131 zamanda\u00a0\u00dcniversitemizin kurucu Rekt\u00f6r\u00fc olan Prof. Dr. Sait Sezgener, vizyoner yakla\u015f\u0131m\u0131yla b\u00f6l\u00fcm\u00fcn geli\u015fiminde belirleyici bir rol oynam\u0131\u015ft\u0131r. Kurulu\u015fundan itibaren b\u00f6l\u00fcm\u00fcn teknik altyap\u0131s\u0131n\u0131n [&hellip;]\" \/>\n<meta property=\"og:url\" content=\"http:\/\/ticaret.edu.tr\/tekstil-ve-moda-tasarimi\/tarihce\/\" \/>\n<meta property=\"og:site_name\" content=\"Tekstil ve Moda Tasar\u0131m\u0131\" \/>\n<meta property=\"article:publisher\" content=\"https:\/\/www.facebook.com\/ticaretedutr\" \/>\n<meta property=\"article:modified_time\" content=\"2025-10-20T07:40:32+00:00\" \/>\n<meta property=\"og:image\" content=\"http:\/\/ticaret.edu.tr\/tekstil-ve-moda-tasarimi\/wp-content\/uploads\/sites\/26\/2021\/11\/web_logo-01.jpg\" \/>\n\t<meta property=\"og:image:width\" content=\"1250\" \/>\n\t<meta property=\"og:image:height\" content=\"833\" \/>\n\t<meta property=\"og:image:type\" content=\"image\/jpeg\" \/>\n<meta name=\"twitter:card\" content=\"summary_large_image\" \/>\n<meta name=\"twitter:site\" content=\"@ticaretedutr\" \/>\n<meta name=\"twitter:label1\" content=\"Tahmini okuma s\u00fcresi\" \/>\n\t<meta name=\"twitter:data1\" content=\"1 dakika\" \/>\n<script type=\"application\/ld+json\" class=\"yoast-schema-graph\">{\"@context\":\"https:\/\/schema.org\",\"@graph\":[{\"@type\":\"WebPage\",\"@id\":\"http:\/\/ticaret.edu.tr\/tekstil-ve-moda-tasarimi\/tarihce\/\",\"url\":\"http:\/\/ticaret.edu.tr\/tekstil-ve-moda-tasarimi\/tarihce\/\",\"name\":\"Tarih\u00e7e - Tekstil ve Moda Tasar\u0131m\u0131\",\"isPartOf\":{\"@id\":\"https:\/\/ticaret.edu.tr\/tekstil-ve-moda-tasarimi\/en\/#website\"},\"datePublished\":\"2025-01-25T20:38:46+00:00\",\"dateModified\":\"2025-10-20T07:40:32+00:00\",\"breadcrumb\":{\"@id\":\"http:\/\/ticaret.edu.tr\/tekstil-ve-moda-tasarimi\/tarihce\/#breadcrumb\"},\"inLanguage\":\"tr\",\"potentialAction\":[{\"@type\":\"ReadAction\",\"target\":[\"http:\/\/ticaret.edu.tr\/tekstil-ve-moda-tasarimi\/tarihce\/\"]}]},{\"@type\":\"BreadcrumbList\",\"@id\":\"http:\/\/ticaret.edu.tr\/tekstil-ve-moda-tasarimi\/tarihce\/#breadcrumb\",\"itemListElement\":[{\"@type\":\"ListItem\",\"position\":1,\"name\":\"Ana sayfa\",\"item\":\"http:\/\/ticaret.edu.tr\/tekstil-ve-moda-tasarimi\/\"},{\"@type\":\"ListItem\",\"position\":2,\"name\":\"Tarih\u00e7e\"}]},{\"@type\":\"WebSite\",\"@id\":\"https:\/\/ticaret.edu.tr\/tekstil-ve-moda-tasarimi\/en\/#website\",\"url\":\"https:\/\/ticaret.edu.tr\/tekstil-ve-moda-tasarimi\/en\/\",\"name\":\"Tekstil ve Moda Tasar\u0131m\u0131\",\"description\":\"\",\"potentialAction\":[{\"@type\":\"SearchAction\",\"target\":{\"@type\":\"EntryPoint\",\"urlTemplate\":\"https:\/\/ticaret.edu.tr\/tekstil-ve-moda-tasarimi\/en\/?s={search_term_string}\"},\"query-input\":\"required name=search_term_string\"}],\"inLanguage\":\"tr\"}]}<\/script>\n<!-- \/ Yoast SEO Premium plugin. -->","yoast_head_json":{"title":"Tarih\u00e7e - Tekstil ve Moda Tasar\u0131m\u0131","robots":{"index":"index","follow":"follow","max-snippet":"max-snippet:-1","max-image-preview":"max-image-preview:large","max-video-preview":"max-video-preview:-1"},"canonical":"http:\/\/ticaret.edu.tr\/tekstil-ve-moda-tasarimi\/tarihce\/","og_locale":"tr_TR","og_type":"article","og_title":"Tarih\u00e7e","og_description":"Tekstil ve Moda Tasar\u0131m\u0131 B\u00f6l\u00fcm\u00fc, 2002 y\u0131l\u0131nda \u0130stanbul Ticaret \u00dcniversitesi b\u00fcnyesinde kurulmu\u015ftur. B\u00f6l\u00fcm\u00fcn ilk Ba\u015fkanl\u0131\u011f\u0131n\u0131 y\u00fcr\u00fcten Prof. Dr. \u0130nci Tezcan, program\u0131n akademik temellerinin at\u0131lmas\u0131nda ve e\u011fitim-\u00f6\u011fretim yap\u0131s\u0131n\u0131n \u015fekillenmesinde \u00f6nemli katk\u0131lar sa\u011flam\u0131\u015ft\u0131r. B\u00f6l\u00fcm\u00fcm\u00fcz\u00fcn ve ayn\u0131 zamanda\u00a0\u00dcniversitemizin kurucu Rekt\u00f6r\u00fc olan Prof. Dr. Sait Sezgener, vizyoner yakla\u015f\u0131m\u0131yla b\u00f6l\u00fcm\u00fcn geli\u015fiminde belirleyici bir rol oynam\u0131\u015ft\u0131r. Kurulu\u015fundan itibaren b\u00f6l\u00fcm\u00fcn teknik altyap\u0131s\u0131n\u0131n [&hellip;]","og_url":"http:\/\/ticaret.edu.tr\/tekstil-ve-moda-tasarimi\/tarihce\/","og_site_name":"Tekstil ve Moda Tasar\u0131m\u0131","article_publisher":"https:\/\/www.facebook.com\/ticaretedutr","article_modified_time":"2025-10-20T07:40:32+00:00","og_image":[{"width":1250,"height":833,"url":"http:\/\/ticaret.edu.tr\/tekstil-ve-moda-tasarimi\/wp-content\/uploads\/sites\/26\/2021\/11\/web_logo-01.jpg","type":"image\/jpeg"}],"twitter_card":"summary_large_image","twitter_site":"@ticaretedutr","twitter_misc":{"Tahmini okuma s\u00fcresi":"1 dakika"},"schema":{"@context":"https:\/\/schema.org","@graph":[{"@type":"WebPage","@id":"http:\/\/ticaret.edu.tr\/tekstil-ve-moda-tasarimi\/tarihce\/","url":"http:\/\/ticaret.edu.tr\/tekstil-ve-moda-tasarimi\/tarihce\/","name":"Tarih\u00e7e - Tekstil ve Moda Tasar\u0131m\u0131","isPartOf":{"@id":"https:\/\/ticaret.edu.tr\/tekstil-ve-moda-tasarimi\/en\/#website"},"datePublished":"2025-01-25T20:38:46+00:00","dateModified":"2025-10-20T07:40:32+00:00","breadcrumb":{"@id":"http:\/\/ticaret.edu.tr\/tekstil-ve-moda-tasarimi\/tarihce\/#breadcrumb"},"inLanguage":"tr","potentialAction":[{"@type":"ReadAction","target":["http:\/\/ticaret.edu.tr\/tekstil-ve-moda-tasarimi\/tarihce\/"]}]},{"@type":"BreadcrumbList","@id":"http:\/\/ticaret.edu.tr\/tekstil-ve-moda-tasarimi\/tarihce\/#breadcrumb","itemListElement":[{"@type":"ListItem","position":1,"name":"Ana sayfa","item":"http:\/\/ticaret.edu.tr\/tekstil-ve-moda-tasarimi\/"},{"@type":"ListItem","position":2,"name":"Tarih\u00e7e"}]},{"@type":"WebSite","@id":"https:\/\/ticaret.edu.tr\/tekstil-ve-moda-tasarimi\/en\/#website","url":"https:\/\/ticaret.edu.tr\/tekstil-ve-moda-tasarimi\/en\/","name":"Tekstil ve Moda Tasar\u0131m\u0131","description":"","potentialAction":[{"@type":"SearchAction","target":{"@type":"EntryPoint","urlTemplate":"https:\/\/ticaret.edu.tr\/tekstil-ve-moda-tasarimi\/en\/?s={search_term_string}"},"query-input":"required name=search_term_string"}],"inLanguage":"tr"}]}},"lang":"tr","translations":{"tr":1320,"en":1322},"pll_sync_post":[],"_links":{"self":[{"href":"http:\/\/ticaret.edu.tr\/tekstil-ve-moda-tasarimi\/wp-json\/wp\/v2\/pages\/1320"}],"collection":[{"href":"http:\/\/ticaret.edu.tr\/tekstil-ve-moda-tasarimi\/wp-json\/wp\/v2\/pages"}],"about":[{"href":"http:\/\/ticaret.edu.tr\/tekstil-ve-moda-tasarimi\/wp-json\/wp\/v2\/types\/page"}],"author":[{"embeddable":true,"href":"http:\/\/ticaret.edu.tr\/tekstil-ve-moda-tasarimi\/wp-json\/wp\/v2\/users\/224"}],"replies":[{"embeddable":true,"href":"http:\/\/ticaret.edu.tr\/tekstil-ve-moda-tasarimi\/wp-json\/wp\/v2\/comments?post=1320"}],"version-history":[{"count":2,"href":"http:\/\/ticaret.edu.tr\/tekstil-ve-moda-tasarimi\/wp-json\/wp\/v2\/pages\/1320\/revisions"}],"predecessor-version":[{"id":1895,"href":"http:\/\/ticaret.edu.tr\/tekstil-ve-moda-tasarimi\/wp-json\/wp\/v2\/pages\/1320\/revisions\/1895"}],"wp:attachment":[{"href":"http:\/\/ticaret.edu.tr\/tekstil-ve-moda-tasarimi\/wp-json\/wp\/v2\/media?parent=1320"}],"curies":[{"name":"wp","href":"https:\/\/api.w.org\/{rel}","templated":true}]}}