{"id":1324,"date":"2025-01-25T23:40:07","date_gmt":"2025-01-25T20:40:07","guid":{"rendered":"https:\/\/ticaret.edu.tr\/tekstil-ve-moda-tasarimi\/?page_id=1324"},"modified":"2025-10-20T16:39:13","modified_gmt":"2025-10-20T13:39:13","slug":"vizyon-misyon","status":"publish","type":"page","link":"http:\/\/ticaret.edu.tr\/tekstil-ve-moda-tasarimi\/vizyon-misyon\/","title":{"rendered":"Vizyon-Misyon"},"content":{"rendered":"<p><strong>Vizyon: <\/strong>G\u00fcn\u00fcm\u00fcz d\u00fcnyas\u0131nda, bir\u00e7ok meslek alan\u0131nda oldu\u011fu gibi tekstil ve moda tasar\u0131m\u0131 alan\u0131nda da rekabet h\u0131zla artmakta ve s\u00fcrekli geli\u015fim gerektirmektedir. Bu do\u011frultuda vizyonumuz; \u00f6\u011frencilerimizin bu dinamik sekt\u00f6rde fark yaratabilecek donan\u0131ma sahip olmalar\u0131n\u0131 sa\u011flamak, tekstil ve moda tasar\u0131m\u0131na ili\u015fkin t\u00fcm altyap\u0131lar\u0131 kapsayan g\u00fc\u00e7l\u00fc ve \u00e7a\u011fda\u015f bir m\u00fcfredatla onlar\u0131 gelece\u011fe haz\u0131rlamakt\u0131r.<\/p>\n<p><strong>Misyon:<\/strong> \u0130stanbul Ticaret \u00dcniversitesi tekstil ve moda tasar\u0131m\u0131 b\u00f6l\u00fcm\u00fc Olarak bizler \u00f6ncelikle T\u00fcrk tekstil ve moda end\u00fcstrisi i\u00e7in Nitelikli, katma de\u011fer yaratacak ve uluslararas\u0131 alanda marka de\u011feri olu\u015fturacak tasar\u0131mc\u0131lar yeti\u015ftirmeyi hedeflemekteyiz.<\/p>\n","protected":false},"excerpt":{"rendered":"<p>Vizyon: G\u00fcn\u00fcm\u00fcz d\u00fcnyas\u0131nda, bir\u00e7ok meslek alan\u0131nda oldu\u011fu gibi tekstil ve moda tasar\u0131m\u0131 alan\u0131nda da rekabet h\u0131zla artmakta ve s\u00fcrekli geli\u015fim gerektirmektedir. Bu do\u011frultuda vizyonumuz; \u00f6\u011frencilerimizin bu dinamik sekt\u00f6rde fark yaratabilecek donan\u0131ma sahip olmalar\u0131n\u0131 sa\u011flamak, tekstil ve moda tasar\u0131m\u0131na ili\u015fkin t\u00fcm altyap\u0131lar\u0131 kapsayan g\u00fc\u00e7l\u00fc ve \u00e7a\u011fda\u015f bir m\u00fcfredatla onlar\u0131 gelece\u011fe haz\u0131rlamakt\u0131r. Misyon: \u0130stanbul Ticaret \u00dcniversitesi tekstil [&hellip;]<\/p>\n","protected":false},"author":224,"featured_media":0,"parent":0,"menu_order":0,"comment_status":"closed","ping_status":"closed","template":"genel_sayfa.php","meta":{"footnotes":""},"yoast_head":"<!-- This site is optimized with the Yoast SEO Premium plugin v22.1 (Yoast SEO v22.1) - https:\/\/yoast.com\/wordpress\/plugins\/seo\/ -->\n<title>Vizyon-Misyon - Tekstil ve Moda Tasar\u0131m\u0131<\/title>\n<meta name=\"robots\" content=\"index, follow, max-snippet:-1, max-image-preview:large, max-video-preview:-1\" \/>\n<link rel=\"canonical\" href=\"http:\/\/ticaret.edu.tr\/tekstil-ve-moda-tasarimi\/vizyon-misyon\/\" \/>\n<meta property=\"og:locale\" content=\"tr_TR\" \/>\n<meta property=\"og:type\" content=\"article\" \/>\n<meta property=\"og:title\" content=\"Vizyon-Misyon\" \/>\n<meta property=\"og:description\" content=\"Vizyon: G\u00fcn\u00fcm\u00fcz d\u00fcnyas\u0131nda, bir\u00e7ok meslek alan\u0131nda oldu\u011fu gibi tekstil ve moda tasar\u0131m\u0131 alan\u0131nda da rekabet h\u0131zla artmakta ve s\u00fcrekli geli\u015fim gerektirmektedir. Bu do\u011frultuda vizyonumuz; \u00f6\u011frencilerimizin bu dinamik sekt\u00f6rde fark yaratabilecek donan\u0131ma sahip olmalar\u0131n\u0131 sa\u011flamak, tekstil ve moda tasar\u0131m\u0131na ili\u015fkin t\u00fcm altyap\u0131lar\u0131 kapsayan g\u00fc\u00e7l\u00fc ve \u00e7a\u011fda\u015f bir m\u00fcfredatla onlar\u0131 gelece\u011fe haz\u0131rlamakt\u0131r. Misyon: \u0130stanbul Ticaret \u00dcniversitesi tekstil [&hellip;]\" \/>\n<meta property=\"og:url\" content=\"http:\/\/ticaret.edu.tr\/tekstil-ve-moda-tasarimi\/vizyon-misyon\/\" \/>\n<meta property=\"og:site_name\" content=\"Tekstil ve Moda Tasar\u0131m\u0131\" \/>\n<meta property=\"article:publisher\" content=\"https:\/\/www.facebook.com\/ticaretedutr\" \/>\n<meta property=\"article:modified_time\" content=\"2025-10-20T13:39:13+00:00\" \/>\n<meta property=\"og:image\" content=\"http:\/\/ticaret.edu.tr\/tekstil-ve-moda-tasarimi\/wp-content\/uploads\/sites\/26\/2021\/11\/web_logo-01.jpg\" \/>\n\t<meta property=\"og:image:width\" content=\"1250\" \/>\n\t<meta property=\"og:image:height\" content=\"833\" \/>\n\t<meta property=\"og:image:type\" content=\"image\/jpeg\" \/>\n<meta name=\"twitter:card\" content=\"summary_large_image\" \/>\n<meta name=\"twitter:site\" content=\"@ticaretedutr\" \/>\n<meta name=\"twitter:label1\" content=\"Tahmini okuma s\u00fcresi\" \/>\n\t<meta name=\"twitter:data1\" content=\"1 dakika\" \/>\n<script type=\"application\/ld+json\" class=\"yoast-schema-graph\">{\"@context\":\"https:\/\/schema.org\",\"@graph\":[{\"@type\":\"WebPage\",\"@id\":\"http:\/\/ticaret.edu.tr\/tekstil-ve-moda-tasarimi\/vizyon-misyon\/\",\"url\":\"http:\/\/ticaret.edu.tr\/tekstil-ve-moda-tasarimi\/vizyon-misyon\/\",\"name\":\"Vizyon-Misyon - Tekstil ve Moda Tasar\u0131m\u0131\",\"isPartOf\":{\"@id\":\"https:\/\/ticaret.edu.tr\/tekstil-ve-moda-tasarimi\/en\/#website\"},\"datePublished\":\"2025-01-25T20:40:07+00:00\",\"dateModified\":\"2025-10-20T13:39:13+00:00\",\"breadcrumb\":{\"@id\":\"http:\/\/ticaret.edu.tr\/tekstil-ve-moda-tasarimi\/vizyon-misyon\/#breadcrumb\"},\"inLanguage\":\"tr\",\"potentialAction\":[{\"@type\":\"ReadAction\",\"target\":[\"http:\/\/ticaret.edu.tr\/tekstil-ve-moda-tasarimi\/vizyon-misyon\/\"]}]},{\"@type\":\"BreadcrumbList\",\"@id\":\"http:\/\/ticaret.edu.tr\/tekstil-ve-moda-tasarimi\/vizyon-misyon\/#breadcrumb\",\"itemListElement\":[{\"@type\":\"ListItem\",\"position\":1,\"name\":\"Ana sayfa\",\"item\":\"http:\/\/ticaret.edu.tr\/tekstil-ve-moda-tasarimi\/\"},{\"@type\":\"ListItem\",\"position\":2,\"name\":\"Vizyon-Misyon\"}]},{\"@type\":\"WebSite\",\"@id\":\"https:\/\/ticaret.edu.tr\/tekstil-ve-moda-tasarimi\/en\/#website\",\"url\":\"https:\/\/ticaret.edu.tr\/tekstil-ve-moda-tasarimi\/en\/\",\"name\":\"Tekstil ve Moda Tasar\u0131m\u0131\",\"description\":\"\",\"potentialAction\":[{\"@type\":\"SearchAction\",\"target\":{\"@type\":\"EntryPoint\",\"urlTemplate\":\"https:\/\/ticaret.edu.tr\/tekstil-ve-moda-tasarimi\/en\/?s={search_term_string}\"},\"query-input\":\"required name=search_term_string\"}],\"inLanguage\":\"tr\"}]}<\/script>\n<!-- \/ Yoast SEO Premium plugin. -->","yoast_head_json":{"title":"Vizyon-Misyon - Tekstil ve Moda Tasar\u0131m\u0131","robots":{"index":"index","follow":"follow","max-snippet":"max-snippet:-1","max-image-preview":"max-image-preview:large","max-video-preview":"max-video-preview:-1"},"canonical":"http:\/\/ticaret.edu.tr\/tekstil-ve-moda-tasarimi\/vizyon-misyon\/","og_locale":"tr_TR","og_type":"article","og_title":"Vizyon-Misyon","og_description":"Vizyon: G\u00fcn\u00fcm\u00fcz d\u00fcnyas\u0131nda, bir\u00e7ok meslek alan\u0131nda oldu\u011fu gibi tekstil ve moda tasar\u0131m\u0131 alan\u0131nda da rekabet h\u0131zla artmakta ve s\u00fcrekli geli\u015fim gerektirmektedir. Bu do\u011frultuda vizyonumuz; \u00f6\u011frencilerimizin bu dinamik sekt\u00f6rde fark yaratabilecek donan\u0131ma sahip olmalar\u0131n\u0131 sa\u011flamak, tekstil ve moda tasar\u0131m\u0131na ili\u015fkin t\u00fcm altyap\u0131lar\u0131 kapsayan g\u00fc\u00e7l\u00fc ve \u00e7a\u011fda\u015f bir m\u00fcfredatla onlar\u0131 gelece\u011fe haz\u0131rlamakt\u0131r. Misyon: \u0130stanbul Ticaret \u00dcniversitesi tekstil [&hellip;]","og_url":"http:\/\/ticaret.edu.tr\/tekstil-ve-moda-tasarimi\/vizyon-misyon\/","og_site_name":"Tekstil ve Moda Tasar\u0131m\u0131","article_publisher":"https:\/\/www.facebook.com\/ticaretedutr","article_modified_time":"2025-10-20T13:39:13+00:00","og_image":[{"width":1250,"height":833,"url":"http:\/\/ticaret.edu.tr\/tekstil-ve-moda-tasarimi\/wp-content\/uploads\/sites\/26\/2021\/11\/web_logo-01.jpg","type":"image\/jpeg"}],"twitter_card":"summary_large_image","twitter_site":"@ticaretedutr","twitter_misc":{"Tahmini okuma s\u00fcresi":"1 dakika"},"schema":{"@context":"https:\/\/schema.org","@graph":[{"@type":"WebPage","@id":"http:\/\/ticaret.edu.tr\/tekstil-ve-moda-tasarimi\/vizyon-misyon\/","url":"http:\/\/ticaret.edu.tr\/tekstil-ve-moda-tasarimi\/vizyon-misyon\/","name":"Vizyon-Misyon - Tekstil ve Moda Tasar\u0131m\u0131","isPartOf":{"@id":"https:\/\/ticaret.edu.tr\/tekstil-ve-moda-tasarimi\/en\/#website"},"datePublished":"2025-01-25T20:40:07+00:00","dateModified":"2025-10-20T13:39:13+00:00","breadcrumb":{"@id":"http:\/\/ticaret.edu.tr\/tekstil-ve-moda-tasarimi\/vizyon-misyon\/#breadcrumb"},"inLanguage":"tr","potentialAction":[{"@type":"ReadAction","target":["http:\/\/ticaret.edu.tr\/tekstil-ve-moda-tasarimi\/vizyon-misyon\/"]}]},{"@type":"BreadcrumbList","@id":"http:\/\/ticaret.edu.tr\/tekstil-ve-moda-tasarimi\/vizyon-misyon\/#breadcrumb","itemListElement":[{"@type":"ListItem","position":1,"name":"Ana sayfa","item":"http:\/\/ticaret.edu.tr\/tekstil-ve-moda-tasarimi\/"},{"@type":"ListItem","position":2,"name":"Vizyon-Misyon"}]},{"@type":"WebSite","@id":"https:\/\/ticaret.edu.tr\/tekstil-ve-moda-tasarimi\/en\/#website","url":"https:\/\/ticaret.edu.tr\/tekstil-ve-moda-tasarimi\/en\/","name":"Tekstil ve Moda Tasar\u0131m\u0131","description":"","potentialAction":[{"@type":"SearchAction","target":{"@type":"EntryPoint","urlTemplate":"https:\/\/ticaret.edu.tr\/tekstil-ve-moda-tasarimi\/en\/?s={search_term_string}"},"query-input":"required name=search_term_string"}],"inLanguage":"tr"}]}},"lang":"tr","translations":{"tr":1324,"en":1326},"pll_sync_post":[],"_links":{"self":[{"href":"http:\/\/ticaret.edu.tr\/tekstil-ve-moda-tasarimi\/wp-json\/wp\/v2\/pages\/1324"}],"collection":[{"href":"http:\/\/ticaret.edu.tr\/tekstil-ve-moda-tasarimi\/wp-json\/wp\/v2\/pages"}],"about":[{"href":"http:\/\/ticaret.edu.tr\/tekstil-ve-moda-tasarimi\/wp-json\/wp\/v2\/types\/page"}],"author":[{"embeddable":true,"href":"http:\/\/ticaret.edu.tr\/tekstil-ve-moda-tasarimi\/wp-json\/wp\/v2\/users\/224"}],"replies":[{"embeddable":true,"href":"http:\/\/ticaret.edu.tr\/tekstil-ve-moda-tasarimi\/wp-json\/wp\/v2\/comments?post=1324"}],"version-history":[{"count":3,"href":"http:\/\/ticaret.edu.tr\/tekstil-ve-moda-tasarimi\/wp-json\/wp\/v2\/pages\/1324\/revisions"}],"predecessor-version":[{"id":1943,"href":"http:\/\/ticaret.edu.tr\/tekstil-ve-moda-tasarimi\/wp-json\/wp\/v2\/pages\/1324\/revisions\/1943"}],"wp:attachment":[{"href":"http:\/\/ticaret.edu.tr\/tekstil-ve-moda-tasarimi\/wp-json\/wp\/v2\/media?parent=1324"}],"curies":[{"name":"wp","href":"https:\/\/api.w.org\/{rel}","templated":true}]}}